-- Table structure for table `codono_footer`
--

CREATE TABLE IF NOT EXISTS `codono_footer` (
  `id` int(11) UNSIGNED NOT NULL AUTO_INCREMENT COMMENT 'ID AUTO INC',
  `pid` int(10) NOT NULL DEFAULT 0 COMMENT 'parent',
  `name` varchar(255) NOT NULL COMMENT 'name',
  `title` varchar(255) NOT NULL COMMENT 'name',
  `url` varchar(255) NOT NULL COMMENT 'url',
  `ico` varchar(30) DEFAULT NULL COMMENT 'Font awesome Icon',
  `mobile_ico` varchar(50) DEFAULT NULL COMMENT 'mobile icons',
  `featured` varchar(30) DEFAULT NULL COMMENT 'featured block',
  `subtext` varchar(60) DEFAULT NULL,
  `sort` int(11) UNSIGNED NOT NULL COMMENT 'Sequence',
  `addtime` int(11) UNSIGNED NOT NULL COMMENT 'add time',
  `endtime` int(11) UNSIGNED NOT NULL DEFAULT 0 COMMENT 'Edit time',
  `is_external` tinyint(1) NOT NULL DEFAULT 0,
  `status` tinyint(4) NOT NULL DEFAULT 1 COMMENT 'status',
  PRIMARY KEY (`id`)
) ENGINE=InnoDB AUTO_INCREMENT=32 DEFAULT CHARSET=utf8mb3 ROW_FORMAT=DYNAMIC;

--
-- Dumping data for table `codono_footer`
--

INSERT INTO `codono_footer` (`id`, `pid`, `name`, `title`, `url`, `ico`, `mobile_ico`, `featured`, `subtext`, `sort`, `addtime`, `endtime`, `is_external`, `status`) VALUES
(1, 0, 'finance', 'Finance', 'Finance/index', NULL, NULL, NULL, NULL, 1, 0, 0, 0, -1),
(2, 0, 'user', 'User', 'User/index', NULL, NULL, NULL, NULL, 2, 0, 0, 0, -1),
(4, 0, 'Blog', 'News', 'Article/index', '', NULL, NULL, NULL, 7, 0, 0, 0, -1),
(6, 24, 'Store', 'Store', 'Store/index', 'ion-md-lock', NULL, NULL, NULL, 5, 0, 0, 0, 1),
(7, 24, 'Vote', 'Vote', 'Vote/index', 'ion-md-lock', NULL, NULL, NULL, 6, 0, 0, 0, 1),
(8, 0, 'ICO', 'ICO', 'Issue/index', NULL, NULL, NULL, NULL, 4, 1474183878, 0, 0, -1),
(15, 20, 'Spot', 'Spot', 'Trade', 'ion-md-lock', NULL, '', 'Trade on our award-winning platform', 3, 1522312746, 0, 0, 1),
(16, 0, 'System Health', 'Health', 'Content/health', 'heartbeat', NULL, NULL, NULL, 10, 1524302866, 0, 0, -1),
(18, 0, 'Mining', 'Mining', 'Pool', '', NULL, NULL, NULL, 20, 1619506686, 0, 0, -1),
(19, 31, 'Swap', 'Swap', 'Otc', 'exchange', '', 'New', 'Easy Trade', 10, 1619518072, 0, 0, 1),
(20, 0, 'Trade', 'Trade', 'Trade', '', NULL, NULL, NULL, 30, 1630916925, 0, 0, 1),
(21, 0, 'Market', 'Market', 'Content/market', '', NULL, NULL, NULL, 3, 1631095835, 0, 0, 1),

(23, 31, 'Lab', 'Lab', 'Issue', 'flask', '', 'Innovate', 'Blockchain Research and Investments', 10, 1633007654, 0, 0, 1),
(24, 0, 'About', 'About', '#', '', '', '', '', 20, 1633007905, 0, 0, 1),
(25, 24, 'Apps', 'Apps', 'Content/apps', 'ion-md-lock', NULL, NULL, NULL, 0, 1633008047, 0, 0, 1),
(29, 0, ' ', ' ', '#', 'cube', '', '', '', 0, 1675323619, 0, 1, -1),
(30, 0, 'Mining', 'Mining', 'Pool', 'heavy-metal', '', 'Mine to Earn', 'Rent mining machines', 0, 1675366471, 0, 1, 1),
(31, 0, 'Product', 'Product', '#', NULL, NULL, NULL, NULL, 0, 1676019870, 0, 0, 1);

-- --------------------------------------------------------

--
-- Table structure for table `codono_fx`
--

CREATE TABLE IF NOT EXISTS `codono_fx` (
  `id` int(11) UNSIGNED NOT NULL AUTO_INCREMENT,
  `name` varchar(255) DEFAULT NULL,
  `coinname` varchar(50) DEFAULT NULL,
  `num` decimal(20,8) UNSIGNED DEFAULT 0.00000000,
  `deal_buy` decimal(20,8) UNSIGNED DEFAULT 0.00000000 COMMENT 'total bought yet',
  `deal_sell` decimal(20,8) NOT NULL DEFAULT 0.00000000 COMMENT 'total sold yet',
  `limit` decimal(20,8) UNSIGNED DEFAULT 0.00000000,
  `min` decimal(20,8) UNSIGNED DEFAULT 0.00000000,
  `max` decimal(20,8) UNSIGNED DEFAULT 0.00000000,
  `addtime` int(11) UNSIGNED DEFAULT NULL,
  `endtime` int(11) UNSIGNED DEFAULT NULL,
  `sort` int(5) NOT NULL DEFAULT 0,
  `ownerid` int(11) DEFAULT 0 COMMENT 'Fee userid',
  `commission` decimal(20,8) UNSIGNED DEFAULT 0.00000000,
  `buy_commission` decimal(20,8) NOT NULL DEFAULT 0.00000000,
  `sell_commission` decimal(20,8) NOT NULL DEFAULT 0.00000000,
  `tier_1` decimal(5,2) NOT NULL DEFAULT 0.00 COMMENT 'fx commission for tier 1',
  `tier_2` decimal(5,2) NOT NULL DEFAULT 0.00 COMMENT 'fx commission for tier 2',
  `tier_3` decimal(5,2) NOT NULL DEFAULT 0.00 COMMENT 'fx commission for tier 3',
  `fees` decimal(20,8) UNSIGNED DEFAULT 0.00000000,
  `status` tinyint(1) DEFAULT 0,
  PRIMARY KEY (`id`),
  KEY `status` (`status`),
  KEY `name` (`name`),
  KEY `coinname` (`coinname`)
) ENGINE=InnoDB AUTO_INCREMENT=13 DEFAULT CHARSET=utf8mb3 COMMENT='fx Coin table';

--
-- Dumping data for table `codono_fx`
--

INSERT INTO `codono_fx` (`id`, `name`, `coinname`, `num`, `deal_buy`, `deal_sell`, `limit`, `min`, `max`, `addtime`, `endtime`, `sort`, `ownerid`, `commission`, `buy_commission`, `sell_commission`, `tier_1`, `tier_2`, `tier_3`, `fees`, `status`) VALUES
(12, 'usd', 'usd', '0.00000000', '347.00000000', '0.00000000', '0.00000000', '10.00000000', '10000.00000000', 1636965208, NULL, 0, 0, '0.00000000', '1.00000000', '1.00000000', '0.00', '0.00', '0.00', '0.00000000', 1);

-- --------------------------------------------------------

--
-- Table structure for table `codono_fx_bank`
--

CREATE TABLE IF NOT EXISTS `codono_fx_bank` (
  `id` int(11) NOT NULL AUTO_INCREMENT,
  `userid` int(11) DEFAULT NULL,
  `coin` varchar(10) DEFAULT NULL,
  `truename` varchar(60) DEFAULT NULL,
  `bank` varchar(200) DEFAULT NULL,
  `bankaddr` varchar(200) DEFAULT NULL,
  `bankcard` varchar(150) DEFAULT NULL,
  `addtime` int(11) DEFAULT NULL,
  `status` int(1) NOT NULL DEFAULT 0,
  PRIMARY KEY (`id`)
) ENGINE=InnoDB AUTO_INCREMENT=4 DEFAULT CHARSET=utf8mb3;

--
-- Dumping data for table `codono_fx_bank`
--

INSERT INTO `codono_fx_bank` (`id`, `userid`, `coin`, `truename`, `bank`, `bankaddr`, `bankcard`, `addtime`, `status`) VALUES
(2, 38, 'zar', 'Martin R', 'Bank of America', 'B73438483', '3843849893489', 1636968217, 1),
(3, 38, 'zar', 'Martin R', 'Bank of America', 'BOF872378343jj', '9845749857498754', 1637041150, 1);

-- --------------------------------------------------------

--
-- Table structure for table `codono_fx_log`
--

CREATE TABLE IF NOT EXISTS `codono_fx_log` (
  `id` int(11) UNSIGNED NOT NULL AUTO_INCREMENT,
  `qid` varchar(24) NOT NULL DEFAULT '0_0' COMMENT 'uid_time',
  `userid` int(11) UNSIGNED DEFAULT NULL,
  `type` varchar(10) DEFAULT NULL COMMENT 'type = buy/sell',
  `trade_coin` varchar(7) DEFAULT NULL COMMENT 'coin bought or sold',
  `base_coin` varchar(7) DEFAULT NULL COMMENT 'base coin',
  `final_price` decimal(20,8) UNSIGNED DEFAULT 0.00000000,
  `profit` decimal(20,8) DEFAULT 0.00000000 COMMENT 'commission earned ',
  `fees_paid` decimal(20,8) DEFAULT 0.00000000 COMMENT 'fees earned',
  `qty` decimal(20,8) UNSIGNED DEFAULT 0.00000000 COMMENT 'qty',
  `final_total` decimal(20,8) UNSIGNED DEFAULT 0.00000000 COMMENT 'price x num',
  `bank` text DEFAULT NULL COMMENT 'bank info in json',
  `addtime` int(11) UNSIGNED DEFAULT NULL,
  `endtime` int(11) UNSIGNED DEFAULT NULL,
  `status` tinyint(1) DEFAULT 0,
  `fill` tinyint(1) DEFAULT 0,
  `memo` varchar(50) DEFAULT NULL COMMENT 'bank payment info',
  PRIMARY KEY (`id`),
  KEY `userid` (`userid`),
  KEY `status` (`status`)
) ENGINE=InnoDB AUTO_INCREMENT=23 DEFAULT CHARSET=utf8mb3 COMMENT='fx trade records';

--
-- Dumping data for table `codono_fx_log`
--

INSERT INTO `codono_fx_log` (`id`, `qid`, `userid`, `type`, `trade_coin`, `base_coin`, `final_price`, `profit`, `fees_paid`, `qty`, `final_total`, `bank`, `addtime`, `endtime`, `status`, `fill`, `memo`) VALUES
(21, '38_1637042771', 38, 'buy', 'usd', 'zar', '15.00000000', '15.00000000', '0.00000000', '100.00000000', '1538.00000000', '{\"id\":\"2\",\"userid\":\"38\",\"coin\":\"zar\",\"truename\":\"Martin R\",\"bank\":\"Bank of America\",\"bankaddr\":\"B73438483\",\"bankcard\":\"3843849893489\",\"addtime\":\"1636968217\",\"status\":\"1\"}', 1637042771, NULL, 1, 1, 'abc123'),
(22, '38_1637051517', 38, 'buy', 'usd', 'zar', '15.00000000', '15.00000000', '0.00000000', '100.00000000', '1538.00000000', '{\"id\":\"3\",\"userid\":\"38\",\"coin\":\"zar\",\"truename\":\"Martin R\",\"bank\":\"Bank of America\",\"bankaddr\":\"BOF872378343jj\",\"bankcard\":\"9845749857498754\",\"addtime\":\"1637041150\",\"status\":\"1\"}', 1637051517, NULL, 1, 1, NULL);

-- --------------------------------------------------------

--
-- Table structure for table `codono_fx_quotes`
--

CREATE TABLE IF NOT EXISTS `codono_fx_quotes` (
  `id` int(11) NOT NULL AUTO_INCREMENT,
  `qid` varchar(30) DEFAULT NULL,
  `data` text DEFAULT NULL COMMENT 'quote information',
  PRIMARY KEY (`id`)
) ENGINE=InnoDB AUTO_INCREMENT=127 DEFAULT CHARSET=utf8mb3;

--
-- Dumping data for table `codono_fx_quotes`
--

INSERT INTO `codono_fx_quotes` (`id`, `qid`, `data`) VALUES
(123, '38_1637042610', '{\"qid\":\"38_1637042610\",\"trade_type\":\"buy\",\"trade\":\"usd\",\"base\":\"zar\",\"symbol\":\"usdzar\",\"qty\":\"65.16932845\",\"final_price\":\"15.37533106\",\"final_total\":1002,\"profit\":\"9.92079138\",\"addtime\":1637042610,\"bankinfo\":{\"id\":\"3\",\"userid\":\"38\",\"coin\":\"zar\",\"truename\":\"Martin R\",\"bank\":\"Bank of America\",\"bankaddr\":\"BOF872378343jj\",\"bankcard\":\"9845749857498754\",\"addtime\":\"1637041150\",\"status\":\"1\"}}'),
(124, '38_1637042771', '{\"qid\":\"38_1637042771\",\"trade_type\":\"buy\",\"trade\":\"usd\",\"base\":\"zar\",\"symbol\":\"usdzar\",\"qty\":100,\"final_price\":\"15.37533106\",\"final_total\":1538,\"profit\":\"15.22309900\",\"addtime\":1637042771,\"bankinfo\":{\"id\":\"2\",\"userid\":\"38\",\"coin\":\"zar\",\"truename\":\"Martin R\",\"bank\":\"Bank of America\",\"bankaddr\":\"B73438483\",\"bankcard\":\"3843849893489\",\"addtime\":\"1636968217\",\"status\":\"1\"}}'),
(125, '0', '{\"qid\":0,\"trade_type\":\"buy\",\"trade\":\"usd\",\"base\":\"zar\",\"symbol\":\"usdzar\",\"qty\":1000,\"final_price\":\"15.37533106\",\"final_total\":15375,\"profit\":\"152.23099000\",\"addtime\":1637051209,\"bankinfo\":{\"id\":\"3\",\"userid\":\"38\",\"coin\":\"zar\",\"truename\":\"Martin R\",\"bank\":\"Bank of America\",\"bankaddr\":\"BOF872378343jj\",\"bankcard\":\"9845749857498754\",\"addtime\":\"1637041150\",\"status\":\"1\"}}'),
(126, '38_1637051517', '{\"qid\":\"38_1637051517\",\"trade_type\":\"buy\",\"trade\":\"usd\",\"base\":\"zar\",\"symbol\":\"usdzar\",\"qty\":100,\"final_price\":\"15.37533106\",\"final_total\":1538,\"profit\":\"15.22309900\",\"addtime\":1637051517,\"bankinfo\":{\"id\":\"3\",\"userid\":\"38\",\"coin\":\"zar\",\"truename\":\"Martin R\",\"bank\":\"Bank of America\",\"bankaddr\":\"BOF872378343jj\",\"bankcard\":\"9845749857498754\",\"addtime\":\"1637041150\",\"status\":\"1\"}}');

-- --------------------------------------------------------

--
-- Table structure for table `codono_giftcard`
--

CREATE TABLE IF NOT EXISTS `codono_giftcard` (
  `id` int(11) NOT NULL AUTO_INCREMENT,
  `owner_id` int(11) NOT NULL DEFAULT 0,
  `coin` varchar(30) DEFAULT '0',
  `card_img` varchar(40) DEFAULT NULL COMMENT 'card image url',
  `public_code` varchar(34) DEFAULT NULL COMMENT 'public code',
  `secret_code` varchar(120) DEFAULT NULL COMMENT 'secret code',
  `value` decimal(20,8) NOT NULL DEFAULT 0.00000000,
  `nonce` int(11) DEFAULT NULL,
  `addtime` int(11) DEFAULT NULL,
  `consumer_id` int(11) NOT NULL DEFAULT 0 COMMENT 'use who consumed',
  `usetime` int(11) DEFAULT NULL,
  `status` tinyint(1) NOT NULL DEFAULT 0 COMMENT '0=invalid, 1 =avail, 2=consumed',
  PRIMARY KEY (`id`)
) ENGINE=InnoDB AUTO_INCREMENT=26 DEFAULT CHARSET=utf8mb3;

--
-- Dumping data for table `codono_giftcard`
--

INSERT INTO `codono_giftcard` (`id`, `owner_id`, `coin`, `card_img`, `public_code`, `secret_code`, `value`, `nonce`, `addtime`, `consumer_id`, `usetime`, `status`) VALUES
(10, 382, 'usdt', '1', '163257202265', 'bjR2Z3QyQnNCa2FvR2o5ZzlZbTBheG5MWDl3aWZLZjlLZnNQeG40Y0dtMD0=', '1.11000000', 1632572012, 1632572022, 382, 1632581522, 2),
(11, 382, 'usdt', '8', '163257409246', 'elY4R1FTT25aSm1sUjhYZVAyRCtwRUNoc1Bza3pjd2w3SGh0MjA0WERRMD0=', '4.00000000', 1632574083, 1632574092, 0, NULL, 1),
(12, 382, 'eth', '2', '163257410320', 'b0hOVWJXODRGS2F2cHZ2Z1lVR2hyYUQ1UTVYZkQ2SldWTlpjMnJreFhPWT0=', '0.10000000', 1632574092, 1632574103, 382, 1632579374, 2),
(13, 382, 'btc', '2', '163257411701', 'Y2RxL1lzVTc0V2c2YjNUQ1ducTl0OWhoTVkveEhRVG1YWEJBWHg0WUFSMD0=', '0.01000000', 1632574103, 1632574117, 382, 1632642850, 2),
(14, 382, 'doge', '8', '163257412931', 'ODJqZ3ltU1plQ21jZmsraWN2WVJUaVZuK01XTHdoQWQ3dmpUMm5oaXhvaz0=', '1000.00000000', 1632574118, 1632574129, 382, 1632643218, 2),
(15, 38, 'eth', '9', '38163481012109', 'TFdaSVZ5Tmh5eis5RnY0b0N2ZEFKbm9zSCtYZUZxeWJSdWIzNDNic1NLaz0=', '0.25000000', 1634810103, 1634810121, 38, 1634810214, 2),
(16, 38, 'usd', '9', '38163481081831', 'NDVUcVlZYkwzMGo1aVVUTEtyY3JWSzdpMm1hcnI3T3FLWkZuV1IwYzVoUT0=', '3.56788523', 1634810322, 1634810818, 38, 1680625753, 2),
(17, 38, 'bnb', '9', '38167863136874', 'VjN5M1l5Vm5uWXZ6UVUzeXNwaGdZV0Y3azFkRWpyTVRyUm9aQXZTMlNpZz0=', '0.27766554', 1678631357, 1678631368, 38, 1678631375, 2),
(18, 38, 'btc', '9', '38168062515255', 'QVN1eVdYTlB1WFBWTXkxWFA2dFcxc0JvMk9tZ2Jocm9jSWZNTVd6WHU4UT0=', '0.02000000', 1680625142, 1680625152, 38, 1680625765, 2),
(19, 38, 'usdt', '9', '38168062517515', 'RkpOZDVSd3VzK3k2dGxoS2VhWWFZZi8zWHZtdkFKMWhhOERDS3V4N2grZz0=', '1226.64228942', 1680625163, 1680625175, 38, 1711531101, 2),
(20, 38, 'waves', '3', '38168062574307', 'QzEzVFkxQmtUM1dvOHZzOUp2b3hrTTQwR2phYnRGNmlIQVNudko4MHJDMD0=', '5.32127850', 1680625663, 1680625743, 38, 1687942688, 2),
(21, 3, 'ugx', '9', '3168449467848', 'bW9XczVyL2V0UmcrRkVEQkFsTVhKSWFnNWNPb3JtTy9JQVhqUmtpaG1vdz0=', '726.52888906', 1684494621, 1684494678, 0, NULL, 1),
(22, 38, 'usdt', '9', '38168794296973', 'VklaWVBGN3hlOXdVYlFtZVFVdUlTc2syOVJHTG51ZmYvb1FqTkN6VHRFWT0=', '200.00000000', 1687942852, 1687942969, 38, 1689244056, 2),
(23, 38, 'btc', '9', '38169331410838', 'dmgwMmVqaVdVdE9TR2FwRDBwcnNKbzMrQU8yUnBKSEZrRkF4a2R1SjJXRT0=', '0.00834500', 1693314101, 1693314108, 38, 1693314125, 2),
(24, 38, 'usdt', '1', '38172379886849', 'K0U0YlVhQlhYbnVBRHdJdEN5OU94UzZsRGNQRjUzUHJ0bzRJMkRRVVlTcz0=', '20.50000000', 123, 1723798868, 38, 1724231343, 2),
(25, 38, 'usd', '9', '38172587573126', 'dUQ5WU9ROGc4K3AzZVZoUzlzYkZSRFZwRXZ1cmJObTNONVkwMGZHbG1Qcz0=', '305.60000000', 1725875720, 1725875731, 0, NULL, 1);

-- --------------------------------------------------------

--
-- Table structure for table `codono_giftcard_images`
--

CREATE TABLE IF NOT EXISTS `codono_giftcard_images` (
  `id` int(11) NOT NULL AUTO_INCREMENT,
  `title` varchar(30) DEFAULT NULL,
  `image` varchar(30) DEFAULT NULL,
  `sort` int(5) NOT NULL DEFAULT 0 COMMENT 'sorting order',
  `addtime` int(11) DEFAULT NULL,
  `status` tinyint(1) NOT NULL DEFAULT 0,
  PRIMARY KEY (`id`)
) ENGINE=InnoDB AUTO_INCREMENT=10 DEFAULT CHARSET=utf8mb3;

--
-- Dumping data for table `codono_giftcard_images`
--

INSERT INTO `codono_giftcard_images` (`id`, `title`, `image`, `sort`, `addtime`, `status`) VALUES
(1, 'Birthday', '1.png', 0, NULL, 1),
(2, 'New year', '2.png', 0, NULL, 1),
(3, 'XMas', '3.png', 0, NULL, 1),
(4, 'Sale Offer', '4.png', 0, NULL, 1),
(5, 'Technofest', '5.png', 0, NULL, 1),
(6, 'Dragon Fight', '6.png', 0, NULL, 1),
(7, 'Ninja Tech', '7.png', 0, NULL, 1),
(8, 'Vision Nation', '8.png', 0, 1634460803, 1),
(9, 'Omega', '616d1aef25817.png', 11, 1634568944, 1);

-- --------------------------------------------------------

--
-- Table structure for table `codono_initial`
--

CREATE TABLE IF NOT EXISTS `codono_initial` (
  `id` int(11) UNSIGNED NOT NULL AUTO_INCREMENT,
  `name` varchar(50) DEFAULT NULL,
  `coinname` varchar(50) DEFAULT NULL,
  `buycoin` varchar(50) DEFAULT NULL,
  `show_coin` varchar(200) DEFAULT NULL COMMENT 'json with coins user can pay in',
  `num` bigint(20) UNSIGNED DEFAULT NULL,
  `deal` int(11) UNSIGNED DEFAULT NULL,
  `price` decimal(20,8) UNSIGNED DEFAULT NULL,
  `limit` int(11) UNSIGNED DEFAULT NULL,
  `time` varchar(40) DEFAULT NULL,
  `tian` int(5) DEFAULT NULL,
  `ci` int(5) DEFAULT NULL,
  `jian` decimal(20,8) DEFAULT 0.00000000,
  `min` decimal(20,8) DEFAULT 0.00000000,
  `max` decimal(20,8) DEFAULT 0.00000000,
  `content` text DEFAULT NULL,
  `invit_coin` varchar(50) DEFAULT NULL,
  `invit_1` decimal(20,8) DEFAULT NULL,
  `invit_2` decimal(20,8) DEFAULT NULL,
  `invit_3` decimal(20,8) DEFAULT NULL,
  `sort` int(11) UNSIGNED DEFAULT NULL,
  `addtime` int(11) UNSIGNED DEFAULT NULL,
  `endtime` int(11) UNSIGNED DEFAULT NULL,
  `status` tinyint(4) DEFAULT NULL,
  `image` varchar(100) DEFAULT NULL,
  `tuijian` tinyint(1) NOT NULL DEFAULT 2,
  `homepage` tinyint(1) NOT NULL DEFAULT 0 COMMENT 'Show on homepage',
  `paixu` int(5) NOT NULL DEFAULT 0,
  `video` varchar(255) DEFAULT NULL,
  `convertcurrency` varchar(30) DEFAULT NULL COMMENT 'currency in which user pays',
  `icobench` varchar(250) DEFAULT NULL,
  `icomark` varchar(250) DEFAULT NULL,
  `trackico` varchar(250) DEFAULT NULL,
  `facebook` varchar(250) DEFAULT NULL,
  `twitter` varchar(250) DEFAULT NULL,
  `telegram` varchar(250) DEFAULT NULL,
  `ownerid` int(10) DEFAULT 0 COMMENT 'ICO owner userid',
  `commission` decimal(20,8) NOT NULL DEFAULT 0.00000000 COMMENT 'Site commission',
  PRIMARY KEY (`id`),
  KEY `status` (`status`),
  KEY `name` (`name`),
  KEY `coinname` (`coinname`)
) ENGINE=InnoDB DEFAULT CHARSET=utf8mb3 COMMENT='IEO issuing table';

-- --------------------------------------------------------

--
-- Table structure for table `codono_initial_log`
--

CREATE TABLE IF NOT EXISTS `codono_initial_log` (
  `id` int(11) UNSIGNED NOT NULL AUTO_INCREMENT,
  `userid` int(11) UNSIGNED DEFAULT NULL,
  `name` varchar(255) DEFAULT NULL,
  `coinname` varchar(50) DEFAULT NULL,
  `buycoin` varchar(50) DEFAULT NULL,
  `convertcurrency` varchar(50) DEFAULT NULL COMMENT 'Coin in which payment was made',
  `price` decimal(20,8) UNSIGNED DEFAULT NULL,
  `convert_price` decimal(20,8) DEFAULT NULL COMMENT 'converted payment',
  `num` int(20) UNSIGNED DEFAULT NULL,
  `mum` decimal(20,8) UNSIGNED DEFAULT NULL,
  `ci` int(11) UNSIGNED DEFAULT NULL,
  `jian` varchar(255) DEFAULT NULL,
  `unlock` int(11) UNSIGNED DEFAULT NULL,
  `sort` int(11) UNSIGNED DEFAULT NULL,
  `addtime` int(11) UNSIGNED DEFAULT NULL,
  `endtime` int(11) UNSIGNED DEFAULT NULL,
  `status` int(4) DEFAULT NULL,
  PRIMARY KEY (`id`),
  KEY `userid` (`userid`),
  KEY `status` (`status`)
) ENGINE=InnoDB DEFAULT CHARSET=utf8mb3 COMMENT='IEO record form';

-- --------------------------------------------------------

--
-- Table structure for table `codono_initial_timeline`
--

CREATE TABLE IF NOT EXISTS `codono_initial_timeline` (
  `id` int(11) NOT NULL AUTO_INCREMENT,
  `initial_id` int(11) DEFAULT NULL,
  `phase_time` varchar(255) DEFAULT NULL,
  `phase_name` varchar(255) DEFAULT NULL,
  `phase_desc` varchar(255) DEFAULT NULL,
  `sort` int(11) NOT NULL DEFAULT 0,
  `status` tinyint(4) NOT NULL DEFAULT 1,
  PRIMARY KEY (`id`)
) ENGINE=InnoDB DEFAULT CHARSET=utf8mb3;

-- --------------------------------------------------------

--
-- Table structure for table `codono_invit`
--

CREATE TABLE IF NOT EXISTS `codono_invit` (
  `id` int(11) UNSIGNED NOT NULL AUTO_INCREMENT,
  `userid` int(11) UNSIGNED DEFAULT NULL,
  `invit` int(11) UNSIGNED DEFAULT NULL,
  `name` varchar(50) DEFAULT NULL,
  `type` varchar(50) DEFAULT NULL,
  `coin` varchar(30) DEFAULT NULL,
  `num` decimal(20,8) UNSIGNED DEFAULT NULL,
  `mum` decimal(20,8) UNSIGNED DEFAULT NULL,
  `fee` decimal(20,8) UNSIGNED DEFAULT NULL,
  `sort` int(11) UNSIGNED DEFAULT NULL,
  `addtime` int(11) UNSIGNED DEFAULT NULL,
  `endtime` int(11) UNSIGNED DEFAULT NULL,
  `status` tinyint(4) DEFAULT NULL,
  PRIMARY KEY (`id`),
  KEY `userid` (`userid`),
  KEY `invit` (`invit`),
  KEY `status` (`status`)
) ENGINE=InnoDB AUTO_INCREMENT=105 DEFAULT CHARSET=utf8mb3 COMMENT='Promotion reward table';

-- --------------------------------------------------------

--
-- Table structure for table `codono_issue`
--

CREATE TABLE IF NOT EXISTS `codono_issue` (
  `id` int(11) UNSIGNED NOT NULL AUTO_INCREMENT,
  `name` varchar(50) DEFAULT NULL,
  `coinname` varchar(50) DEFAULT NULL,
  `buycoin` varchar(50) DEFAULT NULL,
  `show_coin` varchar(200) DEFAULT NULL COMMENT 'json with coins user can pay in',
  `num` bigint(20) UNSIGNED DEFAULT NULL,
  `deal` int(11) UNSIGNED DEFAULT NULL,
  `price` decimal(20,8) UNSIGNED DEFAULT NULL,
  `limit` int(11) UNSIGNED DEFAULT NULL,
  `time` varchar(40) DEFAULT NULL,
  `tian` int(5) DEFAULT NULL,
  `ci` int(5) DEFAULT NULL,
  `jian` decimal(20,8) DEFAULT 0.00000000,
  `min` decimal(20,8) DEFAULT 0.00000000,
  `max` decimal(20,8) DEFAULT 0.00000000,
  `content` text DEFAULT NULL,
  `invit_coin` varchar(50) DEFAULT NULL,
  `invit_1` decimal(20,8) DEFAULT NULL,
  `invit_2` decimal(20,8) DEFAULT NULL,
  `invit_3` decimal(20,8) DEFAULT NULL,
  `sort` int(11) UNSIGNED DEFAULT NULL,
  `addtime` int(11) UNSIGNED DEFAULT NULL,
  `endtime` int(11) UNSIGNED DEFAULT NULL,
  `status` tinyint(4) DEFAULT NULL,
  `image` varchar(100) DEFAULT NULL,
  `tuijian` tinyint(1) NOT NULL DEFAULT 2,
  `homepage` tinyint(1) NOT NULL DEFAULT 0 COMMENT 'Show on homepage',
  `paixu` int(5) NOT NULL DEFAULT 0,
  `video` varchar(255) DEFAULT NULL,
  `convertcurrency` varchar(30) DEFAULT NULL COMMENT 'currency in which user pays',
  `icobench` varchar(250) DEFAULT NULL,
  `icomark` varchar(250) DEFAULT NULL,
  `trackico` varchar(250) DEFAULT NULL,
  `facebook` varchar(250) DEFAULT NULL,
  `twitter` varchar(250) DEFAULT NULL,
  `telegram` varchar(250) DEFAULT NULL,
  `ownerid` int(10) DEFAULT 0 COMMENT 'ICO owner userid',
  `commission` decimal(20,8) NOT NULL DEFAULT 0.00000000 COMMENT 'Site commission',
  PRIMARY KEY (`id`),
  KEY `status` (`status`),
  KEY `name` (`name`),
  KEY `coinname` (`coinname`)
) ENGINE=InnoDB AUTO_INCREMENT=13 DEFAULT CHARSET=utf8mb3 COMMENT='ICO issuing table';

--
-- Dumping data for table `codono_issue`
--

INSERT INTO `codono_issue` (`id`, `name`, `coinname`, `buycoin`, `show_coin`, `num`, `deal`, `price`, `limit`, `time`, `tian`, `ci`, `jian`, `min`, `max`, `content`, `invit_coin`, `invit_1`, `invit_2`, `invit_3`, `sort`, `addtime`, `endtime`, `status`, `image`, `tuijian`, `homepage`, `paixu`, `video`, `convertcurrency`, `icobench`, `icomark`, `trackico`, `facebook`, `twitter`, `telegram`, `ownerid`, `commission`) VALUES
(5, 'ANASTOMS', 'ast', 'usd', NULL, 21000000, 21000000, '0.20000000', 10000000, '2017-08-01 00:00:00', 365, 0, '0.00000000', '10.00000000', '10000000.00000000', '', 'usd', '3.00000000', '2.00000000', '1.00000000', 0, 1571304704, 0, 1, '59846ad70be5f.png', 2, 0, 2, '', 'usd', '', '', '', '', '', '', 0, '0.00000000'),
(6, 'MTC', 'btc', 'eth', '[\"btc\",\"usdt\"]', 21000000, 10002000, '0.20000000', 1000, '2017-08-01 00:00:00', 365, 0, '0.00000000', '1000.00000000', '1000.00000000', '\r\n 	What is mitcoin?\r\n \r\n \r\n 	mitcoin is an experimental new digital currency that enables instant payments to anyone, anywhere in the world. mitcoin uses peer-to-peer technology to operate with no central authority: managing transactions and issuing money are carried out collectively by the network. mitcoin Core is the name of open source software which enables the use of this currency.\r\n \r\n \r\n 	For more information, as well as an immediately useable, binary version of the mitcoin Core software, see&amp;nbsp;https://www.mitcoin.org/en/download.\r\n \r\n \r\n 	License\r\n \r\n \r\n 	mitcoin Core is released under the terms of the MIT license. See&amp;nbsp;COPYING&amp;nbsp;for more information or see&amp;nbsp;http://opensource.org/licenses/MIT.\r\n \r\n \r\n 	Development process\r\n \r\n \r\n 	Developers work in their own trees, then submit pull requests when they think their feature or bug fix is ready.\r\n \r\n \r\n 	If it is a simple/trivial/non-controversial change, then one of the mitcoin development team members simply pulls it.\r\n \r\n \r\n 	If it is a&amp;nbsp;more complicated or potentially controversial&amp;nbsp;change, then the patch submitter will be asked to start a discussion (if they havent already) on the&amp;nbsp;mailing list\r\n \r\n \r\n 	The patch will be accepted if there is broad consensus that it is a good thing. Developers should expect to rework and resubmit patches if the code doesnt match the projects coding conventions (see&amp;nbsp;doc/developer-notes.md) or are controversial.\r\n \r\n \r\n 	The&amp;nbsp;master&amp;nbsp;branch is regularly built and tested, but is not guaranteed to be completely stable.&amp;nbsp;Tags&amp;nbsp;are created regularly to indicate new official, stable release versions of mitcoin.\r\n \r\n \r\n 	Testing\r\n \r\n \r\n 	Testing and code review is the bottleneck for development; we get more pull requests than we can review and test on short notice. Please be patient and help out by testing other peoples pull requests, and remember this is a security-critical project where any mistake might cost people lots of money.\r\n ', 'usd', '0.00000000', '0.00000000', '0.00000000', 0, 1677824717, 0, 1, '5ae81e86dc758.jpg', 2, 0, 1, '', NULL, '', '', '', '', '', '', 0, '0.00000000'),
(7, 'GRIN ICO', 'grin', 'eth', '[\"btc\",\"eth\",\"usdt\"]', 10000, 4611, '1.00000000', 1000000, '2020-03-07 19:13:07', 180, 0, '0.00000000', '1.00000000', '100000.00000000', '&lt;div class=&quot;whitelist row&quot; style=&quot;margin-left:-20px;color:#333333;font-family:lato, sans-serif;font-size:15px;background-color:#FFFFFF;&quot;&gt;\r\n 	&lt;div class=&quot;col-xs-12 col-md-3 dim&quot; style=&quot;color:#BDC3C7;&quot;&gt;\r\n 		Whitelist\r\n 	&lt;/div&gt;\r\n 	&lt;div class=&quot;col-xs-12 col-md-9&quot;&gt;\r\n 		No\r\n 	&lt;/div&gt;\r\n &lt;/div&gt;\r\n &lt;div class=&quot;token-sale-hard-cap row&quot; style=&quot;margin-left:-20px;color:#333333;font-family:lato, sans-serif;font-size:15px;background-color:#FFFFFF;&quot;&gt;\r\n 	&lt;div class=&quot;col-xs-12 col-md-3 dim&quot; style=&quot;color:#BDC3C7;&quot;&gt;\r\n 		Token Sale Hard Cap\r\n 	&lt;/div&gt;\r\n 	&lt;div class=&quot;col-xs-12 col-md-9&quot;&gt;\r\n 		TBD\r\n 	&lt;/div&gt;\r\n &lt;/div&gt;\r\n &lt;div class=&quot;token-sale-soft-cap row&quot; style=&quot;margin-left:-20px;color:#333333;font-family:lato, sans-serif;font-size:15px;background-color:#FFFFFF;&quot;&gt;\r\n 	&lt;div class=&quot;col-xs-12 col-md-3 dim&quot; style=&quot;color:#BDC3C7;&quot;&gt;\r\n 		Token Sale Soft Cap\r\n 	&lt;/div&gt;\r\n 	&lt;div class=&quot;col-xs-12 col-md-9&quot;&gt;\r\n 		TBD\r\n 	&lt;/div&gt;\r\n &lt;/div&gt;\r\n &lt;div class=&quot;token-symbol row&quot; style=&quot;margin-left:-20px;color:#333333;font-family:lato, sans-serif;font-size:15px;background-color:#FFFFFF;&quot;&gt;\r\n 	&lt;div class=&quot;col-xs-12 col-md-3 dim&quot; style=&quot;color:#BDC3C7;&quot;&gt;\r\n 		Token Symbol\r\n 	&lt;/div&gt;\r\n 	&lt;div class=&quot;col-xs-12 col-md-9&quot;&gt;\r\n 		POWR\r\n 	&lt;/div&gt;\r\n &lt;/div&gt;\r\n &lt;div class=&quot;token-type row&quot; style=&quot;margin-left:-20px;color:#333333;font-family:lato, sans-serif;font-size:15px;background-color:#FFFFFF;&quot;&gt;\r\n 	&lt;div class=&quot;col-xs-12 col-md-3 dim&quot; style=&quot;color:#BDC3C7;&quot;&gt;\r\n 		Token Type\r\n 	&lt;/div&gt;\r\n 	&lt;div class=&quot;col-xs-12 col-md-9&quot;&gt;\r\n 		ERC20, Ethereum\r\n 	&lt;/div&gt;\r\n &lt;/div&gt;\r\n &lt;div class=&quot;token-distribution row&quot; style=&quot;margin-left:-20px;color:#333333;font-family:lato, sans-serif;font-size:15px;background-color:#FFFFFF;&quot;&gt;\r\n 	&lt;div class=&quot;col-xs-12 col-md-3 dim&quot; style=&quot;color:#BDC3C7;&quot;&gt;\r\n 		Token Distribution\r\n 	&lt;/div&gt;\r\n 	&lt;div class=&quot;col-xs-12 col-md-9&quot;&gt;\r\n 		70% Platform dev  operations 15 % General overhead costs 15% Marketing\r\n 	&lt;/div&gt;\r\n &lt;/div&gt;\r\n &lt;div class=&quot;initial_token-price row&quot; style=&quot;margin-left:-20px;color:#333333;font-family:lato, sans-serif;font-size:15px;background-color:#FFFFFF;&quot;&gt;\r\n 	&lt;div class=&quot;col-xs-12 col-md-3 dim&quot; style=&quot;color:#BDC3C7;&quot;&gt;\r\n 		Initial Token Price\r\n 	&lt;/div&gt;\r\n 	&lt;div class=&quot;col-xs-12 col-md-9&quot;&gt;\r\n 		1 POWR = 0.0838 USD\r\n 	&lt;/div&gt;\r\n &lt;/div&gt;\r\n &lt;div class=&quot;kyc row&quot; style=&quot;margin-left:-20px;color:#333333;font-family:lato, sans-serif;font-size:15px;background-color:#FFFFFF;&quot;&gt;\r\n 	&lt;div class=&quot;col-xs-12 col-md-3 dim&quot; style=&quot;color:#BDC3C7;&quot;&gt;\r\n 		KYC\r\n 	&lt;/div&gt;\r\n 	&lt;div class=&quot;col-xs-12 col-md-9&quot;&gt;\r\n 		No\r\n 	&lt;/div&gt;\r\n &lt;/div&gt;\r\n &lt;div class=&quot;particpation-restrictions row&quot; style=&quot;margin-left:-20px;color:#333333;font-family:lato, sans-serif;font-size:15px;background-color:#FFFFFF;&quot;&gt;\r\n 	&lt;div class=&quot;col-xs-12 col-md-3 dim&quot; style=&quot;color:#BDC3C7;&quot;&gt;\r\n 		Participation Restrictions\r\n 	&lt;/div&gt;\r\n 	&lt;div class=&quot;col-xs-12 col-md-9&quot;&gt;\r\n 		USA  China\r\n 	&lt;/div&gt;\r\n &lt;/div&gt;\r\n &lt;div class=&quot;accepts row&quot; style=&quot;margin-left:-20px;color:#333333;font-family:lato, sans-serif;font-size:15px;background-color:#FFFFFF;&quot;&gt;\r\n 	&lt;div class=&quot;col-xs-12 col-md-3 dim&quot; style=&quot;color:#BDC3C7;&quot;&gt;\r\n 		Accepts\r\n 	&lt;/div&gt;\r\n 	&lt;div class=&quot;col-xs-12 col-md-9&quot;&gt;\r\n 		ETH, BTC, LTC\r\n 	&lt;/div&gt;\r\n &lt;/div&gt;', 'usd', '5.00000000', '4.00000000', '3.00000000', NULL, 1648882056, NULL, 1, '5ab0f8d883978.jpg', 2, 1, 10, '', 'btc', '', '', '', '', '', '', 51, '50.00000000'),
(8, 'Arcona', 'eth', 'usd', '[\"btc\",\"eth\",\"xrp\"]', 12500000, 9001000, '1.00000000', 10000, '2023-03-08 19:14:23', 120, 0, '0.00000000', '10.00000000', '1000.00000000', '\r\n 	\r\n 		\r\n 			Arcona is an Augmented Reality Ecosystem which is based on the usage of blockchain technology to merge both the virtual world with the real world. Irrespective of location, users around the globe can link up with each other in this world of virtual and augmented reality - this enables the execution of virtual projects from anywhere around the globe without the need for users to leave the comfort of their homes.\r\n 		\r\n 		\r\n 			\r\n 		\r\n 	\r\n ', 'usd', '5.00000000', '0.00000000', '3.00000000', NULL, 1677825301, NULL, 1, '5af57bf59e408.png', 2, 1, 10, '', 'usd', '', '', '', '', '', '', 0, '0.00000000'),
(9, 'Electronium Launch', 'etn', 'usd', '[\"btc\",\"eth\",\"usdt\",\"dash\"]', 36800000, 16801460, '0.00100000', 10000, '2024-02-18 15:49:34', 1000, 0, '0.00000000', '10.00000000', '10000.00000000', '\r\n 	ICC Device is providing a hardware crypto wallet which enables you can&#39;t&nbsp;generate and create passwords when you need it. ICC Device is very particularly about the security of your crypto assets as such its products are of state-of-the-art and top notch secure technological standards.&nbsp; &nbsp;\r\n \r\n \r\n 	Hello\r\n \r\n \r\n 	It is also easy to use so that even when you forget your password, you are able to follow simple steps and perform tasks only known to you to recover your passwords and gain access to your digital assets.\r\n ', 'usd', '10.00000000', '0.00000000', '1.00000000', NULL, 1718465449, NULL, 1, '5af58aa8e4138.png', 2, 0, 0, 'HkglJzuuAcg', 'eth', 'alphax', 'alphax', 'blabber', 'https://www.facebook.com/alphaxofficialsupport/', 'https://twitter.com/alphax_official', 'https://t.me/alphaxcommunity', 51, '10.50000000'),
(11, 'Shuttle Swap', 'css', 'usdtr', NULL, 100000000, 150, '1.00000000', 50000000, '2023-05-21 00:22:04', 5, 0, '30.00000000', '500.00000000', '10000.00000000', 'Shuttle Swap\r\n Shuttle Swap is Part of Btcix Ecosystem. Btcix Ecosystem is a Type of Coin with an Evm-Based Structure and Can Carry 3 Modes. For example POA , POW , POS\r\n \r\n Coin Shuttle Swap [CSS] is a token without its own blockchain. The most actual price for one Coin Shuttle Swap [CSS] is $2.08. Coin Shuttle Swap is listed on 1 exchanges with a sum of 1 active markets. The 24h volume of [CSS] is $589 956, while the Coinamp;amp;nbsp;...', 'btcix', '0.00000000', '0.00000000', '0.00000000', NULL, 1684618032, NULL, 1, '645238c4d1355.png', 2, 1, 100, '', 'btcix', 'Coin Shuttle Swap', '', '', '#', '#', '#', 500, '0.00000000'),
(12, 'Lukoil', 'lukoil', 'btcix', NULL, 1000000, 5, '1.00000000', 500000, '2023-05-21 00:27:14', 5, 0, '0.00000000', '0.00000000', '0.00000000', '', 'btc', '0.00000000', '0.00000000', '0.00000000', NULL, 1684618227, NULL, 1, '64693b9e11848.png', 2, 1, 1, '', NULL, 'Lukoil To The Moon', NULL, NULL, '#', '#', '#', 0, '10.00000000');

-- --------------------------------------------------------

--
-- Table structure for table `codono_issue_log`
--

CREATE TABLE IF NOT EXISTS `codono_issue_log` (
  `id` int(11) UNSIGNED NOT NULL AUTO_INCREMENT,
  `userid` int(11) UNSIGNED DEFAULT NULL,
  `name` varchar(255) DEFAULT NULL,
  `coinname` varchar(50) DEFAULT NULL,
  `buycoin` varchar(50) DEFAULT NULL,
  `convertcurrency` varchar(50) DEFAULT NULL COMMENT 'Coin in which payment was made',
  `price` decimal(20,8) UNSIGNED DEFAULT NULL,
  `convert_price` decimal(20,8) DEFAULT NULL COMMENT 'converted payment',
  `num` int(20) UNSIGNED DEFAULT NULL,
  `mum` decimal(20,8) UNSIGNED DEFAULT NULL,
  `ci` int(11) UNSIGNED DEFAULT NULL,
  `jian` varchar(255) DEFAULT NULL,
  `unlock` int(11) UNSIGNED DEFAULT NULL,
  `sort` int(11) UNSIGNED DEFAULT NULL,
  `addtime` int(11) UNSIGNED DEFAULT NULL,
  `endtime` int(11) UNSIGNED DEFAULT NULL,
  `status` int(4) DEFAULT NULL,
  PRIMARY KEY (`id`),
  KEY `userid` (`userid`),
  KEY `status` (`status`)
) ENGINE=InnoDB AUTO_INCREMENT=67 DEFAULT CHARSET=utf8mb3 COMMENT='ICO record form';

--
-- Dumping data for table `codono_issue_log`
--

INSERT INTO `codono_issue_log` (`id`, `userid`, `name`, `coinname`, `buycoin`, `convertcurrency`, `price`, `convert_price`, `num`, `mum`, `ci`, `jian`, `unlock`, `sort`, `addtime`, `endtime`, `status`) VALUES
(19, 382, 'Token', 'bbt', 'usdt', 'usdt', '0.00000010', '0.00000000', 100, '0.00000000', 0, '0', 1, NULL, 1630140004, 1630140004, 0),
(20, 382, 'Token', 'bbt', 'usdt', 'usdt', '0.00000010', '0.00000010', 1001, '0.00010010', 0, '0', 1, NULL, 1630140207, 1630140207, 0),
(21, 382, 'ICC', 'etn', 'usd', 'eth', '100.00000000', '0.03086000', 10, '0.30860000', 0, '0', 1, NULL, 1630143419, 1630143419, 0),
(22, 382, 'Token', 'bbt', 'usdt', 'usdt', '0.00000010', '0.00000010', 1000333, '0.10003330', 0, '0', 1, NULL, 1630143438, 1630143438, 0),
(23, 382, 'ICC', 'etn', 'usd', 'eth', '100.00000000', '0.03440800', 10, '0.34408000', 0, '0', 1, NULL, 1633007436, 1633007436, 0),
(24, 38, 'ICC', 'etn', 'usd', 'eth', '0.00100000', '0.00000040', 10, '0.00000400', 0, '0', 1, NULL, 1643985306, 1643985306, 0),
(25, 38, 'ICC', 'etn', 'usd', 'eth', '0.00100000', '0.00000040', 10, '0.00000400', 0, '0', 1, NULL, 1643986280, 1643986280, 0),
(26, 38, 'ICC', 'etn', 'usd', 'eth', '0.00100000', '0.00000040', 10, '0.00000400', 0, '0', 1, NULL, 1643986481, 1643986481, 0),
(27, 38, 'ICC', 'etn', 'usd', 'btc', '0.00100000', '0.00000002', 11, '0.00000022', 0, '0', 1, NULL, 1643986888, 1643986888, 0),
(28, 38, 'ICC', 'etn', 'usd', 'trx', '0.00100000', '0.01806119', 1000, '18.06119000', 0, '0', 1, NULL, 1643989437, 1643989437, 0),
(29, 38, 'ICC', 'etn', 'usd', 'trx', '0.00100000', '0.01806119', 100, '1.80611900', 0, '0', 1, NULL, 1643989472, 1643989472, 0),
(30, 38, 'ICC', 'etn', 'usd', 'btc', '0.00100000', '0.00000004', 1000, '0.00004000', 0, '0.00000000', 1, NULL, 1677826317, 1677826317, 0),
(51, 38, 'Electronium Launch', 'etn', 'usd', 'usdt', '0.00100000', '0.00099899', 199, '0.19879901', 0, '0.00000000', 1, NULL, 1708342448, 1708342448, 0),
(55, 38, 'Electronium Launch', 'etn', 'usd', 'usdt', '0.00100000', '0.00099899', 100, '0.09989900', 0, '0.00000000', 1, NULL, 1708344806, 1708344806, 0),
(66, 38, 'Electronium Launch', 'etn', 'usd', 'usdt', '0.00100000', '0.00099899', 10, '0.00998990', 0, '0.00000000', 1, NULL, 1725261550, 1725261550, 0);

-- --------------------------------------------------------

--
-- Table structure for table `codono_issue_timeline`
--

CREATE TABLE IF NOT EXISTS `codono_issue_timeline` (
  `id` int(11) NOT NULL AUTO_INCREMENT,
  `issue_id` int(11) DEFAULT NULL,
  `phase_time` varchar(255) DEFAULT NULL,
  `phase_name` varchar(255) DEFAULT NULL,
  `phase_desc` varchar(255) DEFAULT NULL,
  `sort` int(11) NOT NULL DEFAULT 0,
  `status` tinyint(4) NOT NULL DEFAULT 1,
  PRIMARY KEY (`id`)
) ENGINE=InnoDB AUTO_INCREMENT=11 DEFAULT CHARSET=utf8mb3;

--
-- Dumping data for table `codono_issue_timeline`
--

INSERT INTO `codono_issue_timeline` (`id`, `issue_id`, `phase_time`, `phase_name`, `phase_desc`, `sort`, `status`) VALUES
(1, 5, '2018 Q4', 'Development', 'ICO Wallet Development', 0, 1),
(4, 5, 'Q4 2018', 'Wallet Realease', 'We will release wallet in this phase', 0, 1),
(9, 5, '2018 Q4', 'Development', 'ICO Wallet Development', 0, 1),
(10, 5, '2018 Q4', 'Developmentxe', 'ICO Wallet Development', 0, 1);

-- --------------------------------------------------------

--
-- Table structure for table `codono_lever`
--

CREATE TABLE IF NOT EXISTS `codono_lever` (
  `id` int(11) NOT NULL AUTO_INCREMENT,
  `userid` int(11) NOT NULL,
  `currency` varchar(30) NOT NULL,
  `b_order` varchar(30) NOT NULL,
  `borrow` decimal(20,8) NOT NULL DEFAULT 0.00000000,
  `interest` decimal(20,8) NOT NULL DEFAULT 0.00000000,
  `interest_fee` decimal(20,8) NOT NULL DEFAULT 0.00000000,
  `new_price` decimal(20,8) NOT NULL DEFAULT 0.00000000,
  `dy_coin` varchar(30) DEFAULT NULL,
  `status` tinyint(1) NOT NULL DEFAULT 0,
  `addtime` int(11) DEFAULT 0,
  `endtime` int(11) DEFAULT 0,
  `r_order` varchar(30) DEFAULT NULL,
  `repayment` decimal(20,8) NOT NULL DEFAULT 0.00000000,
  PRIMARY KEY (`id`)
) ENGINE=InnoDB AUTO_INCREMENT=6 DEFAULT CHARSET=utf8mb3;

--
-- Dumping data for table `codono_lever`
--

INSERT INTO `codono_lever` (`id`, `userid`, `currency`, `b_order`, `borrow`, `interest`, `interest_fee`, `new_price`, `dy_coin`, `status`, `addtime`, `endtime`, `r_order`, `repayment`) VALUES
(1, 38, 'btc', '331674617624903', '5.02380000', '0.00251190', '0.05000000', '26924.79000000', 'btc', 1, 1680267461, 0, NULL, '0.00000000'),
(2, 38, 'btc', '331676965555228', '0.00200000', '0.00000100', '0.05000000', '26924.79000000', 'btc', 1, 1680267696, 0, NULL, '0.00000000'),
(3, 38, 'btc', '331677040576757', '0.00020000', '0.00000010', '0.05000000', '26924.79000000', 'btc', 1, 1680267704, 0, NULL, '0.00000000'),
(4, 38, 'btc', '331677090581377', '0.00020000', '0.00000010', '0.05000000', '26924.79000000', 'btc', 1, 1680267709, 0, NULL, '0.00000000'),
(5, 38, 'usdt', '331677143978270', '2.00000000', '0.00100000', '0.05000000', '0.00000000', 'usdt', 1, 1680267714, 0, NULL, '0.00000000');

-- --------------------------------------------------------

--
-- Table structure for table `codono_lever_coin`
--

CREATE TABLE IF NOT EXISTS `codono_lever_coin` (
  `id` int(11) NOT NULL AUTO_INCREMENT,
  `userid` int(11) NOT NULL DEFAULT 0,
  `name` varchar(30) DEFAULT NULL,
  `market` varchar(30) DEFAULT NULL,
  `yue` decimal(20,8) NOT NULL DEFAULT 0.00000000 COMMENT 'avail balance quote example btc',
  `yued` decimal(20,8) NOT NULL DEFAULT 0.00000000 COMMENT 'frozen balance quote example btc',
  `p_yue` decimal(20,8) NOT NULL DEFAULT 0.00000000 COMMENT 'avail balance base example usdt',
  `p_yued` decimal(20,8) NOT NULL DEFAULT 0.00000000 COMMENT 'frozen balance base example usdt',
  `borrow` decimal(20,8) NOT NULL DEFAULT 0.00000000,
  `p_borrow` decimal(20,8) NOT NULL DEFAULT 0.00000000,
  `jz` decimal(20,8) NOT NULL DEFAULT 0.00000000,
  PRIMARY KEY (`id`)
) ENGINE=InnoDB AUTO_INCREMENT=2 DEFAULT CHARSET=utf8mb3;

--
-- Dumping data for table `codono_lever_coin`
--

INSERT INTO `codono_lever_coin` (`id`, `userid`, `name`, `market`, `yue`, `yued`, `p_yue`, `p_yued`, `borrow`, `p_borrow`, `jz`) VALUES
(1, 38, NULL, 'btc_usdt', '5.58188690', '0.00000000', '1356.99900000', '0.00000000', '5.02368690', '1.99900000', '0.00000000');

-- --------------------------------------------------------

--
-- Table structure for table `codono_link`
--

CREATE TABLE IF NOT EXISTS `codono_link` (
  `id` int(11) UNSIGNED NOT NULL AUTO_INCREMENT,
  `name` varchar(200) DEFAULT NULL,
  `title` varchar(200) DEFAULT NULL,
  `url` varchar(200) DEFAULT NULL,
  `img` varchar(200) DEFAULT NULL,
  `mytx` varchar(200) DEFAULT NULL,
  `remark` varchar(50) DEFAULT NULL,
  `sort` int(11) UNSIGNED DEFAULT NULL,
  `addtime` int(11) UNSIGNED DEFAULT NULL,
  `endtime` int(11) UNSIGNED DEFAULT NULL,
  `status` int(4) DEFAULT NULL,
  PRIMARY KEY (`id`),
  KEY `status` (`status`),
  KEY `name` (`name`)
) ENGINE=InnoDB AUTO_INCREMENT=60 DEFAULT CHARSET=utf8mb3 COMMENT='Common Bank Address';

--
-- Dumping data for table `codono_link`
--

INSERT INTO `codono_link` (`id`, `name`, `title`, `url`, `img`, `mytx`, `remark`, `sort`, `addtime`, `endtime`, `status`) VALUES
(50, 'Banner1', 'Banner1', 'https://codono.com', '1.png', NULL, NULL, 0, 1631030813, 1631030819, 1),
(51, 'Banner2', 'Banner2', 'https://codono.com', '2.png', NULL, NULL, 0, 1522762059, 1522762059, 1),
(52, 'Banner3', 'Banner3', 'https://codono.com', '3.png', NULL, NULL, 0, 1522762249, 1522762249, 1),
(53, 'Banner4', 'Banner4', '', '4.png', NULL, NULL, 0, 1631030883, 1631002087, 1),
(56, 'Banner5', 'Banner5', 'https://codono.com', '5.png', NULL, NULL, 0, 1631030813, 1631030819, 1),
(57, 'Banner6', 'Banner6', 'https://codono.com', '6.png', NULL, NULL, 0, 1522762059, 1522762059, 1),
(58, 'Banner7', 'Banner7', 'https://codono.com', '1.png', NULL, NULL, 0, 1522762249, 1522762249, 1),
(59, 'Banner8', 'Banner8', '', '4.png', NULL, NULL, 0, 1631030883, 1631002087, 1);

-- --------------------------------------------------------

--
-- Table structure for table `codono_log`
--

CREATE TABLE IF NOT EXISTS `codono_log` (
  `id` int(11) UNSIGNED NOT NULL AUTO_INCREMENT,
  `userid` int(11) UNSIGNED DEFAULT NULL,
  `coinname` varchar(50) DEFAULT NULL,
  `name` varchar(255) DEFAULT NULL,
  `price` decimal(20,8) UNSIGNED DEFAULT NULL,
  `num` int(20) UNSIGNED DEFAULT NULL,
  `mum` decimal(20,8) UNSIGNED DEFAULT NULL,
  `unlock` int(11) UNSIGNED DEFAULT NULL,
  `ci` int(11) UNSIGNED DEFAULT NULL,
  `recycle` int(11) UNSIGNED DEFAULT NULL,
  `sort` int(11) UNSIGNED DEFAULT NULL,
  `addtime` int(11) UNSIGNED DEFAULT NULL,
  `endtime` int(11) UNSIGNED DEFAULT NULL,
  `status` int(4) DEFAULT NULL,
  PRIMARY KEY (`id`),
  KEY `status` (`status`),
  KEY `userid` (`userid`),
  KEY `coinname` (`coinname`)
) ENGINE=InnoDB DEFAULT CHARSET=utf8mb3;

-- --------------------------------------------------------

--
-- Table structure for table `codono_market`
--

CREATE TABLE IF NOT EXISTS `codono_market` (
  `id` int(11) UNSIGNED NOT NULL AUTO_INCREMENT,
  `name` varchar(25) DEFAULT NULL,
  `ownerid` int(11) NOT NULL DEFAULT 0 COMMENT 'ownerid where commission goes',
  `round` tinyint(2) UNSIGNED DEFAULT 8,
  `fee_buy` decimal(20,8) DEFAULT 0.00000000,
  `fee_sell` decimal(20,8) DEFAULT 0.00000000,
  `buy_min` decimal(20,8) DEFAULT 0.00000000,
  `buy_max` decimal(25,8) DEFAULT 0.00000000,
  `sell_min` decimal(25,8) DEFAULT 0.00000000,
  `sell_max` decimal(25,8) DEFAULT 0.00000000,
  `trade_min` decimal(25,8) DEFAULT 0.00000000,
  `trade_max` decimal(25,8) DEFAULT 0.00000000,
  `invit_buy` tinyint(1) DEFAULT 0,
  `invit_sell` tinyint(1) DEFAULT 0,
  `invit_1` decimal(10,4) NOT NULL DEFAULT 0.0000,
  `invit_2` decimal(10,4) NOT NULL DEFAULT 0.0000,
  `invit_3` decimal(10,4) NOT NULL DEFAULT 0.0000,
  `zhang` varchar(255) DEFAULT NULL,
  `die` varchar(255) DEFAULT NULL,
  `hou_price` decimal(25,8) DEFAULT 0.00000000,
  `tendency` varchar(1000) DEFAULT NULL,
  `trade` int(11) UNSIGNED DEFAULT 0,
  `new_price` decimal(20,8) UNSIGNED DEFAULT 0.00000000,
  `buy_price` decimal(20,8) UNSIGNED DEFAULT 0.00000000,
  `sell_price` decimal(20,8) UNSIGNED DEFAULT 0.00000000,
  `min_price` decimal(20,8) UNSIGNED DEFAULT 0.00000000,
  `max_price` decimal(20,8) UNSIGNED DEFAULT 0.00000000,
  `volume` decimal(40,12) DEFAULT 0.000000000000,
  `change` decimal(20,8) DEFAULT 0.00000000,
  `api_min` decimal(20,8) UNSIGNED NOT NULL DEFAULT 0.00000000,
  `api_max` decimal(20,8) UNSIGNED DEFAULT 0.00000000,
  `api_max_qty` decimal(20,8) NOT NULL DEFAULT 0.00000000 COMMENT 'max qty for selfengine ',
  `begintrade` varchar(8) DEFAULT '00:00:00',
  `endtrade` varchar(8) DEFAULT '23:59:59',
  `sort` int(11) UNSIGNED DEFAULT 0,
  `addtime` int(11) UNSIGNED DEFAULT 0,
  `endtime` int(11) UNSIGNED DEFAULT NULL,
  `status` tinyint(1) DEFAULT 0,
  `switch` tinyint(1) NOT NULL DEFAULT 1 COMMENT '0=only market trade, 1 all on',
  `auto_match` tinyint(1) NOT NULL DEFAULT 1 COMMENT 'use automatic matching engine',
  `jiaoyiqu` tinyint(1) DEFAULT NULL,
  `market_ico_price` float(8,2) NOT NULL DEFAULT 0.00 COMMENT 'Issue price',
  `ext_price_update` tinyint(1) NOT NULL DEFAULT 1,
  `ext_fake_trades` tinyint(1) NOT NULL DEFAULT 0 COMMENT 'generate  fake trade logs',
  `ext_orderbook` tinyint(1) NOT NULL DEFAULT 0,
  `socket_type` tinyint(1) NOT NULL DEFAULT 0 COMMENT '0=ajax 1=huobi 2=selfengine',
  `socket_pair` varchar(20) DEFAULT NULL COMMENT 'external market pair mapping',
  `orderbook_markup` decimal(10,6) DEFAULT 0.000000,
  `ext_charts` tinyint(1) NOT NULL DEFAULT 0,
  `charts_symbol` varchar(35) DEFAULT NULL,
  `xtrade` tinyint(1) NOT NULL DEFAULT 0 COMMENT 'allow cross trading',
  PRIMARY KEY (`id`),
  KEY `name` (`name`)
) ENGINE=InnoDB AUTO_INCREMENT=487 DEFAULT CHARSET=utf8mb3 COMMENT='Quotes configuration table';

--
-- Dumping data for table `codono_market`
--

INSERT INTO `codono_market` (`id`, `name`, `ownerid`, `round`, `fee_buy`, `fee_sell`, `buy_min`, `buy_max`, `sell_min`, `sell_max`, `trade_min`, `trade_max`, `invit_buy`, `invit_sell`, `invit_1`, `invit_2`, `invit_3`, `zhang`, `die`, `hou_price`, `tendency`, `trade`, `new_price`, `buy_price`, `sell_price`, `min_price`, `max_price`, `volume`, `change`, `api_min`, `api_max`, `api_max_qty`, `begintrade`, `endtrade`, `sort`, `addtime`, `endtime`, `status`, `switch`, `auto_match`, `jiaoyiqu`, `market_ico_price`, `ext_price_update`, `ext_fake_trades`, `ext_orderbook`, `socket_type`, `socket_pair`, `orderbook_markup`, `ext_charts`, `charts_symbol`, `xtrade`) VALUES
(5, 'eth_try', 0, 3, '0.12500000', '0.13000000', '0.01000000', '10000000.00000000', '0.00000100', '10000000.00000000', '0.00000100', '10000000.00000000', 0, 0, '3.0000', '2.0000', '1.0000', '', '', NULL, '[[1665732676,0],[1665747076,0],[1665761476,0],[1665775876,0],[1665790276,0],[1665804676,0],[1665819076,0],[1665833476,0],[1665847876,0],[1665862276,0],[1665876676,0],[1665891076,0],[1665905476,0],[1665919876,0],[1665934276,0],[1665948676,0],[1665963076,0],[1665977476,0],[1665991876,0]]', 1, '113606.00000000', '113608.00000000', '113592.00000000', '112859.00000000', '118867.00000000', '955.551300000000', '-0.40900000', '0.00000000', '0.00000000', '0.00000000', '00:00:00', '23:59:00', 0, 0, 0, 1, 1, 1, 3, 0.00, 1, 0, 1, 2, 'ethusdt', '2.000000', 1, 'ETHTRY', 1),
(6, 'etc_try', 0, 3, '0.00000001', '0.00000000', '0.01000000', '10000000.00000000', '0.01000000', '10000000.00000000', '100.00000000', '10000000.00000000', 1, 1, '3.0000', '2.0000', '1.0000', '', '', NULL, '[[1665732676,0],[1665747076,0],[1665761476,0],[1665775876,0],[1665790276,0],[1665804676,0],[1665819076,0],[1665833476,0],[1665847876,0],[1665862276,0],[1665876676,0],[1665891076,0],[1665905476,0],[1665919876,0],[1665934276,0],[1665948676,0],[1665963076,0],[1665977476,0],[1665991876,0]]', 1, '837.80000000', '834.60000000', '831.40000000', '827.30000000', '867.00000000', '1185.525000000000', '-0.25000000', '0.00000000', '0.00000000', '0.00000000', '00:00:00', '23:59:00', 0, 0, 0, 1, 1, 1, 3, 0.00, 1, 0, 1, 2, '', '2.000000', 1, 'ETCTRY', 0),
(7, 'ltc_try', 0, 3, '0.10000000', '0.12500000', '0.01000000', '10000000.00000000', '0.01000000', '10000000.00000000', '100.00000000', '10000000.00000000', 1, 1, '3.0000', '2.0000', '1.0000', '', '', NULL, '[[1665732676,0],[1665747076,0],[1665761476,0],[1665775876,0],[1665790276,0],[1665804676,0],[1665819076,0],[1665833476,0],[1665847876,0],[1665862276,0],[1665876676,0],[1665891076,0],[1665905476,0],[1665919876,0],[1665934276,0],[1665948676,0],[1665963076,0],[1665977476,0],[1665991876,0]]', 1, '122.40000000', '122.40000000', '122.30000000', '110.30000000', '123.20000000', '658416.303000000000', '8.70300000', '0.00000000', '0.00000000', '0.00000000', '00:00:00', '23:59:00', 0, 0, 0, 1, 1, 1, 3, 0.00, 1, 0, 2, 0, NULL, '2.000000', 1, 'LTCTRY', 0),
(13, 'eth_btc', 0, 6, '0.90000000', '0.10000000', '0.01000000', '10000000.00000000', '0.01000000', '10000000.00000000', '0.01000000', '10000000.00000000', 0, 0, '3.0000', '2.0000', '1.0000', '', '', NULL, '[[1665732677,0],[1665747077,0],[1665761477,0],[1665775877,0],[1665790277,0],[1665804677,0],[1665819077,0],[1665833477,0],[1665847877,0],[1665862277,0],[1665876677,0],[1665891077,0],[1665905477,0],[1665919877,0],[1665934277,0],[1665948677,0],[1665963077,0],[1665977477,0],[1665991877,0]]', 1, '0.05190000', '0.05191000', '0.05190000', '0.05168000', '0.05253000', '30937.582000000000', '-0.51800000', '0.00000000', '0.00000000', '0.00000000', '00:00:00', '23:59:00', 0, 0, NULL, 1, 1, 1, 2, 0.00, 1, 0, 1, 0, '', '2.000000', 1, 'ETHBTC', 0),
(15, 'ltc_btc', 0, 8, '0.01000000', '0.02000000', '0.00010000', '10000000.00000000', '0.00010000', '10000000.00000000', '0.00100000', '10000.00000000', 1, 1, '0.0000', '0.0000', '0.0000', '', '', NULL, '[[1665732677,0],[1665747077,0],[1665761477,0],[1665775877,0],[1665790277,0],[1665804677,0],[1665819077,0],[1665833477,0],[1665847877,0],[1665862277,0],[1665876677,0],[1665891077,0],[1665905477,0],[1665919877,0],[1665934277,0],[1665948677,0],[1665963077,0],[1665977477,0],[1665991877,0]]', 1, '0.00000000', '97.91180000', '104.15444400', '0.00000000', '0.00000000', '0.000000000000', '0.00000000', '100.00000000', '102.00000000', '30.00000000', '00:00:00', '23:59:00', 0, 0, NULL, 1, 1, 1, 1, 0.00, 1, 0, 2, 0, '', '2.000000', 1, '', 0),
(16, 'doge_btc', 0, 8, '0.15000000', '0.15000000', '0.00000001', '10000000.00000000', '0.00000001', '10000000.00000000', '0.00000001', '1000000000.00000000', 1, 1, '0.0000', '0.0000', '0.0000', '', '', NULL, '[[1665732677,0],[1665747077,0],[1665761477,0],[1665775877,0],[1665790277,0],[1665804677,0],[1665819077,0],[1665833477,0],[1665847877,0],[1665862277,0],[1665876677,0],[1665891077,0],[1665905477,0],[1665919877,0],[1665934277,0],[1665948677,0],[1665963077,0],[1665977477,0],[1665991877,0]]', 1, '0.00000212', '0.00000212', '0.00000211', '0.00000205', '0.00000217', '40194879.000000000000', '2.91300000', '0.00000000', '0.00000000', '0.00000000', '00:00:00', '23:59:00', 0, 0, NULL, 1, 1, 1, 1, 0.00, 1, 0, 1, 0, '', '2.000000', 1, '', 0),
(18, 'btc_usdt', 0, 8, '0.10000000', '0.10000000', '0.00000001', '10000000.00000000', '0.00000001', '10000000.00000000', '0.00000001', '10000000000.00000000', 1, 1, '0.0000', '0.0000', '0.0000', '', '', NULL, '[[1665732677,0],[1665747077,0],[1665761477,0],[1665775877,0],[1665790277,0],[1665804677,0],[1665819077,0],[1665833477,0],[1665847877,0],[1665862277,0],[1665876677,0],[1665891077,0],[1665905477,0],[1665919877,0],[1665934277,0],[1665948677,0],[1665963077,0],[1665977477,0],[1665991877,0]]', 1, '67523.98000000', '67523.99000000', '67523.98000000', '66969.98000000', '69999.00000000', '39561.424400000000', '0.38800000', '0.00000000', '0.00000000', '0.00000000', '00:00:00', '23:59:00', 0, 0, NULL, 1, 1, 1, 0, 0.00, 1, 1, 1, 2, '', '1.522200', 1, 'BINANCE:BTCUSDT', 0),
(19, 'eth_usdt', 0, 8, '0.10000000', '0.10000000', '0.10000000', '10000000.00000000', '0.10000000', '10000000.00000000', '0.10000000', '10000000.00000000', 1, 1, '0.0000', '0.0000', '0.0000', '', '', NULL, '[[1665732677,0],[1665747077,0],[1665761477,0],[1665775877,0],[1665790277,0],[1665804677,0],[1665819077,0],[1665833477,0],[1665847877,0],[1665862277,0],[1665876677,0],[1665891077,0],[1665905477,0],[1665919877,0],[1665934277,0],[1665948677,0],[1665963077,0],[1665977477,0],[1665991877,0]]', 1, '3505.20000000', '3505.20000000', '3505.19000000', '3476.21000000', '3659.01000000', '411678.711200000000', '-0.10100000', '0.00000000', '0.00000000', '0.00000000', '00:00:00', '23:59:00', 0, 0, NULL, 1, 1, 1, 0, 0.00, 1, 1, 1, 2, '', '0.000000', 1, 'BINANCE:ETHUSDT', 0),
(20, 'bbt_usdt', 0, 8, '0.10000000', '0.10000000', '0.00001000', '1000000.00000000', '0.00001000', '1000000.00000000', '0.00001000', '100000000.00000000', 0, 0, '0.0000', '0.0000', '0.0000', NULL, NULL, NULL, '[[1665732677,0],[1665747077,0],[1665761477,0],[1665775877,0],[1665790277,0],[1665804677,0],[1665819077,0],[1665833477,0],[1665847877,0],[1665862277,0],[1665876677,0],[1665891077,0],[1665905477,0],[1665919877,0],[1665934277,0],[1665948677,0],[1665963077,0],[1665977477,0],[1665991877,0]]', 1, '60.36379111', '61.90904150', '64.15340705', '60.36379111', '60.36379111', '58.000000000000', '-7.68000000', '62.03000000', '64.00300000', '1000.00000000', '00:00:00', '23:59:00', 0, 0, NULL, 1, 0, 0, 0, 0.00, 1, 1, 2, 1, '', '0.000000', 0, '', 0),
(21, 'usdt_rub', 0, 8, '0.10000000', '0.10000000', '0.00000010', '100000.00000000', '0.00000010', '1000000.00000000', '0.00000010', '100000000.00000000', 1, 1, '0.0000', '0.0000', '0.0000', NULL, NULL, NULL, NULL, 1, '0.00000000', '0.00000000', '0.00000000', '0.00000000', '0.00000000', '0.000000000000', '1.00400000', '0.00000000', '0.00000000', '0.00000000', '00:00:00', '23:59:00', 0, 0, NULL, 1, 1, 1, 0, 0.00, 1, 1, 1, 0, 'USDTRUB', '0.500000', 1, 'USDTRUB', 1),
(23, 'ada_usdt', 0, 6, '1.00000000', '1.00000000', '0.02000000', '100000.00000000', '0.02000000', '100000.00000000', '0.01000000', '1000.00000000', 0, 0, '0.0000', '0.0000', '0.0000', NULL, NULL, '0.00000000', NULL, 1, '0.02000000', '0.00000000', '0.02000000', '0.02000000', '0.02099900', '14395.342248000000', '0.00000000', '0.00000000', '0.00000000', '0.00000000', '00:00:00', '23:59:00', 0, 0, NULL, 1, 1, 1, 0, 0.00, 0, 0, 0, 0, '', '0.000000', 0, '', 0),
(485, 'bnb_usdt', 0, 8, '0.10000000', '0.10000000', '0.00000001', '10000000.00000000', '0.00000001', '10000000.00000000', '0.00000001', '10000000000.00000000', 1, 1, '0.0000', '0.0000', '0.0000', '', '', NULL, '', 1, '608.70000000', '608.70000000', '608.60000000', '602.80000000', '635.40000000', '454754.301000000000', '-0.16400000', '0.00000000', '0.00000000', '0.00000000', '00:00:00', '23:59:00', 0, NULL, NULL, 1, 1, 1, 1, 0.00, 1, 1, 1, 2, '1', '1.522200', 1, 'BNBUSDT', 1),
(486, 'zb_usdt', 0, 8, '0.10000000', '0.10000000', '0.00000001', '10000000.00000000', '0.00000001', '10000000.00000000', '0.00000001', '10000000000.00000000', 1, 1, '0.0000', '0.0000', '0.0000', '', '', NULL, '', 1, '0.00000000', '0.01653623', '0.01763429', '0.00000000', '0.00000000', '0.000000000000', '0.00000000', '0.01681707', '0.01733695', '34.04715512', '00:00:00', '23:59:00', 0, NULL, NULL, 1, 1, 1, 0, 0.00, 1, 0, 2, 2, '', '1.522200', 1, 'ZBUSDT', 1);

-- --------------------------------------------------------

--
-- Table structure for table `codono_market_json`
--

CREATE TABLE IF NOT EXISTS `codono_market_json` (
  `id` int(11) UNSIGNED NOT NULL AUTO_INCREMENT,
  `name` varchar(100) COLLATE utf8mb3_unicode_ci DEFAULT NULL,
  `data` varchar(500) COLLATE utf8mb3_unicode_ci DEFAULT NULL,
  `type` varchar(100) COLLATE utf8mb3_unicode_ci DEFAULT NULL,
  `sort` int(11) UNSIGNED DEFAULT NULL,
  `addtime` int(11) UNSIGNED DEFAULT NULL,
  `endtime` int(11) UNSIGNED DEFAULT NULL,
  `status` int(4) DEFAULT NULL,
  PRIMARY KEY (`id`),
  KEY `status` (`status`)
) ENGINE=InnoDB AUTO_INCREMENT=122 DEFAULT CHARSET=utf8mb3 COLLATE=utf8mb3_unicode_ci;

--
-- Dumping data for table `codono_market_json`
--

INSERT INTO `codono_market_json` (`id`, `name`, `data`, `type`, `sort`, `addtime`, `endtime`, `status`) VALUES
(2, 'btcix_usdt', '[\"1830.42616272\",\"1938.78492233\",\"1.93878478\",\"1.93878478\"]', NULL, NULL, 1641686399, NULL, NULL),
(4, 'trx_usdt', '[\"61.62731500\",\"6.29644058\",\"0.00629644\",\"0.00629644\"]', NULL, NULL, 1630713599, NULL, NULL),
(5, 'btcix_usdt', '[\"0.00000306\",\"0.00000309\",\"0.00000000\",\"0.00000000\"]', NULL, NULL, 1641772799, NULL, NULL),
(6, 'btcix_usdt', '[\"24444.04800000\",\"24822.19494876\",\"24.82219364\",\"24.82219364\"]', NULL, NULL, 1641859199, NULL, NULL),
(8, 'btc_usdt', '[\"10.00000000\",\"454841.75680399\",\"454.84175675\",\"454.84175675\"]', NULL, NULL, 1631231999, NULL, NULL),
(10, 'eth_usd', '[\"42.94745000\",\"148745.42219000\",\"14.87454221\",\"14.87454221\"]', NULL, NULL, 1634169599, NULL, NULL),
(75, 'eth_try', '', NULL, NULL, 259199, NULL, NULL),
(76, 'etc_try', '', NULL, NULL, 259199, NULL, NULL),
(78, 'eth_btc', '', NULL, NULL, 259199, NULL, NULL),
(79, 'ltc_btc', '', NULL, NULL, 259199, NULL, NULL),
(80, 'doge_btc', '', NULL, NULL, 345599, NULL, NULL),
(90, 'usdt_rub', '[\"1714.30730000\",\"161279.15580610\",\"0.00000000\",\"0.00000000\"]', NULL, NULL, 1698278399, NULL, NULL),
(94, 'eth_usdt', '[\"10.81579000\",\"19397.35972923\",\"0.00000000\",\"0.00000000\"]', NULL, NULL, 1698278399, NULL, NULL),
(95, 'bbt_usdt', '[\"20015.84348000\",\"1998026.76829654\",\"1686.90164795\",\"1686.90164795\"]', NULL, NULL, 1698278399, NULL, NULL),
(96, 'bbt_usdt', '', NULL, NULL, 1698364799, NULL, NULL),
(97, 'eth_usdt', '', NULL, NULL, 1698451199, NULL, NULL),
(119, 'btc_usdt', '[\"6.24104000\",\"230012.69220316\",\"0.00000000\",\"0.00000000\"]', NULL, NULL, 1700783999, NULL, NULL),
(120, 'btc_usdt', '', NULL, NULL, 1701215999, NULL, NULL),
(121, 'btc_usdt', '[\"4.96945930\",\"177617.88128552\",\"0.05625734\",\"0.05625734\"]', NULL, NULL, 1701129599, NULL, NULL);

-- --------------------------------------------------------

--
-- Table structure for table `codono_menu`
--

CREATE TABLE IF NOT EXISTS `codono_menu` (
  `id` int(10) UNSIGNED NOT NULL AUTO_INCREMENT COMMENT 'FileID',
  `title` varchar(50) NOT NULL DEFAULT '' COMMENT 'title',
  `pid` int(10) UNSIGNED NOT NULL DEFAULT 0 COMMENT 'Sub-headingsID',
  `sort` int(10) UNSIGNED NOT NULL DEFAULT 0 COMMENT 'Sort (effectively the same level)',
  `url` char(255) NOT NULL DEFAULT '' COMMENT 'link address',
  `hide` tinyint(1) UNSIGNED NOT NULL DEFAULT 0 COMMENT 'Whether to hide',
  `tip` varchar(255) NOT NULL DEFAULT '' COMMENT 'prompt',
  `group` varchar(50) DEFAULT '' COMMENT 'Packet',
  `is_dev` tinyint(1) UNSIGNED NOT NULL DEFAULT 0 COMMENT 'Whether visible only developer mode',
  `ico_name` varchar(50) NOT NULL DEFAULT '0',
  PRIMARY KEY (`id`),
  KEY `pid` (`pid`)
) ENGINE=InnoDB AUTO_INCREMENT=510 DEFAULT CHARSET=utf8mb3 ROW_FORMAT=DYNAMIC;

--
-- Dumping data for table `codono_menu`
--

INSERT INTO `codono_menu` (`id`, `title`, `pid`, `sort`, `url`, `hide`, `tip`, `group`, `is_dev`, `ico_name`) VALUES
(1, 'Dashboard', 0, 1, 'Index/index', 0, '', '', 0, 'bx bx-layout'),
(2, 'Content', 0, 1, 'Article/index', 0, '', '', 0, 'bx bx-detail'),
(3, 'User', 0, 1, 'User/index', 0, '', '', 0, 'bx bx-user-circle'),
(4, 'Finance', 0, 1, 'Finance/index', 0, '', '', 0, 'bx bx-receipt'),
(5, 'Trade', 0, 1, 'Trade/index', 0, '', '', 0, 'bx bx-transfer'),
(6, 'Community', 0, 1, 'Vote/index', 0, '', '', 0, 'bx bx-group'),
(7, 'Config', 0, 80, 'Config/index', 0, '', '', 0, 'bx bx-cog'),
(8, 'Bonus Logs', 4, 100, 'Operate/index', 0, '', 'Financial', 0, 'share'),
(9, 'Tools', 0, 90, 'Tools/index', 0, '', '', 0, 'bx bx-wrench'),
(10, 'Email', 2, 3, 'Email/index', 0, '', NULL, 0, 'bx bx-mail-send'),
(11, 'Dashboard', 1, 1, 'Index/index', 0, '', NULL, 0, 'home'),
(12, 'Market', 1, 3, 'Index/market', 0, '', NULL, 0, 'home'),
(13, 'Articles', 2, 1, 'Article/index', 0, '', NULL, 0, 'list-alt'),
(14, 'Edit Add', 13, 1, 'Article/edit', 1, '', NULL, 0, 'home'),
(15, 'Modify status', 13, 100, 'Article/status', 1, '', NULL, 0, 'home'),
(16, 'Upload image', 13, 2, 'Article/images', 1, '', NULL, 0, '0'),
(18, 'Edit', 17, 2, 'Adver/edit', 1, '', NULL, 0, '0'),
(19, 'Modify', 17, 2, 'Adver/status', 1, '', NULL, 0, '0'),
(21, 'Transfer/Staking Income', 1, 4, 'Fees/income', 0, '', NULL, 0, 'home'),
(22, 'Modify', 20, 3, 'Chat/status', 1, '', 'Chat', 0, '0'),
(23, 'Text Tips', 2, 1, 'Text/index', 1, '', 'Tips', 0, 'exclamation-sign'),
(24, 'Edit', 23, 1, 'Text/edit', 1, '', 'Tips', 0, '0'),
(25, 'Modify', 23, 1, 'Text/status', 1, '', 'Tips', 0, '0'),
(26, 'Users', 3, 1, 'User/index', 0, '', 'User', 0, 'user'),
(39, 'New User Group', 38, 0, 'AuthManager/createGroup', 1, '', 'authority management', 0, '0'),
(40, 'Edit User Groups', 38, 0, 'AuthManager/editgroup', 1, '', 'authority management', 0, '0'),
(41, 'Update User Group', 38, 0, 'AuthManager/writeGroup', 1, '', 'authority management', 0, '0'),
(42, 'Change state', 38, 0, 'AuthManager/changeStatus', 1, '', 'authority management', 0, '0'),
(43, 'Access authorization', 38, 0, 'AuthManager/access', 1, '', 'authority management', 0, '0'),
(44, 'Auth Category', 38, 0, 'AuthManager/category', 1, '', 'authority management', 0, '0'),
(45, 'Members of the authorized', 38, 0, 'AuthManager/user', 1, '', 'authority management', 0, '0'),
(46, 'Members of the list of authorized', 38, 0, 'AuthManager/tree', 1, '', 'authority management', 0, '0'),
(47, 'user group', 38, 0, 'AuthManager/group', 1, '', 'authority management', 0, '0'),
(48, 'Added to the user group', 38, 0, 'AuthManager/addToGroup', 1, '', 'authority management', 0, '0'),
(49, 'User group removed', 38, 0, 'AuthManager/removeFromGroup', 1, '', 'authority management', 0, '0'),
(50, 'Classified added to the user group', 38, 0, 'AuthManager/addToCategory', 1, '', 'authority management', 0, '0'),
(51, 'Model added to the user group', 38, 0, 'AuthManager/addToModel', 1, '', 'authority management', 0, '0'),
(53, 'Configuration', 52, 1, 'Finance/config', 1, '', 'Finance Config', 0, '0'),
(55, 'Types of', 52, 1, 'Finance/type', 1, '', 'Finance Type', 0, '0'),
(56, 'Modify status', 52, 1, 'Finance/type_status', 1, '', 'Finance Status', 0, '0'),
(60, 'modify', 57, 3, 'Mycz/status', 1, '', 'Top management', 0, '0'),
(61, 'Modify status', 57, 3, 'Mycztype/status', 1, '', 'Top management', 0, '0'),
(64, 'Modify status', 62, 5, 'Mytx/status', 1, '', 'Withdraw management', 0, '0'),
(65, 'cancel', 62, 5, 'Mytx/excel', 1, '', 'Withdraw management', 0, '0'),
(66, 'Importingexcel', 9, 5, 'Mytx/exportExcel', 1, '', 'Withdraw management', 0, '0'),
(68, 'Trade', 5, 1, 'Trade/index', 0, '', 'Trade', 0, 'stats'),
(69, 'Logs', 5, 2, 'Trade/log', 0, '', 'Trade', 0, 'stats'),
(70, 'Modify status', 68, 0, 'Trade/status', 1, '', 'Trade', 0, '0'),
(71, 'Revoked pending', 68, 0, 'Trade/reject', 1, '', 'Trade', 0, '0'),
(74, 'Edit ICO', 455, 2, 'Issue/edit', 1, '', 'ICO', 0, '0'),
(75, 'Modify ICO', 455, 2, 'Issue/status', 1, '', 'ICO', 0, '0'),
(79, 'Basic', 7, 1, 'Config/index', 0, '', NULL, 0, 'cog'),
(80, 'SMS', 7, 2, 'Config/cellphone', 0, '', NULL, 0, 'cog'),
(81, 'Support', 7, 3, 'Config/contact', 0, '', NULL, 0, 'cog'),
(82, 'Wallet Transfer Fees', 7, 2, 'Fees/index', 0, '', NULL, 0, 'cog'),
(85, 'edit', 84, 4, 'Coin/edit', 0, '', 'Profiles', 0, '0'),
(87, 'Modify status', 84, 4, 'Coin/status', 1, '', 'Profiles', 0, '0'),
(89, 'Editing Market', 88, 4, 'Market/edit', 0, '', 'Market', 0, '0'),
(92, 'Captcha', 95, 7, 'Verify/code', 1, '', 'Profiles', 0, '0'),
(93, 'Phone code', 95, 7, 'Verify/mobile', 1, '', 'Profiles', 0, '0'),
(94, 'Mail Code', 95, 7, 'Verify/email', 0, '', 'Profiles', 0, '0'),
(95, 'Misc Config', 7, 6, 'Config/misc', 0, '', NULL, 0, 'cog'),
(96, 'Other Config', 7, 7, 'Options/index', 0, '', NULL, 0, 'cog'),
(97, 'Promotion', 8, 2, 'Invit/config', 0, '', 'Promotion', 0, 'cog'),
(101, 'Other module calls', 9, 4, 'Tools/invoke', 1, '', 'other', 0, '0'),
(102, 'Table Optimization', 9, 4, 'Tools/optimize', 1, '', 'other', 0, '0'),
(103, 'Repair Tables', 9, 4, 'Tools/repair', 1, '', 'other', 0, '0'),
(104, 'Removing Backup Files', 9, 4, 'Tools/del', 1, '', 'other', 0, '0'),
(105, 'backup database', 9, 4, 'Tools/export', 1, '', 'other', 0, ''),
(106, 'Restore Database', 9, 4, 'Tools/import', 1, '', 'other', 0, '0'),
(107, 'Export Database', 9, 4, 'Tools/excel', 1, '', 'other', 0, '0'),
(108, 'Export Excel', 9, 4, 'Tools/exportExcel', 1, '', 'other', 0, '0'),
(109, 'ImportingExcel', 9, 4, 'Tools/importExecl', 1, '', 'other', 0, '0'),
(115, 'image', 111, 0, 'Shop/images', 0, '', 'Store', 0, '0'),
(116, 'Menu Manager', 7, 5, 'Menu/index', 1, '', 'Admin Config', 0, 'list'),
(117, 'Sequence', 116, 5, 'Menu/sort', 1, '', 'Admin Config', 0, '0'),
(118, 'Add to', 116, 5, 'Menu/add', 1, '', 'Admin Config', 0, '0'),
(119, 'Edit', 116, 5, 'Menu/edit', 1, '', 'Admin Config', 0, '0'),
(120, 'Delete', 116, 5, 'Menu/del', 1, '', 'Admin Config', 0, '0'),
(121, 'Hide', 116, 5, 'Menu/toogleHide', 1, '', 'Admin Config', 0, '0'),
(122, 'Development', 116, 5, 'Menu/toogleDev', 1, '', 'Admin Config', 0, '0'),
(123, 'Import File', 7, 5, 'Menu/importFile', 1, '', 'Admin Config', 0, 'log-in'),
(124, 'Importing', 7, 5, 'Menu/import', 1, '', 'Admin Config', 0, 'log-in'),
(127, 'User login', 3, 0, 'Login/index', 1, '', 'User Configuration', 0, '0'),
(128, 'User exits', 3, 0, 'Login/loginout', 1, '', 'User Configuration', 0, '0'),
(129, 'Change Password', 3, 0, 'User/setpwd', 1, '', 'Admin', 0, 'home'),
(131, 'User Details', 3, 4, 'User/detail', 1, '', 'Frontend user management', 0, 'time'),
(138, 'edit', 2, 1, 'Articletype/edit', 1, '', 'Content Management', 0, 'list-alt'),
(140, 'edit', 139, 2, 'Link/edit', 1, '', 'Content Management', 0, '0'),
(141, 'modify', 139, 2, 'Link/status', 1, '', 'Content Management', 0, '0'),
(155, 'Server queue', 9, 3, 'Tools/queue', 1, '', 'Tools', 0, 'wrench'),
(156, 'Check the wallet', 9, 3, 'Tools/wallet', 1, '', 'Tools', 0, 'wrench'),
(157, 'Coin stats', 1, 2, 'Index/coin', 0, '', NULL, 0, 'home'),
(163, 'Tips', 7, 5, 'Config/text', 0, '', NULL, 0, 'cog'),
(220, 'Coin Reviews', 5, 4, 'Trade/comment', 0, '', 'Trade', 0, 'stats'),
(278, 'Categories', 2, 2, 'Article/type', 0, '', NULL, 0, 'list-alt'),
(279, 'Big Slider', 2, 3, 'Article/adver', 0, '', NULL, 0, 'list-alt'),
(280, 'Small Slider', 2, 4, 'Article/link', 0, '', NULL, 0, 'list-alt'),
(281, 'Signup Attempts', 3, 4, 'User/signup_log', 0, '', 'User', 0, 'user'),
(282, 'Signin Log', 3, 4, 'User/log', 0, '', 'User', 0, 'user'),
(283, 'Users wallet', 3, 5, 'User/wallet', 0, '', 'User', 0, 'user'),
(284, 'Withdraw Address', 3, 6, 'User/bank', 0, '', 'User', 0, 'user'),
(285, 'User Spot Balances', 3, 7, 'User/coin', 0, '', 'User', 0, 'user'),
(286, 'Address', 3, 9, 'User/goods', 0, '', 'User', 0, 'user'),
(287, 'Chat', 5, 3, 'Trade/chat', 0, '', 'Trade', 0, 'stats'),
(288, 'Market', 5, 5, 'Trade/market', 0, '', 'Trade', 0, 'stats'),
(289, 'Invite', 5, 6, 'Trade/invit', 0, '', 'Trade', 0, 'stats'),
(290, 'Financial details', 4, 1, 'Finance/index', 0, '', 'Financial', 0, 'th-list'),
(291, 'Fiat Deposit', 4, 2, 'Finance/mycz', 0, '', 'Fiat', 0, 'th-list'),
(292, 'Payment Gateways', 4, 3, 'Finance/myczType', 0, '', 'Fiat', 0, 'th-list'),
(293, 'Fiat Withdrawal', 4, 4, 'Finance/mytx', 0, '', 'Fiat', 0, 'th-list'),
(294, 'Transfers', 4, 2, 'Fees/transfers', 0, 'Financial', '0', 0, 'th-list'),
(295, 'Crypto Deposit', 4, 6, 'Finance/myzr', 0, '', 'Financial', 0, 'th-list'),
(296, 'Crypto Withdraw', 4, 7, 'Finance/myzc', 0, '', 'Financial', 0, 'th-list'),
(297, 'Modify status', 291, 100, 'Finance/myczStatus', 1, '', 'Financial', 0, 'home'),
(298, 'Confirm arrival', 291, 100, 'Finance/myczConfirm', 1, '', 'Financial', 0, 'home'),
(299, 'Edit Add', 292, 1, 'Finance/myczTypeEdit', 1, '', 'Financial', 0, 'home'),
(300, 'Modify status', 292, 2, 'Finance/myczTypeStatus', 1, '', 'Financial', 0, 'home'),
(301, 'upload image', 292, 2, 'Finance/myczTypeImage', 1, '', 'Financial', 0, 'home'),
(302, 'Modify status', 293, 2, 'Finance/mytxStatus', 1, '', 'Financial', 0, 'home'),
(303, 'Export selected', 293, 3, 'Finance/mytxExcel', 1, '', 'Financial', 0, 'home'),
(304, 'Processing', 293, 4, 'Finance/mytxChuli', 1, '', 'Financial', 0, 'home'),
(305, 'Undo withdrawals', 293, 5, 'Finance/mytxReject', 1, '', 'Financial', 0, 'home'),
(306, 'Confirm Withdraw', 293, 6, 'Finance/mytxConfirm', 1, '', 'Financial', 0, 'home'),
(307, 'Confirm turn out', 296, 6, 'Finance/myzcConfirm', 1, '', 'Financial', 0, 'home'),
(309, 'Clear cache', 9, 1, 'Tools/index', 0, '', NULL, 0, 'wrench'),
(310, 'Backup Database', 9, 2, 'Tools/dataExport', 1, '', 'Tools', 0, 'wrench'),
(311, 'Restore Database', 9, 2, 'Tools/dataImport', 1, '', 'Tools', 0, 'wrench'),
(312, 'Admins', 3, 2, 'User/admin', 0, '', 'Admin', 0, 'user'),
(313, 'Permissions', 3, 3, 'User/auth', 0, '', 'Admin', 0, 'user'),
(314, 'Edit Add', 26, 1, 'User/edit', 0, '', 'User', 0, 'home'),
(315, 'Modify status', 26, 1, 'User/status', 0, '', 'User', 0, 'home'),
(316, 'Edit Add', 312, 1, 'User/adminEdit', 1, '', 'Admin', 0, 'home'),
(317, 'Modify status', 312, 1, 'User/adminStatus', 1, '', 'Admin', 0, 'home'),
(318, 'Edit Add', 313, 1, 'User/authEdit', 1, '', 'Admin', 0, 'home'),
(319, 'Modify status', 313, 1, 'User/authStatus', 1, '', 'Admin', 0, 'home'),
(320, 'Permission to re-initialize', 313, 1, 'User/authStart', 1, '', 'User', 0, 'home'),
(321, 'Edit Add', 282, 1, 'User/logEdit', 1, '', 'User', 0, 'home'),
(322, 'Modify status', 282, 1, 'User/logStatus', 1, '', 'User', 0, 'home'),
(323, 'Edit Add', 283, 1, 'User/walletEdit', 1, '', 'User', 0, 'home'),
(324, 'Modify status', 283, 1, 'User/walletStatus', 1, '', 'User', 0, 'home'),
(325, 'Edit Add', 284, 1, 'User/bankEdit', 1, '', 'User', 0, 'home'),
(326, 'Modify status', 284, 1, 'User/bankStatus', 1, '', 'User', 0, 'home'),
(327, 'Edit Add', 285, 1, 'User/coinEdit', 1, '', 'User', 0, 'home'),
(328, 'Coin Log', 285, 1, 'User/coinLog', 1, '', 'User', 0, 'home'),
(329, 'Edit Add', 286, 1, 'User/goodsEdit', 1, '', 'User', 0, 'home'),
(330, 'Modify status', 286, 1, 'User/goodsStatus', 1, '', 'User', 0, 'home'),
(331, 'Edit Add', 278, 1, 'Article/typeEdit', 1, '', 'Articles', 0, 'home'),
(332, 'Modify status', 278, 100, 'Article/typeStatus', 1, '', 'Articles', 0, 'home'),
(333, 'Edit Add', 280, 1, 'Article/linkEdit', 1, '', 'Content', 0, 'home'),
(334, 'Modify status', 280, 100, 'Article/linkStatus', 1, '', 'Content', 0, 'home'),
(335, 'Edit Add', 279, 1, 'Article/adverEdit', 1, '', 'Content', 0, 'home'),
(336, 'Modify status', 279, 100, 'Article/adverStatus', 1, '', 'Content', 0, 'home'),
(337, 'Image Update', 279, 100, 'Article/adverImage', 1, '', 'Content', 0, 'home'),
(377, 'Access authorization', 313, 1, 'User/authAccess', 1, '', 'Admin', 0, 'home'),
(378, 'Access unauthorized modification', 313, 1, 'User/authAccessUp', 1, '', 'Admin', 0, 'home'),
(379, 'Members of the authorized', 313, 1, 'User/authUser', 1, '', 'Admin', 0, 'home'),
(380, 'Members of the authorized increase', 313, 1, 'User/authUserAdd', 1, '', 'Admin', 0, 'home'),
(381, 'Members of the authorized lifted', 313, 1, 'User/authUserRemove', 1, '', 'Admin', 0, 'home'),
(382, 'Coins', 7, 4, 'Config/coin', 0, '', NULL, 0, 'cog'),
(383, 'Promotion award', 8, 1, 'Operate/index', 0, '', '', 0, 'share'),
(384, 'APP Config', 8, 1, 'App/config', 0, '', 'APP', 0, 'time'),
(385, 'APP VIP', 8, 2, 'App/vip_config_list', 0, '', 'APP', 0, 'time'),
(386, 'WAP Banners', 8, 3, 'Admin/App/ads_list/block_id/1', 0, '', 'WAP Banners', 0, 'time'),
(387, 'APP Ads', 8, 4, 'App/ads_user', 0, '', 'APP management', 0, 'time'),
(388, 'Top Menu', 7, 7, 'Config/navigation', 0, '', NULL, 0, 'cog'),
(389, 'Footer Menu', 7, 7, 'Config/footer', 0, '', NULL, 0, 'cog'),
(425, 'Products', 6, 1, 'Shop/index', 0, '', 'Store', 0, 'globe'),
(426, 'Config', 6, 2, 'Shop/config', 0, '', 'Store', 0, 'globe'),
(427, 'Categories', 6, 3, 'Shop/type', 0, '', 'Store', 0, 'globe'),
(428, 'Payment method', 6, 4, 'Shop/coin', 0, '', 'Store', 0, 'globe'),
(429, 'Orders', 6, 5, 'Shop/log', 0, '', 'Store', 0, 'globe'),
(430, 'Shipping address', 6, 6, 'Shop/goods', 0, '', 'Store', 0, 'globe'),
(433, 'Airdrop', 6, 3, 'Dividend/index', 0, '', 'Airdrop', 0, 'plane'),
(434, 'Records', 6, 5, 'Dividend/log', 0, '', 'Airdrop', 0, 'th-list'),
(435, 'Recharge record', 6, 1, 'Topup/index', 1, '', 'Prepaid recharge', 0, 'globe'),
(436, 'Recharge Configuration', 6, 1, 'Topup/config', 1, '', 'Prepaid recharge', 0, 'globe'),
(437, 'Recharge amount', 6, 3, 'Topup/type', 1, '', 'Prepaid recharge', 0, 'globe'),
(438, 'Topup method', 6, 4, 'Topup/coin', 1, '', 'Prepaid recharge', 0, 'globe'),
(439, 'Voting Record', 6, 1, 'Vote/index', 0, '', 'Voting', 0, 'globe'),
(440, 'Voting type', 6, 1, 'Vote/type', 0, '', 'Voting', 0, 'globe'),
(441, 'Money Management', 6, 1, 'Money/index', 1, '', 'Money Management', 0, 'globe'),
(442, 'Money Log', 6, 2, 'Money/log', 1, '', 'Money Management', 0, 'globe'),
(443, 'Financial details', 6, 3, 'Money/fee', 1, '', 'Money Management', 0, 'globe'),
(448, 'ICO', 455, 1, 'Issue/index', 0, '', 'ICO', 0, 'globe'),
(449, 'Records', 455, 1, 'Issue/log', 0, '', 'ICO', 0, 'globe'),
(450, 'User Other Balances', 3, 8, 'User/assets', 0, '', 'User', 0, 'user'),
(452, 'Faucet', 6, 1, 'Faucet/index', 0, '', 'Faucet', 0, 'tree-deciduous'),
(453, 'Logs', 6, 1, 'Faucet/log', 0, '', 'Faucet', 0, 'tree-deciduous'),
(455, 'Earn', 0, 70, 'Staking/index', 0, '', '', 0, 'bx bx-server'),
(457, 'Staking', 455, 0, 'Staking/Index', 0, '', 'Staking', 0, '0'),
(458, 'Staking Logs', 455, 0, 'Staking/stakingLog', 0, '', 'Staking', 0, 'bank'),
(459, 'DiceRolls', 455, 0, 'Staking/dicerolls', 0, '', 'Staking', 0, 'dice'),
(460, 'Supported Banks', 4, 10, 'Bank/Index', 0, 'Bank for withdrawal', 'Fiat', 0, '0'),
(469, 'OTC plans', 5, 9, 'Otc/index', 0, '', 'OTC', 0, '0'),
(470, 'OTC logs', 5, 11, 'Otc/log', 0, '', 'OTC', 0, '0'),
(471, 'Roadmap', 2, 0, 'Misc/roadmap', 1, '', 'Content', 0, '0'),
(472, 'Additional Bonus', 7, 0, 'Misc/bonus', 1, '', NULL, 0, '0'),
(473, 'Do Deposit/Withdraw', 4, 10, 'Activity/index', 0, 'Activity', 'Financial', 0, 'th-list'),
(474, 'Mining Machines', 455, 0, 'Pool/index', 0, '', 'Mining', 0, 'server'),
(475, 'User Machines', 455, 0, 'Pool/userMachines', 0, '', 'Mining', 0, 'user'),
(476, 'Mining Rewards', 455, 0, 'Pool/userRewards', 0, '', 'Mining', 0, 'money'),
(481, 'Giftcard', 4, 20, 'Giftcard/index', 0, '', 'Giftcard', 0, 'money'),
(482, 'Giftcard Banners', 4, 21, 'Giftcard/banner', 0, '', 'Giftcard', 0, '0'),
(489, 'Withdrawal Address', 5, 15, 'User/bank', 0, '', 'User', 0, 'exchange'),
(491, 'Dex Config', 5, 100, 'Hybrid/config', 0, '', 'Dex', 0, 'server'),
(492, 'Dex Quotes', 5, 100, 'Hybrid/quotes', 0, '', 'Dex', 0, 'user'),
(493, 'Dex Coins', 5, 100, 'Hybrid/coins', 0, '', 'Dex', 0, 'money'),
(494, 'Dex Deposit', 5, 100, 'Hybrid/index', 0, '', 'Dex', 0, 'money'),
(502, 'FX plans', 5, 9, 'Fx/index', 0, '', 'FX', 0, '0'),
(503, 'FX logs', 5, 11, 'Fx/log', 0, '', 'FX', 0, '0'),
(504, 'Safety Screen', 9, 5, 'Tools/safety', 0, '', NULL, 0, 'lock'),
(505, 'Debug', 9, 6, 'Tools/debug', 0, 'Debugging Logs', NULL, 0, 'warning-sign'),
(506, 'Competition Logs', 6, 1, 'Competition/index', 0, '', 'Competition', 0, 'globe'),
(507, 'Competition', 6, 1, 'Competition/type', 0, '', 'Competition', 0, 'globe'),
(508, 'Signup Activity', 9, 6, 'Tools/register', 0, '', NULL, 0, 'plus'),
(509, 'Mining Fees', 455, 0, 'Pool/fees', 0, 'Mining Fees Earned by site', 'Mining', 0, '0');

-- --------------------------------------------------------

--
-- Table structure for table `codono_message`
--

CREATE TABLE IF NOT EXISTS `codono_message` (
  `id` int(11) UNSIGNED NOT NULL AUTO_INCREMENT,
  `userid` int(10) UNSIGNED DEFAULT NULL,
  `type` varchar(50) DEFAULT NULL,
  `remark` varchar(50) DEFAULT NULL,
  `addip` varchar(200) DEFAULT NULL,
  `addr` varchar(50) DEFAULT NULL,
  `sort` int(11) UNSIGNED DEFAULT NULL,
  `addtime` int(10) UNSIGNED DEFAULT NULL,
  `endtime` int(11) UNSIGNED DEFAULT NULL,
  `status` tinyint(4) DEFAULT NULL,
  PRIMARY KEY (`id`),
  KEY `status` (`status`),
  KEY `userid` (`userid`)
) ENGINE=InnoDB DEFAULT CHARSET=utf8mb3;

-- --------------------------------------------------------

--
-- Table structure for table `codono_message_log`
--

CREATE TABLE IF NOT EXISTS `codono_message_log` (
  `id` int(11) UNSIGNED NOT NULL AUTO_INCREMENT,
  `userid` int(10) UNSIGNED DEFAULT NULL,
  `type` varchar(50) DEFAULT NULL,
  `remark` varchar(50) DEFAULT NULL,
  `addip` varchar(200) DEFAULT NULL,
  `addr` varchar(50) DEFAULT NULL,
  `sort` int(11) UNSIGNED DEFAULT NULL,
  `addtime` int(10) UNSIGNED DEFAULT NULL,
  `endtime` int(11) UNSIGNED DEFAULT NULL,
  `status` tinyint(4) DEFAULT NULL,
  PRIMARY KEY (`id`),
  KEY `status` (`status`),
  KEY `userid` (`userid`)
) ENGINE=InnoDB DEFAULT CHARSET=utf8mb3;


-- --------------------------------------------------------

--
-- Table structure for table `codono_money`
--

CREATE TABLE IF NOT EXISTS `codono_money` (
  `id` int(11) UNSIGNED NOT NULL AUTO_INCREMENT,
  `name` varchar(50) DEFAULT NULL,
  `coinname` varchar(50) DEFAULT NULL,
  `num` bigint(20) UNSIGNED NOT NULL DEFAULT 0,
  `deal` int(11) UNSIGNED NOT NULL DEFAULT 0,
  `tian` int(11) UNSIGNED DEFAULT NULL,
  `fee` int(11) UNSIGNED DEFAULT NULL,
  `sort` int(11) UNSIGNED DEFAULT NULL,
  `addtime` int(11) UNSIGNED DEFAULT NULL,
  `endtime` int(11) UNSIGNED DEFAULT NULL,
  `status` int(4) DEFAULT NULL,
  PRIMARY KEY (`id`),
  KEY `status` (`status`),
  KEY `name` (`name`)
) ENGINE=InnoDB AUTO_INCREMENT=5 DEFAULT CHARSET=utf8mb3 COMMENT='Finance and investment table';

--
-- Dumping data for table `codono_money`
--

INSERT INTO `codono_money` (`id`, `name`, `coinname`, `num`, `deal`, `tian`, `fee`, `sort`, `addtime`, `endtime`, `status`) VALUES
(3, 'Bean Staking', 'beam', 10000, 10, 100, 1, 0, 0, 2465337600, 1),
(4, 'Bitcoin', 'btc', 1000, 22, 1, 2, 0, 0, 1651190400, 1);

-- --------------------------------------------------------

--
-- Table structure for table `codono_money_fee`
--

CREATE TABLE IF NOT EXISTS `codono_money_fee` (
  `id` int(11) UNSIGNED NOT NULL AUTO_INCREMENT,
  `userid` int(11) UNSIGNED DEFAULT NULL,
  `money_id` int(11) DEFAULT NULL,
  `type` tinyint(4) DEFAULT NULL,
  `num` int(6) DEFAULT NULL,
  `content` varchar(255) DEFAULT NULL,
  `addtime` int(11) UNSIGNED DEFAULT NULL,
  PRIMARY KEY (`id`),
  KEY `userid` (`userid`)
) ENGINE=InnoDB DEFAULT CHARSET=utf8mb3;

-- --------------------------------------------------------

--
-- Table structure for table `codono_money_log`
--

CREATE TABLE IF NOT EXISTS `codono_money_log` (
  `id` int(11) UNSIGNED NOT NULL AUTO_INCREMENT,
  `userid` int(11) UNSIGNED DEFAULT NULL,
  `name` varchar(50) DEFAULT NULL,
  `coinname` varchar(50) DEFAULT NULL,
  `feecoin` varchar(20) DEFAULT NULL COMMENT 'feecoin',
  `num` int(11) UNSIGNED DEFAULT NULL,
  `fee` decimal(20,8) UNSIGNED DEFAULT NULL,
  `feea` decimal(20,8) UNSIGNED DEFAULT NULL,
  `tian` int(11) UNSIGNED DEFAULT NULL,
  `tiana` int(11) UNSIGNED DEFAULT NULL,
  `sort` int(11) UNSIGNED DEFAULT NULL,
  `addtime` int(11) UNSIGNED DEFAULT NULL,
  `endtime` int(11) UNSIGNED DEFAULT NULL,
  `status` int(4) DEFAULT NULL,
  `money_id` int(11) DEFAULT NULL,
  PRIMARY KEY (`id`),
  KEY `userid` (`userid`),
  KEY `status` (`status`)
) ENGINE=InnoDB AUTO_INCREMENT=3 DEFAULT CHARSET=utf8mb3 COMMENT='Financial record sheet';

--
-- Dumping data for table `codono_money_log`
--


-- --------------------------------------------------------

--
-- Table structure for table `codono_mycz`
--

CREATE TABLE IF NOT EXISTS `codono_mycz` (
  `id` int(11) UNSIGNED NOT NULL AUTO_INCREMENT,
  `coin` varchar(20) DEFAULT 'usd' COMMENT 'fiat coin',
  `userid` int(11) UNSIGNED DEFAULT NULL,
  `num` float(11,2) UNSIGNED DEFAULT NULL,
  `mum` float(11,2) UNSIGNED DEFAULT NULL,
  `type` varchar(50) DEFAULT NULL,
  `tradeno` varchar(50) DEFAULT NULL,
  `remark` varchar(250) DEFAULT NULL,
  `sort` int(11) UNSIGNED DEFAULT NULL,
  `addtime` int(11) UNSIGNED DEFAULT NULL,
  `endtime` int(11) UNSIGNED DEFAULT NULL,
  `status` int(4) DEFAULT NULL,
  `ipn_status` tinyint(4) NOT NULL DEFAULT 0 COMMENT 'ipn status ',
  `ipn_response` text DEFAULT NULL COMMENT 'json response',
  PRIMARY KEY (`id`),
  KEY `userid` (`userid`),
  KEY `status` (`status`)
) ENGINE=InnoDB AUTO_INCREMENT=200 DEFAULT CHARSET=utf8mb3 COMMENT='Recharge record form';


-- --------------------------------------------------------

--
-- Table structure for table `codono_mycz_invit`
--

CREATE TABLE IF NOT EXISTS `codono_mycz_invit` (
  `id` int(11) UNSIGNED NOT NULL AUTO_INCREMENT COMMENT 'ID AUTO INC',
  `userid` int(11) UNSIGNED NOT NULL COMMENT 'userid',
  `invitid` int(11) UNSIGNED NOT NULL COMMENT 'inviteid',
  `num` decimal(20,2) UNSIGNED NOT NULL COMMENT 'Operating Amount',
  `fee` decimal(20,8) UNSIGNED NOT NULL COMMENT 'Credits',
  `coinname` varchar(50) NOT NULL COMMENT 'Currency gift',
  `mum` decimal(20,8) UNSIGNED NOT NULL COMMENT 'Amount arrival',
  `remark` varchar(250) NOT NULL COMMENT 'Remark',
  `sort` int(11) UNSIGNED NOT NULL COMMENT 'Sequence',
  `addtime` int(11) UNSIGNED NOT NULL COMMENT 'add time',
  `endtime` int(11) UNSIGNED NOT NULL COMMENT 'Edit time',
  `status` tinyint(4) NOT NULL COMMENT 'status',
  PRIMARY KEY (`id`),
  KEY `userid` (`userid`),
  KEY `status` (`status`)
) ENGINE=InnoDB DEFAULT CHARSET=utf8mb3 COMMENT='Prepaid gift';

-- --------------------------------------------------------

--
-- Table structure for table `codono_mycz_type`
--

CREATE TABLE IF NOT EXISTS `codono_mycz_type` (
  `id` int(11) UNSIGNED NOT NULL AUTO_INCREMENT,
  `max` varchar(200) NOT NULL COMMENT 'name',
  `min` varchar(200) NOT NULL COMMENT 'name',
  `kaihu` varchar(200) NOT NULL COMMENT 'name',
  `type` varchar(10) NOT NULL DEFAULT 'bank',
  `truename` varchar(200) NOT NULL COMMENT 'name',
  `name` varchar(50) DEFAULT NULL,
  `title` varchar(50) DEFAULT NULL,
  `show_coin` varchar(255) DEFAULT NULL,
  `url` varchar(50) DEFAULT NULL,
  `username` varchar(50) DEFAULT NULL,
  `password` varchar(50) DEFAULT NULL,
  `img` varchar(50) DEFAULT NULL,
  `extra` varchar(50) DEFAULT NULL,
  `remark` varchar(50) DEFAULT NULL,
  `sort` int(11) UNSIGNED DEFAULT NULL,
  `addtime` int(11) UNSIGNED DEFAULT NULL,
  `endtime` int(11) UNSIGNED DEFAULT NULL,
  `is_default` tinyint(1) NOT NULL DEFAULT 0 COMMENT 'if this is default',
  `status` int(4) DEFAULT NULL,
  PRIMARY KEY (`id`),
  KEY `status` (`status`),
  KEY `name` (`name`)
) ENGINE=InnoDB AUTO_INCREMENT=8 DEFAULT CHARSET=utf8mb3 COMMENT='Recharge type';

--
-- Dumping data for table `codono_mycz_type`
--

INSERT INTO `codono_mycz_type` (`id`, `max`, `min`, `kaihu`, `type`, `truename`, `name`, `title`, `show_coin`, `url`, `username`, `password`, `img`, `extra`, `remark`, `sort`, `addtime`, `endtime`, `is_default`, `status`) VALUES
(1, '100000', '50', 'Alipay business', 'gateway', 'Codono Inc', 'alipay', 'Alipay transfers', NULL, '', 'support@codono.com', '', '595607f635afa.png', '', 'Alipay account needs to be set inside Contact', 0, 0, 0, 0, 0),
(2, '1000', '1', 'Authorize.net', 'gateway', 'Codonocom', 'authorize', 'Authorize.net', NULL, '', 'CodonoCom', 'CODONO', 'authorizenet.png', '', 'You need to set up accounts in the micro-channel c', 0, 0, 0, 0, 0),
(3, '50000', '100', 'Bank of America [ SWIFT:BOFAUS3N ] [IBAN:47857475887455478]', 'bank', 'Codono Inc', 'bank', 'Online bank transfer', '[\"1\",\"83\",\"81\"]', '', '4325657823456789', '31495965', '5acc83366c0e8.png', '', 'Information required in the format in which the nu', 0, 0, 0, 1, 1),
(5, '1000', '100', 'TR00 0000 0000 0000 0000 0000 01', 'bank', 'CODONO NAME', 'turkey', 'Online bank transfer2', '[\"1\",\"81\",\"83\"]', NULL, '2646346', '78378578', '6155bd6dee134.png', '0', NULL, NULL, NULL, NULL, 1, 1),
(6, '1000', '1', 'Yoco Payment', 'gateway', '', 'yoco', 'yoco', '[\"83\"]', NULL, 'pk_test_7c980306jBNRw1Eb9ef4', '', '5fab8424370f9.png', '3.9', NULL, NULL, NULL, NULL, 0, 0),
(7, '7000000', '50000', 'YoPayments', 'gateway', '', 'youganda', 'Yo Payments Uganda', '[\"86\"]', NULL, '', '', '5fcdd98b25659.jpg', '3', NULL, NULL, NULL, NULL, 0, 0);

-- --------------------------------------------------------

--
-- Table structure for table `codono_mytx`
--

CREATE TABLE IF NOT EXISTS `codono_mytx` (
  `id` int(11) UNSIGNED NOT NULL AUTO_INCREMENT,
  `userid` int(11) UNSIGNED DEFAULT NULL,
  `memo` varchar(255) DEFAULT NULL COMMENT 'Payment info',
  `coin` varchar(20) NOT NULL DEFAULT 'usd' COMMENT 'fiat coin type',
  `num` int(11) UNSIGNED DEFAULT NULL,
  `fee` decimal(20,2) UNSIGNED DEFAULT NULL,
  `mum` decimal(20,2) UNSIGNED DEFAULT NULL,
  `truename` varchar(32) DEFAULT NULL,
  `name` varchar(32) DEFAULT NULL,
  `bank` varchar(250) DEFAULT NULL,
  `bankprov` varchar(50) DEFAULT NULL,
  `bankcity` varchar(50) DEFAULT NULL,
  `bankaddr` varchar(50) DEFAULT NULL,
  `bankcard` varchar(200) DEFAULT NULL,
  `sort` int(11) UNSIGNED DEFAULT NULL,
  `addtime` int(11) UNSIGNED DEFAULT NULL,
  `endtime` int(11) UNSIGNED DEFAULT NULL,
  `urgent` tinyint(1) NOT NULL DEFAULT 0,
  `status` int(4) DEFAULT NULL,
  PRIMARY KEY (`id`),
  KEY `userid` (`userid`),
  KEY `status` (`status`)
) ENGINE=InnoDB AUTO_INCREMENT=59 DEFAULT CHARSET=utf8mb3 COMMENT='Withdraw record form';

--
-- Dumping data for table `codono_mytx`
--


--
-- Table structure for table `codono_myzc`
--

CREATE TABLE IF NOT EXISTS `codono_myzc` (
  `id` int(11) UNSIGNED NOT NULL AUTO_INCREMENT,
  `userid` int(11) UNSIGNED DEFAULT NULL,
  `username` varchar(80) DEFAULT NULL,
  `dest_tag` varchar(80) DEFAULT NULL COMMENT 'xmr.xrp etc',
  `coinname` varchar(15) DEFAULT NULL,
  `network` varchar(15) DEFAULT NULL COMMENT 'actual chain network for withdrawal ',
  `txid` varchar(80) DEFAULT NULL,
  `memo` varchar(80) DEFAULT NULL,
  `hash` varchar(80) DEFAULT NULL COMMENT 'Saving eth hash',
  `num` decimal(20,8) UNSIGNED DEFAULT NULL,
  `zc_coin` varchar(30) DEFAULT NULL COMMENT 'withdrawal fees coin',
  `fee` decimal(20,8) UNSIGNED DEFAULT NULL,
  `mum` decimal(20,8) UNSIGNED DEFAULT NULL,
  `sort` int(11) UNSIGNED DEFAULT NULL,
  `addtime` int(11) UNSIGNED DEFAULT NULL,
  `endtime` int(11) UNSIGNED DEFAULT NULL,
  `status` int(4) DEFAULT NULL,
  PRIMARY KEY (`id`),
  KEY `userid` (`userid`),
  KEY `status` (`status`),
  KEY `coinname` (`coinname`)
) ENGINE=InnoDB AUTO_INCREMENT=670 DEFAULT CHARSET=utf8mb3;


-- --------------------------------------------------------

--
-- Table structure for table `codono_myzc_fee`
--

CREATE TABLE IF NOT EXISTS `codono_myzc_fee` (
  `id` int(11) UNSIGNED NOT NULL AUTO_INCREMENT,
  `userid` int(11) UNSIGNED DEFAULT NULL,
  `username` varchar(200) COLLATE utf8mb3_unicode_ci DEFAULT NULL,
  `coinname` varchar(200) COLLATE utf8mb3_unicode_ci DEFAULT NULL,
  `txid` varchar(200) COLLATE utf8mb3_unicode_ci DEFAULT NULL,
  `type` varchar(200) COLLATE utf8mb3_unicode_ci DEFAULT NULL,
  `fee` decimal(20,8) DEFAULT NULL,
  `num` decimal(20,8) UNSIGNED DEFAULT NULL,
  `mum` decimal(20,8) UNSIGNED DEFAULT NULL,
  `sort` int(11) UNSIGNED DEFAULT NULL,
  `addtime` int(11) UNSIGNED DEFAULT NULL,
  `endtime` int(11) UNSIGNED DEFAULT NULL,
  `status` int(4) DEFAULT NULL,
  PRIMARY KEY (`id`),
  KEY `status` (`status`)
) ENGINE=InnoDB AUTO_INCREMENT=34 DEFAULT CHARSET=utf8mb3 COLLATE=utf8mb3_unicode_ci;

--
-- Dumping data for table `codono_myzc_fee`
--

INSERT INTO `codono_myzc_fee` (`id`, `userid`, `username`, `coinname`, `txid`, `type`, `fee`, `num`, `mum`, `sort`, `addtime`, `endtime`, `status`) VALUES
(32, 0, '0', 'usdt', '8', '2', '0.00207713', '0.01542694', '0.01542694', NULL, 1706896899, NULL, 2),
(33, 0, '0', 'bnb', NULL, '2', '0.00205000', '0.01000000', '0.01000000', NULL, 1716977049, NULL, 1);

-- --------------------------------------------------------

--
-- Table structure for table `codono_myzr`
--

CREATE TABLE IF NOT EXISTS `codono_myzr` (
  `id` int(11) UNSIGNED NOT NULL AUTO_INCREMENT,
  `userid` int(11) UNSIGNED DEFAULT NULL,
  `username` varchar(120) DEFAULT NULL,
  `coinname` varchar(30) DEFAULT NULL,
  `chain` varchar(42) DEFAULT NULL COMMENT 'network of deposit',
  `type` varchar(10) NOT NULL DEFAULT '0' COMMENT 'eth,qbb,rgb, [Mainly for eth type]',
  `txid` varchar(120) DEFAULT NULL,
  `memo` varchar(100) DEFAULT NULL,
  `shifted_to_main` tinyint(1) UNSIGNED NOT NULL DEFAULT 0 COMMENT 'if eth type deposit shiifted to main account',
  `num` decimal(20,8) UNSIGNED DEFAULT NULL,
  `mum` decimal(20,8) UNSIGNED DEFAULT NULL,
  `fee` decimal(20,8) UNSIGNED DEFAULT NULL,
  `sort` int(11) UNSIGNED DEFAULT NULL,
  `addtime` int(11) UNSIGNED DEFAULT NULL,
  `endtime` int(11) UNSIGNED DEFAULT NULL,
  `status` tinyint(2) DEFAULT NULL,
  PRIMARY KEY (`id`),
  KEY `userid` (`userid`),
  KEY `coinname` (`coinname`)
) ENGINE=InnoDB AUTO_INCREMENT=41092 DEFAULT CHARSET=utf8mb3;

--
-- Dumping data for table `codono_myzr`
--


-- --------------------------------------------------------

--
-- Table structure for table `codono_navigation`
--

CREATE TABLE IF NOT EXISTS `codono_navigation` (
  `id` int(11) UNSIGNED NOT NULL AUTO_INCREMENT COMMENT 'ID AUTO INC',
  `pid` int(10) NOT NULL DEFAULT 0 COMMENT 'parent',
  `name` varchar(255) NOT NULL COMMENT 'name',
  `title` varchar(255) NOT NULL COMMENT 'name',
  `url` varchar(255) NOT NULL COMMENT 'url',
  `ico` varchar(30) DEFAULT NULL COMMENT 'Font awesome Icon',
  `mobile_ico` varchar(50) DEFAULT NULL COMMENT 'mobile icons',
  `featured` varchar(30) DEFAULT NULL COMMENT 'featured block',
  `subtext` varchar(60) DEFAULT NULL,
  `sort` int(11) UNSIGNED NOT NULL COMMENT 'Sequence',
  `addtime` int(11) UNSIGNED NOT NULL COMMENT 'add time',
  `endtime` int(11) UNSIGNED NOT NULL DEFAULT 0 COMMENT 'Edit time',
  `is_external` tinyint(1) NOT NULL DEFAULT 0,
  `status` tinyint(4) NOT NULL DEFAULT 1 COMMENT 'status',
  PRIMARY KEY (`id`)
) ENGINE=InnoDB AUTO_INCREMENT=43 DEFAULT CHARSET=utf8mb3 ROW_FORMAT=DYNAMIC;

--
-- Dumping data for table `codono_navigation`
--

INSERT INTO `codono_navigation` (`id`, `pid`, `name`, `title`, `url`, `ico`, `mobile_ico`, `featured`, `subtext`, `sort`, `addtime`, `endtime`, `is_external`, `status`) VALUES
(1, 0, 'finance', 'Finance', 'Finance/index', NULL, NULL, NULL, NULL, 1, 0, 0, 0, -1),
(2, 0, 'user', 'User', 'User/index', NULL, NULL, NULL, NULL, 2, 0, 0, 0, -1),
(4, 0, 'Blog', 'News', 'Article/index', '', NULL, NULL, NULL, 7, 0, 0, 0, -1),
(7, 31, 'Vote', 'Vote', 'Vote/index', 'check-correct', '', '', '', 6, 0, 0, 0, 1),
(8, 0, 'ICO', 'ICO', 'Issue/index', NULL, NULL, NULL, NULL, 4, 1474183878, 0, 0, -1),
(15, 20, 'Spot Classic', 'Spot Classic', 'Trade/classic', 'send-to-back', '', '', 'Trade on our award-winning platform', 3, 1522312746, 0, 0, 1),
(16, 0, 'System Health', 'Health', 'Content/health', 'heartbeat', NULL, NULL, NULL, 10, 1524302866, 0, 0, -1),
(18, 0, 'Mining', 'Mining', 'Pool', '', NULL, NULL, NULL, 20, 1619506686, 0, 0, -1),
(19, 20, 'Easy Convert', 'Easy Convert', 'Easy', 'exchange', '', 'New', 'Easy Trade', 10, 1619518072, 0, 0, 1),
(20, 0, 'Trade', 'Trade', 'Trade', '', 'exchange-four', NULL, NULL, 30, 1630916925, 0, 0, 1),
(21, 0, 'Market', 'Market', 'Content/market', '', NULL, NULL, NULL, 3, 1631095835, 0, 0, 1),

(23, 29, 'Lab', 'Lab', 'Issue', 'flask', '', 'Innovate', 'Blockchain Research and Investments', 10, 1633007654, 0, 0, 1),
(24, 0, 'Finance', 'Finance', 'Finance', '', '', '', '', 20, 1633007905, 0, 0, 0),
(25, 29, 'Apps', 'Apps', 'Content/apps', 'devices', '', '', '', 0, 1633008047, 0, 0, 1),
(29, 0, ' ', ' ', '#', 'system', 'more-four', '', '', 0, 1675323619, 0, 1, 1),
(30, 29, 'Mining', 'Mining', 'Pool', 'heavy-metal', '', 'Mine to Earn', 'Rent mining machines', 0, 1675366471, 0, 0, 1),
(31, 0, 'Listing', 'Listing', '#', '', '', '', '', 0, 1676294130, 0, 0, 1),
(32, 20, 'Otc', 'Otc', 'Otc', 'cycle-movement', '', '', 'Over The Counter Liquidity', 0, 1676294440, 0, 0, 1),
(33, 20, 'Dex', 'Dex', 'Dex', 'connection-arrow', '', '', 'Use metamask to buy token', 0, 1676294673, 0, 0, 1),
(34, 0, 'Earn', 'Earn', '#', '', '', 'Hot', '', 0, 1676357127, 0, 0, 1),
(35, 34, 'Staking', 'Staking', 'Staking/index', 'broadcast-one', '', '', 'Stake and Get Rewards', 0, 1676357567, 0, 0, 1),
(36, 34, 'Airdrop', 'Airdrop', 'Airdrop', 'parachute', 'parachute', '', 'Earn Tokens', 0, 1676357666, 0, 0, 1),
(37, 34, 'Faucet', 'Faucet', 'Faucet', 'water', '', 'Grab', 'Free Coins and Tokens', 0, 1676359488, 0, 0, 1),
(38, 29, 'Store', 'Store', 'Shop', 'buy', '', '', 'Buy merchandise using crypto', 0, 1676365244, 0, 0, 1),
(39, 0, 'Google', 'Google', 'https://google.com', '', '', '', '', 0, 1677565846, 0, 1, -1),
(40, 20, 'Spot Professional', 'Spot Professional', 'Trade/tradepro', 'exchange-three', '', 'Hot', 'Tools for Pro', 0, 1680352779, 0, 1, 1),
(41, 31, 'Competition', 'Competition', 'Competition/index', 'ranking-list', '', '', '', 0, 1717061953, 0, 0, 1),
(42, 0, 'Leaderboard', 'Leaderboard', 'Leaderboard/index', '', '', 'New', '', 0, 1717062029, 0, 0, 1);

-- --------------------------------------------------------

--
-- Table structure for table `codono_notification`
--

CREATE TABLE IF NOT EXISTS `codono_notification` (
  `id` int(11) NOT NULL AUTO_INCREMENT COMMENT 'index',
  `to_email` varchar(255) COLLATE utf8mb3_unicode_ci DEFAULT NULL COMMENT 'Recepient',
  `subject` text COLLATE utf8mb3_unicode_ci DEFAULT NULL COMMENT 'email subject',
  `content` text COLLATE utf8mb3_unicode_ci DEFAULT NULL COMMENT 'email content',
  `status` tinyint(1) NOT NULL DEFAULT 0 COMMENT '0=unsent, 1 =sent',
  `addtime` int(11) DEFAULT NULL,
  `sent_time` int(11) DEFAULT NULL COMMENT 'Request time',
  `priority` int(2) NOT NULL DEFAULT 0 COMMENT 'Experimental',
  PRIMARY KEY (`id`)
) ENGINE=InnoDB AUTO_INCREMENT=67 DEFAULT CHARSET=utf8mb3 COLLATE=utf8mb3_unicode_ci;

--
-- Dumping data for table `codono_notification`
--

-- --------------------------------------------------------

--
-- Table structure for table `codono_options`
--

CREATE TABLE IF NOT EXISTS `codono_options` (
  `id` int(11) NOT NULL AUTO_INCREMENT,
  `name` varchar(50) DEFAULT NULL,
  `title` varchar(50) DEFAULT NULL COMMENT 'Description',
  `value` varchar(500) DEFAULT NULL,
  `status` tinyint(1) NOT NULL DEFAULT 1,
  PRIMARY KEY (`id`)
) ENGINE=InnoDB AUTO_INCREMENT=6 DEFAULT CHARSET=utf8mb3;

--
-- Dumping data for table `codono_options`
--

INSERT INTO `codono_options` (`id`, `name`, `title`, `value`, `status`) VALUES
(2, 'blockgum_url', 'Blockgum URL', 'http://167.99.248.185:9151', 1),
(3, 'blockgum_jwt', 'JWT Secret', 'bTZDZVpOZyNKcVcwPT02SyRsM2dqJG5wJmFtcDthbXA7dUhMYlpFc0ZPRXNJNXBRSGRhUHp5UWheb0ZCMkt0UWlwdGM=', 1),
(4, 'blockgum_security_type', 'Advance Security 1 or 0', '0', 1),
(5, 'blockgum_client_id', 'Blockgum Client ID', 'ss', 1);

-- --------------------------------------------------------

--
-- Table structure for table `codono_otc`
--

CREATE TABLE IF NOT EXISTS `codono_otc` (
  `id` int(11) UNSIGNED NOT NULL AUTO_INCREMENT,
  `name` varchar(255) DEFAULT NULL,
  `coinname` varchar(50) DEFAULT NULL,
  `num` decimal(20,8) UNSIGNED DEFAULT 0.00000000,
  `deal_buy` decimal(20,8) UNSIGNED DEFAULT 0.00000000 COMMENT 'total bought yet',
  `deal_sell` decimal(20,8) NOT NULL DEFAULT 0.00000000 COMMENT 'total sold yet',
  `limit` decimal(20,8) UNSIGNED DEFAULT 0.00000000,
  `min` decimal(20,8) UNSIGNED DEFAULT 0.00000000,
  `max` decimal(20,8) UNSIGNED DEFAULT 0.00000000,
  `addtime` int(11) UNSIGNED DEFAULT NULL,
  `endtime` int(11) UNSIGNED DEFAULT NULL,
  `sort` int(5) NOT NULL DEFAULT 0,
  `ownerid` int(11) DEFAULT 0 COMMENT 'Fee userid',
  `commission` decimal(20,8) UNSIGNED DEFAULT 0.00000000,
  `buy_commission` decimal(20,8) NOT NULL DEFAULT 0.00000000,
  `sell_commission` decimal(20,8) NOT NULL DEFAULT 0.00000000,
  `tier_1` decimal(5,2) NOT NULL DEFAULT 0.00 COMMENT 'otc commission for tier 1',
  `tier_2` decimal(5,2) NOT NULL DEFAULT 0.00 COMMENT 'otc commission for tier 2',
  `tier_3` decimal(5,2) NOT NULL DEFAULT 0.00 COMMENT 'otc commission for tier 3',
  `fees` decimal(20,8) UNSIGNED DEFAULT 0.00000000,
  `status` tinyint(1) DEFAULT 0,
  PRIMARY KEY (`id`),
  KEY `status` (`status`),
  KEY `name` (`name`),
  KEY `coinname` (`coinname`)
) ENGINE=InnoDB AUTO_INCREMENT=12 DEFAULT CHARSET=utf8mb3 COMMENT='OTC Coin table';

--
-- Dumping data for table `codono_otc`
--

INSERT INTO `codono_otc` (`id`, `name`, `coinname`, `num`, `deal_buy`, `deal_sell`, `limit`, `min`, `max`, `addtime`, `endtime`, `sort`, `ownerid`, `commission`, `buy_commission`, `sell_commission`, `tier_1`, `tier_2`, `tier_3`, `fees`, `status`) VALUES
(10, 'btc', 'btc', '0.00000000', '12.88000186', '7.92060080', '1000.00000000', '0.01000000', '10.00000000', 1644302231, NULL, 0, 1, '2.50000000', '2.00000000', '1.00000000', '3.00', '2.50', '2.00', '0.00000000', 1),
(11, 'eth', 'eth', '0.00000000', '33.27831238', '17.40000000', '10000.00000000', '0.10000000', '100.00000000', 1634920041, NULL, 0, 1, '1.50000000', '1.00000000', '1.00000000', '0.00', '0.00', '0.00', '0.00000000', 1);

-- --------------------------------------------------------

--
-- Table structure for table `codono_otc_log`
--

CREATE TABLE IF NOT EXISTS `codono_otc_log` (
  `id` int(11) UNSIGNED NOT NULL AUTO_INCREMENT,
  `qid` varchar(24) NOT NULL DEFAULT '0_0' COMMENT 'uid_time',
  `userid` int(11) UNSIGNED DEFAULT NULL,
  `type` varchar(10) DEFAULT NULL COMMENT 'type = buy/sell',
  `trade_coin` varchar(7) DEFAULT NULL COMMENT 'coin bought or sold',
  `base_coin` varchar(7) DEFAULT NULL COMMENT 'base coin',
  `final_price` decimal(20,8) UNSIGNED DEFAULT 0.00000000,
  `profit` decimal(20,8) DEFAULT 0.00000000 COMMENT 'commission earned ',
  `fees_paid` decimal(20,8) DEFAULT 0.00000000 COMMENT 'fees earned',
  `qty` decimal(20,8) UNSIGNED DEFAULT 0.00000000 COMMENT 'qty',
  `final_total` decimal(20,8) UNSIGNED DEFAULT 0.00000000 COMMENT 'price x num',
  `addtime` int(11) UNSIGNED DEFAULT NULL,
  `endtime` int(11) UNSIGNED DEFAULT NULL,
  `status` tinyint(1) DEFAULT 0,
  `fill` int(1) DEFAULT 0,
  `fill_id` varchar(30) DEFAULT NULL COMMENT 'binance fill record id',
  PRIMARY KEY (`id`),
  KEY `userid` (`userid`),
  KEY `status` (`status`)
) ENGINE=InnoDB AUTO_INCREMENT=24 DEFAULT CHARSET=utf8mb3 COMMENT='OTC trade records';

--
-- Dumping data for table `codono_otc_log`
--

INSERT INTO `codono_otc_log` (`id`, `qid`, `userid`, `type`, `trade_coin`, `base_coin`, `final_price`, `profit`, `fees_paid`, `qty`, `final_total`, `addtime`, `endtime`, `status`, `fill`, `fill_id`) VALUES
(14, '382_1628171510', 382, 'buy', 'btc', 'usd', '38554.06404000', '1.96078410', '0.00000000', '0.00259376', '100.00000000', 1628171510, NULL, 1, 1, '6'),
(15, '382_1632982703', 382, 'buy', 'btc', 'usd', '44500.67322000', '0.19607345', '0.00000000', '0.00022471', '10.00000000', 1632982703, NULL, 1, 1, '7'),
(16, '382_1634920046', 382, 'buy', 'eth', 'ugx', '14169947.32196447', '99.00864875', '0.00000000', '0.00070571', '10000.00000000', 1634920046, NULL, 1, 0, NULL),
(17, '38_1644302991', 38, 'buy', 'eth', 'usdt', '3207.07825000', '9.90099009', '0.00000000', '0.31181029', '1000.00000000', 1644302991, NULL, 1, 1, '1'),
(18, '38_1646135539', 38, 'sell', 'btc', 'zar', '675193.70971800', '6820.13848200', '0.00000000', '1.00000000', '675194.00000000', 1646135539, NULL, 1, 0, NULL),
(19, '38_1646137223', 38, 'buy', 'btc', 'zar', '717653.24378100', '7035.81611550', '0.00000000', '0.50000000', '358827.00000000', 1646137223, NULL, 1, 0, NULL),
(20, '38_1661778878', 38, 'buy', 'btc', 'usdt', '20320.59861000', '398.44311000', '0.00000000', '1.00000000', '20321.00000000', 1661778878, NULL, 1, 0, NULL),
(21, '38_1676370040', 38, 'buy', 'eth', 'usdt', '1525.59035500', '29.69306927', '0.00000000', '1.96579638', '2999.00000000', 1676370040, NULL, 1, 0, NULL),
(22, '38_1680015031', 38, 'buy', 'eth', 'usdt', '1761.39505500', '401.10976500', '0.00000000', '23.00000000', '40512.00000000', 1680015031, NULL, 1, 0, NULL),
(23, '38_1708344837', 38, 'buy', 'eth', 'usdt', '2941.30937500', '29.12187500', '0.00000000', '1.00000000', '2941.00000000', 1708344837, NULL, 1, 0, NULL);

-- --------------------------------------------------------

--
-- Table structure for table `codono_otc_quotes`
--

CREATE TABLE IF NOT EXISTS `codono_otc_quotes` (
  `id` int(11) NOT NULL AUTO_INCREMENT,
  `qid` varchar(30) DEFAULT NULL,
  `data` varchar(255) DEFAULT NULL,
  PRIMARY KEY (`id`)
) ENGINE=InnoDB AUTO_INCREMENT=5 DEFAULT CHARSET=utf8mb3;

--
-- Dumping data for table `codono_otc_quotes`
--

INSERT INTO `codono_otc_quotes` (`id`, `qid`, `data`) VALUES
(1, '0', '{\"qid\":0,\"trade_type\":\"buy\",\"trade\":\"eth\",\"base\":\"usdt\",\"symbol\":\"ethusdt\",\"qty\":\"0.38944451\",\"final_price\":\"2567.75986500\",\"final_total\":1000,\"profit\":\"9.90098992\",\"addtime\":1705396391}'),
(2, '38_1708344837', '{\"qid\":\"38_1708344837\",\"trade_type\":\"buy\",\"trade\":\"eth\",\"base\":\"usdt\",\"symbol\":\"ethusdt\",\"qty\":\"1\",\"final_price\":\"2941.30937500\",\"final_total\":2941,\"profit\":\"29.12187500\",\"addtime\":1708344837}'),
(3, '0', '{\"qid\":0,\"trade_type\":\"buy\",\"trade\":\"eth\",\"base\":\"usdt\",\"symbol\":\"ethusdt\",\"qty\":\"1\",\"final_price\":\"3980.56503500\",\"final_total\":3981,\"profit\":\"39.41153500\",\"addtime\":1716798319}'),
(4, '0', '{\"qid\":0,\"trade_type\":\"buy\",\"trade\":\"eth\",\"base\":\"usdt\",\"symbol\":\"ethusdt\",\"qty\":\"1\",\"final_price\":\"2618.35076500\",\"final_total\":2618,\"profit\":\"25.92426500\",\"addtime\":1723455938}');

-- --------------------------------------------------------


--
-- Table structure for table `codono_paybyemail`
--

CREATE TABLE IF NOT EXISTS `codono_paybyemail` (
  `id` int(11) UNSIGNED NOT NULL AUTO_INCREMENT,
  `from_userid` int(11) UNSIGNED DEFAULT NULL,
  `to_userid` varchar(200) DEFAULT NULL,
  `email` varchar(200) DEFAULT NULL COMMENT 'user identification email',
  `coinname` varchar(200) DEFAULT NULL,
  `code` varchar(50) DEFAULT NULL COMMENT 'code for verification',
  `txid` varchar(50) DEFAULT NULL COMMENT 'system generated some hash',
  `num` decimal(20,8) UNSIGNED DEFAULT NULL,
  `fee` decimal(20,8) UNSIGNED DEFAULT NULL,
  `mum` decimal(20,8) UNSIGNED DEFAULT NULL,
  `addtime` int(11) UNSIGNED DEFAULT NULL,
  `endtime` int(11) UNSIGNED DEFAULT NULL,
  `status` int(4) DEFAULT NULL,
  PRIMARY KEY (`id`),
  KEY `from_userid` (`from_userid`),
  KEY `status` (`status`),
  KEY `coinname` (`coinname`)
) ENGINE=InnoDB AUTO_INCREMENT=7 DEFAULT CHARSET=utf8mb3;

--
-- Dumping data for table `codono_paybyemail`
--

INSERT INTO `codono_paybyemail` (`id`, `from_userid`, `to_userid`, `email`, `coinname`, `code`, `txid`, `num`, `fee`, `mum`, `addtime`, `endtime`, `status`) VALUES
(1, 38, '39', 'shree@codono.com', 'usdt', '1222', 'd3fd6101f7aea4c9a587706cc9865630', '100.00000000', '0.50000000', '99.50000000', 1693378374, NULL, 1),
(2, 38, '1', 'admin@codono.com', 'btc', 'AK696524', 'db6eb6fb8001008e869db3ce8e036767', '1.00000000', '0.00500000', '0.99500000', 1716814731, NULL, 1),
(3, 38, '3', 'DXJGZY', 'btc', 'AK696524', '43b52a1c098c9a8fefc0aad3669270c2', '1.00000000', '0.00500000', '0.99500000', 1716815238, NULL, 1),
(4, 38, '382', 'crowdphp@gmail.com', 'btc', 'YF698675', '3dd2b9014c7fc08f24cf60f147a56490', '0.01000000', '0.00000000', '0.01000000', 1717407109, NULL, 1),
(5, 38, '6', 'GDFPBU', 'btc', 'SR672488', '45a9571ef294afec3737c6ae2a9edc6f', '0.01000000', '0.00000000', '0.01000000', 1717407218, NULL, 1),
(6, 38, '382', 'crowdphp@gmail.com', 'usdt', 'FX599822', '0d1158b0f31ad243e4398b3bec7fd12c', '10.00000000', '0.50000000', '9.50000000', 1717411445, NULL, 1);

-- --------------------------------------------------------

--
-- Table structure for table `codono_pending`
--

CREATE TABLE IF NOT EXISTS `codono_pending` (
  `id` int(11) UNSIGNED NOT NULL AUTO_INCREMENT,
  `userid` int(11) UNSIGNED DEFAULT NULL,
  `username` varchar(120) DEFAULT NULL,
  `coinname` varchar(30) DEFAULT NULL,
  `chain` varchar(42) DEFAULT NULL COMMENT 'network of deposit',
  `type` varchar(10) NOT NULL DEFAULT '0' COMMENT 'eth,qbb,rgb, [Mainly for eth type]',
  `txid` varchar(120) DEFAULT NULL,
  `memo` varchar(100) DEFAULT NULL,
  `num` decimal(20,8) UNSIGNED DEFAULT NULL,
  `mum` decimal(20,8) UNSIGNED DEFAULT NULL,
  `fee` decimal(20,8) UNSIGNED DEFAULT NULL,
  `sort` int(11) UNSIGNED DEFAULT NULL,
  `addtime` int(11) UNSIGNED DEFAULT NULL,
  `endtime` int(11) UNSIGNED DEFAULT NULL,
  `status` tinyint(2) DEFAULT NULL,
  `aml_status` tinyint(2) DEFAULT NULL COMMENT 'AML check status: 0=pending, 1=approved, 2=rejected',
  PRIMARY KEY (`id`),
  KEY `userid` (`userid`),
  KEY `coinname` (`coinname`),
  KEY `txid` (`txid`)
) ENGINE=InnoDB AUTO_INCREMENT=3 DEFAULT CHARSET=utf8mb3;

--
-- Dumping data for table `codono_pending`
--

INSERT INTO `codono_pending` (`id`, `userid`, `username`, `coinname`, `chain`, `type`, `txid`, `memo`, `num`, `mum`, `fee`, `sort`, `addtime`, `endtime`, `status`, `aml_status`) VALUES
(1, 1, 'testuser', 'btc', 'bitcoin', 'btc', 'testtxid1234567890', 'Test deposit', '0.01000000', '0.00950000', '0.00050000', NULL, 1723018332, NULL, 1, 1),
(2, 1, 'testuser', 'btc', 'bitcoin', 'btc', 'testtxid12345678d', 'Test deposit', '0.01000000', '0.00950000', '0.00050000', NULL, 1723018609, NULL, 1, 1);

-- --------------------------------------------------------

--
-- Table structure for table `codono_pool`
--

CREATE TABLE IF NOT EXISTS `codono_pool` (
  `id` int(11) UNSIGNED NOT NULL AUTO_INCREMENT,
  `name` varchar(50) DEFAULT NULL,
  `coinname` varchar(50) DEFAULT NULL,
  `getcoin` varchar(10) DEFAULT NULL COMMENT 'Mining reward coin',
  `ico` varchar(50) DEFAULT NULL,
  `price` decimal(20,8) UNSIGNED DEFAULT NULL,
  `days` int(11) UNSIGNED DEFAULT 1,
  `quantity` int(10) NOT NULL DEFAULT 0 COMMENT 'initial quantity',
  `stocks` int(10) DEFAULT 0 COMMENT 'inventory',
  `user_limit` int(10) NOT NULL DEFAULT 1 COMMENT 'per user mine rent limit',
  `power` varchar(20) DEFAULT NULL COMMENT 'hashing power [marketing]',
  `daily_profit` decimal(20,8) NOT NULL DEFAULT 0.00000000 COMMENT 'daily profit',
  `charge_coin` varchar(30) DEFAULT NULL,
  `charge_price` decimal(20,8) NOT NULL DEFAULT 0.00000000,
  `sort` int(4) UNSIGNED DEFAULT NULL,
  `addtime` int(11) UNSIGNED DEFAULT NULL,
  `endtime` int(11) UNSIGNED DEFAULT NULL,
  `is_popular` tinyint(1) NOT NULL DEFAULT 0 COMMENT 'if popular',
  `status` int(4) DEFAULT NULL,
  PRIMARY KEY (`id`),
  KEY `status` (`status`),
  KEY `name` (`name`)
) ENGINE=InnoDB AUTO_INCREMENT=7 DEFAULT CHARSET=utf8mb3 COMMENT='Mining machine type table';

--
-- Dumping data for table `codono_pool`
--

INSERT INTO `codono_pool` (`id`, `name`, `coinname`, `getcoin`, `ico`, `price`, `days`, `quantity`, `stocks`, `user_limit`, `power`, `daily_profit`, `charge_coin`, `charge_price`, `sort`, `addtime`, `endtime`, `is_popular`, `status`) VALUES
(1, 'Mining Pool', 'ltc', 'ltc', '60818c927e5e1.png', '1.00000000', 2, 100, 0, 1, '1.6ghz', '0.01000000', NULL, '0.00000000', 1, 1618833815, 1618843815, 1, 1),
(4, 'ETH Mining Rigs', 'eth', 'eth', '60818d6959fff.png', '1.00000000', 11, 2, 0, 1, '170-180 MH', '0.02000000', NULL, '0.00000000', 100, NULL, NULL, 0, 0),
(5, 'BNB Mining', 'usdt', 'bnb', '', '100.00000000', 5, 20, 12, 2, '1.6GHZ', '0.01010000', 'ada', '0.00000000', 100, NULL, NULL, 0, 1),
(6, 'Slow Node: Daily Mining 0.1 GNSS', 'usdt', 'gnss', '655b498d76f31.png', '8.00000000', 30, 100, 82, 1, '5.2 ghz', '0.10000000', 'bnb', '0.00200000', 1, NULL, NULL, 0, 0);

-- --------------------------------------------------------

--
-- Table structure for table `codono_pool_fees`
--

CREATE TABLE IF NOT EXISTS `codono_pool_fees` (
  `id` int(11) NOT NULL AUTO_INCREMENT,
  `userid` int(11) NOT NULL DEFAULT 0,
  `pool_id` int(11) NOT NULL DEFAULT 0,
  `rent_id` int(11) NOT NULL DEFAULT 0,
  `amount` decimal(20,8) NOT NULL DEFAULT 0.00000000,
  `coin` varchar(20) DEFAULT NULL,
  `type` tinyint(1) NOT NULL DEFAULT 0 COMMENT '0= unknown ,1=rent , 2 =income',
  `addtime` int(11) DEFAULT NULL,
  `status` tinyint(1) NOT NULL DEFAULT 1,
  PRIMARY KEY (`id`)
) ENGINE=InnoDB AUTO_INCREMENT=7 DEFAULT CHARSET=latin1 COMMENT='Site income using mining pool';

--
-- Dumping data for table `codono_pool_fees`
--

INSERT INTO `codono_pool_fees` (`id`, `userid`, `pool_id`, `rent_id`, `amount`, `coin`, `type`, `addtime`, `status`) VALUES
(1, 38, 6, 1, '8.00000000', 'usdt', 1, 1700556853, 1),
(2, 38, 6, 2, '8.00000000', 'usdt', 1, 1700557249, 1),
(3, 38, 6, 2, '0.00200000', 'bnb', 2, 1700557260, 1),
(4, 38, 6, 3, '8.00000000', 'usdt', 1, 1700559268, 1),
(5, 38, 6, 3, '0.00200000', 'bnb', 2, 1700559710, 1),
(6, 38, 4, 4, '1.00000000', 'eth', 1, 1708344023, 1);

-- --------------------------------------------------------

--
-- Table structure for table `codono_pool_log`
--

CREATE TABLE IF NOT EXISTS `codono_pool_log` (
  `id` int(11) UNSIGNED NOT NULL AUTO_INCREMENT,
  `poolid` int(11) DEFAULT 0,
  `userid` int(11) UNSIGNED DEFAULT NULL,
  `coinname` varchar(50) DEFAULT NULL,
  `getcoin` varchar(20) DEFAULT NULL COMMENT 'reward coin',
  `name` varchar(50) DEFAULT NULL,
  `ico` varchar(50) DEFAULT NULL,
  `price` decimal(20,8) UNSIGNED DEFAULT NULL,
  `days` int(3) UNSIGNED DEFAULT 0 COMMENT 'number of days',
  `stocks` int(10) DEFAULT 0 COMMENT 'inventory of machines',
  `power` varchar(50) DEFAULT NULL,
  `daily_profit` decimal(20,8) NOT NULL DEFAULT 0.00000000 COMMENT 'daily profit',
  `num` int(11) UNSIGNED DEFAULT NULL,
  `collected` int(4) UNSIGNED DEFAULT 0,
  `sort` int(11) UNSIGNED DEFAULT 0,
  `addtime` int(11) UNSIGNED DEFAULT NULL,
  `endtime` int(11) UNSIGNED DEFAULT NULL,
  `status` int(4) DEFAULT NULL,
  PRIMARY KEY (`id`),
  KEY `status` (`status`),
  KEY `userid` (`userid`)
) ENGINE=InnoDB AUTO_INCREMENT=5 DEFAULT CHARSET=utf8mb3 COMMENT='Minerals Management';

--
-- Dumping data for table `codono_pool_log`
--

INSERT INTO `codono_pool_log` (`id`, `poolid`, `userid`, `coinname`, `getcoin`, `name`, `ico`, `price`, `days`, `stocks`, `power`, `daily_profit`, `num`, `collected`, `sort`, `addtime`, `endtime`, `status`) VALUES
(3, 6, 38, 'usdt', 'gnss', 'Slow Node: Daily Mining 0.1 GNSS', '655b498d76f31.png', '8.00000000', 30, 0, '5.2 ghz', '0.10000000', 1, 1, 0, 1700449268, 1700559710, 1),
(4, 4, 38, 'eth', 'eth', 'ETH Mining Rigs', '60818d6959fff.png', '1.00000000', 11, 0, '170-180 MH', '0.02000000', 1, 0, 0, 1708344023, 1723445641, 1);

-- --------------------------------------------------------

--
-- Table structure for table `codono_pool_rewards`
--

CREATE TABLE IF NOT EXISTS `codono_pool_rewards` (
  `id` int(11) NOT NULL AUTO_INCREMENT,
  `poolid` int(11) NOT NULL,
  `logid` int(11) NOT NULL,
  `userid` int(11) NOT NULL,
  `coinname` varchar(10) DEFAULT NULL,
  `amount` decimal(20,8) DEFAULT 0.00000000,
  `hash` varchar(64) DEFAULT NULL COMMENT 'hash computed',
  `addtime` int(11) DEFAULT 0,
  PRIMARY KEY (`id`)
) ENGINE=InnoDB AUTO_INCREMENT=21 DEFAULT CHARSET=utf8mb3;

--
-- Dumping data for table `codono_pool_rewards`
--

INSERT INTO `codono_pool_rewards` (`id`, `poolid`, `logid`, `userid`, `coinname`, `amount`, `hash`, `addtime`) VALUES
(1, 5, 1, 38, 'bnb', '0.01010000', 'd31bb6e847a57f1d6154cc51c789e0e3ab2a65a9', 1700464164),
(4, 6, 5, 38, 'gnss', '0.10000000', 'fa8ca628255ecaec4ca538b5a1a720e9e3293c39', 1700493985),
(5, 6, 6, 38, 'gnss', '0.10000000', '0db8f90b6f9fbb4f3a8e0be752c29c6819d5497c', 1700495287),
(6, 6, 7, 38, 'gnss', '0.10000000', 'f82d0b084bcff4a7f79a2b28ae2069a30c9585ed', 1700495590),
(7, 6, 8, 38, 'gnss', '0.10000000', 'aa5464b3ca81fde86d5efe8629d8db8db8bd3868', 1700496198),
(8, 6, 9, 38, 'gnss', '0.10000000', 'accdeb258396ef489d4afc9492a60383d502afcc', 1700496978),
(9, 6, 10, 38, 'gnss', '0.10000000', '4b3c55d8e2aa8cfe375eb53557775988da90b704', 1700498051),
(10, 6, 11, 38, 'gnss', '0.10000000', 'c5f556f7cb269089af9007d7e5d774ddaa2a54d9', 1700498304),
(11, 6, 12, 38, 'gnss', '0.10000000', '5a903c3db5380e074b2efd3915ac3c40e0898061', 1700546934),
(12, 6, 13, 38, 'gnss', '0.10000000', '84755ff1106e6418ef9f34700c3b06688dc9ebdb', 1700548215),
(13, 6, 14, 38, 'gnss', '0.10000000', '0f722c5833e4178d171af8cde7836bf7ea8e362c', 1700550128),
(14, 6, 15, 38, 'gnss', '0.10000000', '87e07dfcf1de676baac759272d46272a5fc38d46', 1700551729),
(15, 6, 16, 38, 'gnss', '0.10000000', '480d6886a8b624d243c01acc25d3ad139cbb5397', 1700553797),
(16, 6, 17, 38, 'gnss', '0.10000000', '0a8145ae337ebe033cb7c15cb1cc6179861dbf7c', 1700555053),
(17, 5, 1, 38, 'bnb', '0.01010000', 'e3f15fc79ae625da9a51a6ef15c91c22480f516f', 1700555079),
(18, 6, 1, 38, 'gnss', '0.10000000', 'f4dd8e79539a243fcc0a54f6a46872be91a8d4ff', 1700557155),
(19, 6, 2, 38, 'gnss', '0.10000000', 'abba9e08a8062eaa96bc8e5067dadf09dcef82de', 1700557260),
(20, 6, 3, 38, 'gnss', '0.10000000', 'ba5227880f9d773e113885a5fa91fefc4d05bae7', 1700559710);

-- --------------------------------------------------------

--
-- Table structure for table `codono_prompt`
--

CREATE TABLE IF NOT EXISTS `codono_prompt` (
  `id` int(11) UNSIGNED NOT NULL AUTO_INCREMENT,
  `name` varchar(200) DEFAULT NULL,
  `title` varchar(200) DEFAULT NULL,
  `url` varchar(200) DEFAULT NULL,
  `img` varchar(200) DEFAULT NULL,
  `mytx` varchar(200) DEFAULT NULL,
  `remark` varchar(50) DEFAULT NULL,
  `sort` int(11) UNSIGNED DEFAULT NULL,
  `addtime` int(11) UNSIGNED DEFAULT NULL,
  `endtime` int(11) UNSIGNED DEFAULT NULL,
  `status` int(4) DEFAULT NULL,
  PRIMARY KEY (`id`),
  KEY `status` (`status`),
  KEY `name` (`name`)
) ENGINE=InnoDB DEFAULT CHARSET=utf8mb3;

-- --------------------------------------------------------

--
-- Table structure for table `codono_qrlogin`
--

CREATE TABLE IF NOT EXISTS `codono_qrlogin` (
  `id` int(11) NOT NULL AUTO_INCREMENT,
  `desktop_ip` varchar(50) DEFAULT NULL,
  `created_at` int(11) DEFAULT 0,
  `qr_secret` varchar(50) NOT NULL,
  `login_at` int(11) DEFAULT 0,
  `userid` int(11) NOT NULL,
  `mobile_ip` varchar(255) NOT NULL,
  `status` tinyint(1) NOT NULL DEFAULT 0,
  PRIMARY KEY (`id`)
) ENGINE=InnoDB AUTO_INCREMENT=3 DEFAULT CHARSET=latin1;

-- --------------------------------------------------------

--
-- Table structure for table `codono_rapid_deposit`
--

CREATE TABLE IF NOT EXISTS `codono_rapid_deposit` (
  `id` int(11) NOT NULL AUTO_INCREMENT,
  `qid` varchar(50) NOT NULL,
  `coin` varchar(20) DEFAULT NULL,
  `userid` int(11) NOT NULL,
  `amount` decimal(20,8) NOT NULL DEFAULT 0.00000000,
  `addtime` int(11) NOT NULL,
  `status` tinyint(1) NOT NULL DEFAULT 0 COMMENT '0=pending, 1 = received,2 =deposited, 3=invalid',
  PRIMARY KEY (`id`)
) ENGINE=InnoDB AUTO_INCREMENT=7 DEFAULT CHARSET=utf8mb3;

--
-- Dumping data for table `codono_rapid_deposit`
--

INSERT INTO `codono_rapid_deposit` (`id`, `qid`, `coin`, `userid`, `amount`, `addtime`, `status`) VALUES
(1, '38_c18be3417e41b1e1f7a3f7df9918c296', 'bnb', 38, '1.00000000', 1641836742, 0),
(2, '38_60490065332aa230f53e3f53a41e1e72', 'bnb', 38, '1.00000000', 1641836760, 0),
(3, '38_4d309ac0317644842e21ab523ed25c02', 'bnb', 38, '1.20000000', 1641836780, 0),
(4, '38_d0a2d292f8d371c150298b856b00fb9e', 'bnb', 38, '0.10000000', 1641836821, 0),
(5, '38_71e9f12bf9de289cef6f01d4d0d4a660', 'busdt', 38, '1000.00000000', 1677823384, 0),
(6, '8_5b3e6b663283003534e4cc5e5e232758', 'busdt', 8, '1.00000000', 1718873574, 0);

-- --------------------------------------------------------

--
-- Table structure for table `codono_roadmap`
--

CREATE TABLE IF NOT EXISTS `codono_roadmap` (
  `id` int(5) NOT NULL AUTO_INCREMENT,
  `year` varchar(30) NOT NULL DEFAULT 'Q3 2020',
  `date` varchar(50) NOT NULL DEFAULT 'Jul-Sept 2020',
  `text` text DEFAULT NULL,
  `status` tinyint(1) NOT NULL DEFAULT 1,
  PRIMARY KEY (`id`)
) ENGINE=InnoDB AUTO_INCREMENT=6 DEFAULT CHARSET=utf8mb3;

--
-- Dumping data for table `codono_roadmap`
--

INSERT INTO `codono_roadmap` (`id`, `year`, `date`, `text`, `status`) VALUES
(1, 'Q1 2020', 'Jan-Mar 2020', 'Whitepaper Release', 1),
(2, 'Q2 2020', 'Apr-Jun  2020', 'MVP Release', 1),
(3, 'Q3 2020', 'Jul-Sept 2020', 'Development and release of exchange', 1),
(4, 'Q4 2020', 'Oct-Dec 2020', 'Staking Feature', 2),
(5, 'Q1 2020', 'Jan-Mar 2021', 'Voting Release', 0);

-- --------------------------------------------------------

--
-- Table structure for table `codono_safety`
--

CREATE TABLE IF NOT EXISTS `codono_safety` (
  `id` int(11) NOT NULL AUTO_INCREMENT,
  `email` varchar(50) DEFAULT NULL,
  `ip` varchar(50) DEFAULT NULL,
  `addtime` int(11) DEFAULT NULL,
  `is_bad` tinyint(1) NOT NULL DEFAULT 0,
  `comment` varchar(50) DEFAULT NULL COMMENT 'Reason',
  PRIMARY KEY (`id`)
) ENGINE=InnoDB AUTO_INCREMENT=25 DEFAULT CHARSET=utf8mb3;

--
-- Dumping data for table `codono_safety`
--

INSERT INTO `codono_safety` (`id`, `email`, `ip`, `addtime`, `is_bad`, `comment`) VALUES
(15, 'turndealer@gmail.com', '0.0.0.0', 1699437489, 0, 'Verify/email_findpwd'),
(17, 'turndealer@gmail.com', '::1', 1718468848, 0, 'Verify/email_findpwd'),
(18, 'amber@codono.com', '127.0.0.1', 1725451919, 0, 'Account Freezed by User for Abnormal Activity'),
(19, 'amber@codono.com', '127.0.0.1', 1725451927, 0, 'Account Freezed by User for Abnormal Activity'),
(20, 'amber@codono.com', '127.0.0.1', 1725451930, 0, 'Account Freezed by User for Abnormal Activity'),
(21, 'amber@codono.com', '127.0.0.1', 1725451977, 0, 'Account Freezed by User for Abnormal Activity'),
(22, 'amber@codono.com', '127.0.0.1', 1725451979, 0, 'Account Freezed by User for Abnormal Activity'),
(23, 'amber@codono.com', '127.0.0.1', 1725452157, 0, 'Account Freezed by User for Abnormal Activity'),
(24, 'amber@codono.com', '127.0.0.1', 1725454306, 0, 'Account Freezed by User for Abnormal Activity');

-- --------------------------------------------------------

--
-- Table structure for table `codono_session`
--

CREATE TABLE IF NOT EXISTS `codono_session` (
  `session_id` varchar(255) CHARACTER SET latin1 NOT NULL,
  `session_expire` int(11) NOT NULL,
  `session_data` blob DEFAULT NULL,
  UNIQUE KEY `session_id` (`session_id`)
) ENGINE=InnoDB DEFAULT CHARSET=utf8mb3 COLLATE=utf8mb3_bin;

-- --------------------------------------------------------

--
-- Table structure for table `codono_shop`
--

CREATE TABLE IF NOT EXISTS `codono_shop` (
  `id` int(11) UNSIGNED NOT NULL AUTO_INCREMENT,
  `name` varchar(255) DEFAULT NULL,
  `coinlist` varchar(255) DEFAULT NULL,
  `img` varchar(255) DEFAULT NULL,
  `type` varchar(255) DEFAULT NULL,
  `buycoin` varchar(255) NOT NULL DEFAULT 'usd',
  `price` decimal(20,2) UNSIGNED NOT NULL DEFAULT 0.00,
  `num` decimal(20,0) UNSIGNED NOT NULL DEFAULT 0,
  `deal` decimal(20,0) UNSIGNED NOT NULL DEFAULT 0,
  `content` text DEFAULT NULL,
  `max` varchar(255) DEFAULT NULL,
  `sort` int(11) UNSIGNED DEFAULT NULL,
  `addtime` int(11) UNSIGNED DEFAULT NULL,
  `endtime` int(11) UNSIGNED DEFAULT NULL,
  `status` tinyint(4) NOT NULL DEFAULT 0,
  `shipping` tinyint(1) NOT NULL DEFAULT 0 COMMENT '0 = no shipping , 1 = shipping',
  `market_price` decimal(20,2) UNSIGNED NOT NULL DEFAULT 0.00 COMMENT 'Price',
  `codono_awardcoinnum` int(4) NOT NULL DEFAULT 0,
  `codono_awardcoin` varchar(100) DEFAULT NULL,
  PRIMARY KEY (`id`),
  KEY `name` (`name`),
  KEY `status` (`status`),
  KEY `deal` (`deal`),
  KEY `price` (`price`)
) ENGINE=InnoDB AUTO_INCREMENT=5 DEFAULT CHARSET=utf8mb3 COMMENT='Shopping Center commercial table';

--
-- Dumping data for table `codono_shop`
--

INSERT INTO `codono_shop` (`id`, `name`, `coinlist`, `img`, `type`, `buycoin`, `price`, `num`, `deal`, `content`, `max`, `sort`, `addtime`, `endtime`, `status`, `shipping`, `market_price`, `codono_awardcoinnum`, `codono_awardcoin`) VALUES
(1, 'MacBook Pro MF839CH/A 13.3 Inch', '', '/Upload/shop/5822a937b9874.png', 'electronics', 'usd', '888.00', '11110', '2', 'MacBook Pro<br />\r\n <br />\r\n WithRetina Display<br />\r\n <br />\r\n Each pixel particles, filling the surging power.<br />\r\n <br />\r\n Eye-catching Retina Display<br />\r\n <br />\r\n Ahead of its time several megapixels<br />\r\n <br />\r\n 15 Inch model has more than 500 CMOS,13 Inch model has more than 400 CMOS. So whether you are in the retouch photos or clips HDHD home videos can get stunning clarity. Text is also sharp and clear, let them browse the web and modify the document everyday things have become more enjoyable than ever. Such a display before being worthy of this extremely advanced notebook computer.<br />\r\n <br />\r\n Force Touch Touch version<br />\r\n <br />\r\n Let a new level of depth corresponding formula<br />\r\n <br />\r\n 13 inch MacBook Pro And bring you Mac The new way of interaction. Compact design Force Touch Touch pad, so you either tap the surface of which position, can get sensitive and consistent results click response. Below the touchpad, the intensity sensor can detect the intensity of your tap, add a new dimension to touch operation. You can enable long press by forcing a series of new features, such as simply increasing the intensity of pressing on the touchpad, you can quickly view the definition of words or preview files. You can also experience the tactile feedback, the touchpad will be issued a tactile vibration, so everything you see on the screen, but also feel it. All of these advanced features, all with deeply Mac Users favorite Multi-Touch With the use of gestures. Between easy, and you Mac Between communication, entered a new realm. Only13Inch models.<br />\r\n <br />\r\n A number of new high-performance technology<br />\r\n <br />\r\n Technology work together to quickly fulfill all<br />\r\n <br />\r\n It has strong power of dual-core and quad-core Intel Processors, advanced graphics processor, based on PCIe High-speed flash memory and fast Thunderbolt 2 Port, with Retina Display MacBook Pro Bring a full range of high performanceAnd meet all of your expectations Correct laptop.Whether you areBrowseSite or building site,Or play streaming video or video clips,MacBook Pro Able to unimaginable power and speed the rapid handling extremely complex (And less complex) Task.<br />\r\n <br />\r\n Thin, light, strong<br />\r\n <br />\r\n Between the least bit, hold unlimited innovation<br />\r\n <br />\r\n MacBook Pro The essence of the design is full of strong performance in a limited space. Because we believe, we should pursue high performance without sacrificing portability. Although the new 13 inch MacBook Pro So lightweight, but can still provide up 10 hourBatteryusetime,ratio ago product for an hour longer*.<br />\r\n <br />\r\n With a range of powerfulAPP<br />\r\n <br />\r\n Everything work smoothly, entertainment to get started<br />\r\n <br />\r\n Every new Mac They are equipped with iPhoto,iMovie,GarageBand,Pages,Numbers with Keynote. From the moment it opened, you can use photos, videos, music, documents, spreadsheets and presentations to Get creative. To cope with OS X Yosemite The beautifully designed, these app Have been upgraded. At the same time, you also enjoy a variety of exciting appTo send and receive email, surf the web, send text information, FaceTime Video calls, and even a appWe can help you find new app.<br />\r\n <br />\r\n OS X Yosemite<br />\r\n <br />\r\n Advanced computer operating system<br />\r\n <br />\r\n OS X Yosemite Easy to use, elegant and beautiful, more carefully built so that Mac Hardware functions into full play, called the advanced computer operating system. It is equipped with a series of outstanding appTo meet your daily needs. In addition, it lets you Mac with iOS Equipment can be a great way to tacit cooperation.<br />\r\n <br />\r\n Retina Display<br />\r\n <br />\r\n Several megapixels of good scenery<br />\r\n <br />\r\n <br />\r\n <br />\r\n 13 inch MacBook Pro<br />\r\n <br />\r\n 13 Inch equipped Retina Display MacBook Pro<br />\r\n <br />\r\n When you put so much into the pixels of a display:13 Inch model to achieve 400 Multi-million pixels,15 Inch model to achieve 500 Multi-million pixels, the effect is absolutely eye-catching. Its high pixel density more than the human eye can distinguish the image fidelity to a whole new realm.13 inch MacBook Pro has an amazing 2560 x 1600 pixel resolution, 15 inch MacBook Pro We have equally impressive 2880 x 1800 pixel resolution, can let you in the high resolution image pixel accuracy lucidity. And the language is so sharp that you have the feeling of reading email, web pages and File on paper.<br />\r\n <br />\r\n Retina Display while maintaining exceptional image quality and color, reducing the glare of. Its high-contrast black make more full-bodied, brighter white, all other colors also appear to be richer and more vivid.IPS Technology allows you to be able to 178 Wide viewing angle of viewing everything on the screen, so you can almost feel the difference from any angle. And you will certainly fascinated by everything he saw.<br />\r\n <br />\r\n 13 Inch equipped Retina Display MacBook Pro ratio HDTV More recent 200 CMOS,15 Inch model is more 300 CMOS.<br />\r\n <br />\r\n advanced Intel Mobile Processor<br />\r\n <br />\r\n Dual-core, quad-core, the powerful can not be discounted<br />\r\n <br />\r\n 13 Inch equipped Retina Display MacBook Pro,CarryThe fifth-generation dual-core Intel Core i5 or Intel Core i7 Processor, anytime, anywhere easily meet those high demands on performance appThis means that no matter where you go with the camera, your entire digital photo studio will be moving in unison. Each model incorporates Hyper-Threading technology that enhances performance by letting each core handle multiple tasks at the same time. Fast reached 3.1GHz Processing speed, up to 4MB Shared L3 cache and up3.4GHz of Turbo Boost Turbo Boost technology, these processors can cope with any task at any time.<br />\r\n <br />\r\n High-performance graphics processor<br />\r\n <br />\r\n Screen performance, thoroughly<br />\r\n <br />\r\n 13 Inch equipped Retina Display MacBook Pro Carry Intel Iris Graphics 6100 Graphics processor, is to perform a variety of daily tasks and graphics-intensive creative app The ideal choice. You can easily scroll through large photo libraries, playing those games is full of wonderful details, but also to connect one or two external displays, this is 13 inch MacBook Pro Once again a wonderful interpretation of the compact size and exceptional performance.<br />\r\n <br />\r\n Long battery life<br />\r\n <br />\r\n Life up 10 hour<br />\r\n <br />\r\n 13 inch MacBook Pro Charging time can run up 10 hour,More than a generationhour.and 15 Inch model can run for up to 8hour. For any laptop, such a battery are impressive. But is equipped with ultra-high resolution display, advanced processors and graphics processors, and high-performance notebook slim design, this is absolutely unbelievable. Built-in battery can provide up to you 1000 Last full charge and discharge cycles.<br />\r\n <br />\r\n Faster all-flash<br />\r\n <br />\r\n The name of flash memory, is not a mere name<br />\r\n <br />\r\n based on PCle Flash has amazing read and write speeds,No matter what you do,You can feel the difference:Very fast to start,app Open fast, even the desktop is also very smooth, very fast response.13 Flash Qantas inch model than the previous generation 2 Times, so you can import massive gallery at the moment. In the 15 On-inch models, flash memory and quad-core processors and high-performance graphics processor combine to make Final Cut Pro X In demanding editing tasks can be done quickly. Since these MacBook Pro Models are equipped with up to 1TB of flash memory, therefore you can carry all the important files with you. In addition, flash does not have any moving parts, so it is extremely durable and quiet.<br />\r\n <br />\r\n Mac Wonderful<br />\r\n <br />\r\n Wonderful in it can help you do everything<br />\r\n <br />\r\n Each Mac They are equipped with numerous inspire creativity and enhance the efficiency of app. At the same time, also has an impressive range of app To deal with daily affairs,includeBrowsenetwork page,Send e-mail and information,as well asOrganize your calendar.Theres even a appWe can help you find new app. So, your Mac Not only functional, but also heavily armed.<br />', '', 1, 1510156800, 1510202634, 1, 0, '900.00', 0, 'etn'),
(2, 'Universal Mobile Stand', '', '/Upload/shop/5822a9af793d6.png', 'electronics', 'usd', '45.00', '9998', '2', 'Product Description here', '', 2, 1521537542, 1521537542, 1, 0, '78.00', 0, ''),
(3, 'A1 Handheld HD mini projector', '', '/Upload/shop/5822a9ff1e0f6.png', 'electronics', 'usd', '115.00', '994', '5', '<div style=\"margin:10px auto;padding:0px;font-family:Microsoft elegant black;background-color:#FFFFFF;color:#333333;\">\r\n 	<p style=\"font-family:tahoma, \" font-size:35px;text-align:center;\"=\"\">\r\n 		Czech Republic, as the A1Wireless Micro Projector\r\n 		</p>\r\n <p>\r\n 		Based on the worlds firstDLPTechnology.LEDMicro projector light Technology\r\n 	</p>\r\n <p style=\"font-family:tahoma, \" font-size:14px;text-align:center;text-indent:28px;\"=\"\">\r\n 		A1It is based on the worlds firstDLPTechnology.0.3inchDMDFull function self-decoding chip (up to1080PResolution video)LEDLIGHT SOURCE mini projector, built-in wireless communication module interconnect technology, coupled with a variety of digital products, no cumbersome external data lines and power lines, not the space, limits the geographical environment.LEDMini projector, also known as pocket projectors, portable projectors, is the traditional large projector is compact, portable, miniaturized, entertainment, practical, living closer to the projector and entertainment. As a result of world-class (OSRAMOSRAM Semiconductor)LEDLight source technology, in view of theLEDSuper life, the average life of the aircraft over3Million hours.\r\n 		</p>\r\n \r\n </div>\r\n <div style=\"margin:10px auto;padding:0px;font-family:Microsoft elegant black;background-color:#FFFFFF;color:#333333;\">\r\n 	<p style=\"font-family:tahoma, \" font-size:35px;text-align:center;\"=\"\">\r\n 		Small projector, big screen\r\n 		</p>\r\n <p>\r\n 		Work, play a machine in place, anytime, anywhere to share with others\r\n 	</p>\r\n <p style=\"font-family:tahoma, \" font-size:14px;text-align:center;text-indent:28px;\"=\"\">\r\n 		The industrys first built-in wireless high-speedWi-FiModules and1080PHD decoder chip, can interpret and transmit more video sources Ninetowns, to make your online video everywhere, small projectors, large screen, anytime, anywhere to share videos, pictures and other resources with others, the use of direct readingTFMemory card or machineOFFICEDocuments, process documents faster and more convenient.A1Wireless mini projector for mobile commerce (in particular:IT, Advisory, consultancy, finance, insurance, direct marketing, etc.), product display, playbackOFFICEDocuments, digital products, video sharing, video games, small meetings and education, outdoor recreation,PARTYEtc., childrens education and entertainment.\r\n 		</p>\r\n </div>\r\n <div style=\"margin:10px auto;padding:0px;font-family:Microsoft elegant black;background-color:#FFFFFF;color:#333333;\">\r\n 	<p style=\"font-family:tahoma, \" font-size:35px;text-align:center;\"=\"\">\r\n 		Built-in wireless communication module\r\n 		</p>\r\n <p>\r\n 		Phone remote control, wired and wireless computer connection, in one step\r\n 	</p>\r\n <p style=\"font-family:tahoma, \" font-size:14px;text-align:center;text-indent:28px;\"=\"\">\r\n 		Support mobile remote control, mobile phone can be used as a remote control to manipulate projected. Connected to the computer, may be wired, wireless connected to the computer. The product not only can be read only byTFMemory card or machine function, can also be connected via the built-in wireless communication module with wireless smart phone, the phone screen display wirelessly to the projector and projected out, with Apple support Andrews phone system, while supporting the system iPad,PCEtc., and can be connected to wired and wireless laptop or desktop computer and is mirrored in the screen content.\r\n 		</p>\r\n </div>\r\n <div style=\"margin:10px auto;padding:0px;font-family:Microsoft elegant black;background-color:#FFFFFF;color:#333333;\">\r\n 	<p style=\"font-family:tahoma, \" font-size:35px;text-align:center;\"=\"\">\r\n 		The worlds first user-friendly operator interface\r\n 		</p>\r\n <p>\r\n 		Easy to read, easy to understand, easy to operate\r\n 	</p>\r\n <p style=\"font-family:tahoma, \" font-size:14px;text-align:center;text-indent:28px;\"=\"\">\r\n 		The worlds first user-friendly interface, easy to read, compared with similar products, the first contact with the user of the product, can master most of the functions operate in a shorter period of time, allowing users to go to a happy mood enjoy favorite video screen. Handheld projection products, this moderate brightness, image contrast1000:1,854x480High-resolution, colorful transparent, reproduction is good, the pictures are clear, sharp, high-definition players and other text documents, good detail.\r\n 		</p>\r\n </div>\r\n <div style=\"margin:0px auto;padding:0px;font-family:Microsoft elegant black;background-color:#FFFFFF;color:#333333;\">\r\n 			</div>\r\n 			<div style=\"margin:10px auto;padding:0px;font-family:Microsoft elegant black;background-color:#F8F8F8;color:#666666;\">\r\n 				<p style=\"font-family:tahoma, \" font-size:20px;\"=\"\">\r\n 		Compared with other similar products, it has the following characteristics and advantages:\r\n 					</p>\r\n <p style=\"font-family:tahoma, \" font-size:14px;\"=\"\">\r\n 		. The minimum volume of the whole industry in the same function, the lightest weight, better portability.<br />\r\n . Via wired and wireless connectionswindowsSystems, system products Apple, Android products.<br />\r\n . At the same time distance projection, large screen area than similar products10About inches, the picture looks more intuitive and comfortable, smooth.<br />\r\n . Machine built-in wireless communication module, data processing and receiving stable, free from outside environmental factors, moving, shaking, etc., causing wireless communication signal is interrupted or affect play smooth, high yield when the unit quantities.<br />\r\n . The use of the polymer lithium battery, the safety of the market than similar models battery, and service life than normal life lithium battery.<br />\r\n . Optimization of cooling duct design, low noise, less overall opening ratio, dust absorption probability is small, the appearance of better treatment process, the whole low fault repair rate.\r\n 				</p>\r\n 			</div>\r\n 			<div style=\"margin:10px auto;padding:0px;font-family:Microsoft elegant black, Arial;color:#666666;background-color:#FFFFFF;\">\r\n 				\r\n 			</div>\r\n 			<div style=\"margin:10px auto;padding:0px;font-family:Microsoft elegant black, Arial;color:#666666;background-color:#FFFFFF;\">\r\n 						</div>\r\n 						<div style=\"margin:0px auto;padding:0px;font-family:Microsoft elegant black;background-color:#FFFFFF;color:#333333;\">\r\n <p style=\"font-family:tahoma, \" font-size:15px;font-weight:bold;\"=\"\">\r\n 		1Whether all mobile phones can be connected to the wireless mini-projector?\r\n 							</p>\r\n <p style=\"font-family:tahoma, \" font-size:14px;\"=\"\">\r\n 		A: Currently supported phone operating system Android4.0Or later, Apple System version5.1(Including the version) to use, does not supportwindowsphoneSeries mobile phone operating system.\r\n 								</p>\r\n <p style=\"font-family:tahoma, \" font-size:15px;font-weight:bold;\"=\"\">\r\n 		2The maximum area of   the screen can be projected much?\r\n 							</p>\r\n <p style=\"font-family:tahoma, \" font-size:14px;\"=\"\">\r\n 		answer:40Inch left and right/1M, in a dark room and projected a larger area, the largest80Inches, depending on the Environment and to cast to determine the size of the projected area.\r\n 								</p>\r\n <p style=\"font-family:tahoma, \" font-size:15px;font-weight:bold;\"=\"\">\r\n 		3, The machine has built-in internal memory?\r\n 							</p>\r\n <p style=\"font-family:tahoma, \" font-size:14px;\"=\"\">\r\n 		A: The machine can remove externalTFCard (up to32G), The own internal4GMemory, it can store the user wants to store content.\r\n 								</p>\r\n <p style=\"font-family:tahoma, \" font-size:15px;font-weight:bold;\"=\"\">\r\n 		4, You can remote control, remote control why not?\r\n 							</p>\r\n <p style=\"font-family:tahoma, \" font-size:14px;\"=\"\">\r\n 		A: The design of this product for handheld products, machine surface to meet the basic remote control key functions, the desktop is not large projection, key functions more convenient to operate, there is no remote corners, easy to carry . Second, we designed with smart phones can be wireless communications, the use of mobile phones with wirelessWi-fiConnection, you can achieve massive online content transmission, while the phone can also be installedEZCONTROLThis oneAPPSoftware, software to operate the projector through this entire function. Most mobile phones can replace the remote control, mobile phone touch operation more convenient.\r\n 								</p>\r\n <p style=\"font-family:tahoma, \" font-size:15px;font-weight:bold;\"=\"\">\r\n 		5, External speakers can do?\r\n 							</p>\r\n <p style=\"font-family:tahoma, \" font-size:14px;\"=\"\">\r\n 		A: You can add multimedia or other wired active speakers.\r\n 								</p>\r\n <p style=\"font-family:tahoma, \" font-size:15px;font-weight:bold;\"=\"\">\r\n 		6You can use mobile power supply to the machine do? Choose what kind of mobile power supply? General mobile power can use how long?\r\n 							</p>\r\n <p style=\"font-family:tahoma, \" font-size:14px;\"=\"\">\r\n 		A: may be used, according to our charging adapter for an external power supply parameters, the mobile power is selected5V/2Ausage ofMicro usbThe plug can be used depends on the time the battery capacity of the contents and mobile power slideshow.\r\n 								</p>\r\n <p style=\"font-family:tahoma, \" font-size:15px;font-weight:bold;\"=\"\">\r\n 		7, The whole of life for how long, how to ensure after-sales?\r\n 							</p>\r\n <p style=\"font-family:tahoma, \" font-size:14px;\"=\"\">\r\n 		A: The worlds leading machine usedLEDLight source technology, the column has been mentioned above, a normal life3More than million hours, according to daily use8hourCompute,8hourX365=2920hour,Minimum machine canuse8In the above, the difficulty that the micro-projection structure design and reasonable cooling duct design, different from the machine on the market some products, opening rate, dispersion duct design, easily sucked into the dust, resulting in damage to the circuit board and the machine stops cooling fan turn; Second, some of the machines on the market due to the irrational thermal design, high heat, the machine at work, obviously felt the body heat, even more than the heat-resistant temperature of the user, to the user experience bad sense. This machine Machine noise is also lower than similar products, will not hear the annoying noise when you use; the machine has passed the national3CCertification, safety and quality assurance, do not worry about the use of safety and service.\r\n 								</p>\r\n <p style=\"font-family:tahoma, \" font-size:15px;font-weight:bold;\"=\"\">\r\n 		8, The brightness will decay it?\r\n 							</p>\r\n <p style=\"font-family:tahoma, \" font-size:14px;\"=\"\">\r\n 		A: Use3To5In the future, it may be the overall brightness decay15%, Electronic product itself is a consumable, after long-term use, light attenuation is a normal situation, but the machine will not stop working, slightly lower on the projection screen brightness.\r\n 								</p>\r\n <p style=\"font-family:tahoma, \" font-size:15px;font-weight:bold;\"=\"\">\r\n 		9This projector is why there is no curtain? Direct investment in the white wall effect is affected?\r\n 							</p>\r\n <p style=\"font-family:tahoma, \" font-size:14px;\"=\"\">\r\n 		answer: This is a portable projector, projection design idea is anywhere, it is not necessary with a projection screen, projected on the wall is no effect without stain white walls can be, projection.\r\n 								</p>\r\n <p style=\"font-family:tahoma, \" font-size:15px;font-weight:bold;\"=\"\">\r\n 		10Why the machine in use, some feel the body heat?\r\n 							</p>\r\n <p style=\"font-family:tahoma, \" font-size:14px;\"=\"\">\r\n 		A: light source inside the projector generates heat during operation, the air passage through the interior of the heat flows, the heat in the process of moving through the machine housing part may, it will feel some heat machine housing, it is normal, not Affect.\r\n 								</p>\r\n <p style=\"font-family:tahoma, \" font-size:15px;font-weight:bold;\"=\"\">\r\n 		11, Caution priorities?\r\n 							</p>\r\n <p style=\"font-family:tahoma, \" font-size:14px;\"=\"\">\r\n 		A: Non inlet, an air outlet foreign matter blocking file, or other objects covered by the body, leading to the heat generated when the working machine can not timely and effectively discharged, body heat causing significant damage to the machine; prohibited in the environment or sand acid and alkali environments; non-water machines other liquids so as to avoid damage to the machine.\r\n 								</p>\r\n 									</div>', '', 3, 1521537472, 1521537472, 1, 0, '150.00', 0, ''),
(4, 'Apple iPad Air 2 9.7 Inch 16G Wi', '', '/Upload/shop/5822aa3f7dbac.png', 'electronics', 'usd', '0.10', '33314', '20', '	&nbsp;&nbsp;&nbsp;&nbsp;iPad Air 2\r\n 		\r\n \r\n 		Gently, change everything.\r\n 	\r\n More than before and more energy, so that you do not want to let go;\r\n 		\r\n  \r\n Light and thin, so that you feel in the hand.\r\n 	\r\n \r\n 		for iPadWe always had a seemingly contradictory goals: to create an extremely powerful, yet lightweight slim to feel in your hand equipment; you can make a full sway, but effortless equipment. iPad Air 2 Not only to achieve all this, and even exceeded our expectations.\r\n 		\r\n \r\n 	\r\n 	\r\n 		\r\n 			\r\n 				\r\n 				\r\n 							\r\n \r\n 								\r\n \r\n 		numerous App,for iPad Tailored,\r\n \r\n Also for the achievements of everything you want to do.\r\n 							\r\n \r\n 		iPad Air 2 It builds a variety of powerful apps to get you on the go, such as browsing the web, checking emails, edit videos and photos, writing reports and reading books. Not only that,App Store There are thousands of models appDesigned for iPad Large multi-touch Retina Display and well-designed, more than just a mobile phone app Simple zoom. So whether you are interested in photography, games, travel, or want to manage their own finances, there is always a app You will do better.\r\n 								\r\n 							\r\n \r\n 								\r\n 								\r\n 									\r\n 			iOS 8 with iPad Air 2,\r\n Joined forces.\r\n 										\r\n \r\n 			iOS 8 Ahead of its mobile operating system, its advanced features let iPad Air 2 It becomes indispensable. Continuous interworking function lets you start a project on this device, and then continue on another device. Family Sharing feature allows you to easily share books with up to six people and app. ICloud Drive lets you safely store various types of files and access them from your various devices. In fact,iOS 8 Everything is in order and not only on iPad Air 2 Tacit understanding with the design, but also to the powerful A8X Chip, fast wireless connectivity, and brilliant Retina Advantages of the display to the fullest and to build.\r\n 									\r\n 											\r\n 										', '', 4, 1665424129, 1665424126, 1, 1, '345.00', 0, 'usd');

-- --------------------------------------------------------

--
-- Table structure for table `codono_shop_addr`
--

CREATE TABLE IF NOT EXISTS `codono_shop_addr` (
  `id` int(11) UNSIGNED NOT NULL AUTO_INCREMENT,
  `userid` int(11) UNSIGNED NOT NULL DEFAULT 0,
  `truename` varchar(50) NOT NULL DEFAULT '0',
  `cellphone` varchar(500) DEFAULT NULL,
  `name` varchar(500) DEFAULT NULL,
  `sort` int(11) UNSIGNED DEFAULT NULL,
  `addtime` int(11) UNSIGNED DEFAULT NULL,
  `endtime` int(11) UNSIGNED DEFAULT NULL,
  `status` int(4) DEFAULT NULL,
  PRIMARY KEY (`id`),
  KEY `status` (`status`),
  KEY `userid` (`userid`)
) ENGINE=InnoDB AUTO_INCREMENT=2 DEFAULT CHARSET=utf8mb3;

--
-- Dumping data for table `codono_shop_addr`
--

INSERT INTO `codono_shop_addr` (`id`, `userid`, `truename`, `cellphone`, `name`, `sort`, `addtime`, `endtime`, `status`) VALUES
(1, 38, 'Mark Shawn', '1375734574', 'Road 5, Block 2-3, La, CA, USA', NULL, NULL, NULL, NULL);

-- --------------------------------------------------------

--
-- Table structure for table `codono_shop_coin`
--

CREATE TABLE IF NOT EXISTS `codono_shop_coin` (
  `id` int(11) UNSIGNED NOT NULL AUTO_INCREMENT COMMENT 'ID AUTO INC',
  `shopid` int(11) UNSIGNED NOT NULL COMMENT 'Productid',
  `usd` varchar(50) DEFAULT NULL,
  `btc` varchar(50) DEFAULT NULL,
  `eth` varchar(50) DEFAULT NULL,
  `etc` varchar(50) DEFAULT NULL,
  `ltc` varchar(50) DEFAULT NULL,
  `bcc` varchar(50) DEFAULT NULL,
  `ast` varchar(50) DEFAULT NULL,
  `mtc` varchar(50) DEFAULT NULL,
  `eos` varchar(50) DEFAULT NULL,
  `ico` varchar(50) DEFAULT NULL,
  `powr` varchar(50) NOT NULL,
  `doge` varchar(50) DEFAULT NULL,
  `tbtc` varchar(50) DEFAULT NULL,
  `waves` varchar(50) DEFAULT NULL,
  `ltct` varchar(50) DEFAULT NULL,
  `xrp` varchar(50) DEFAULT NULL,
  `gbp` varchar(50) DEFAULT NULL,
  `lsk` varchar(50) DEFAULT NULL,
  `xmr` varchar(50) DEFAULT NULL,
  `eur` varchar(50) DEFAULT NULL,
  `dwe` varchar(50) DEFAULT NULL,
  `zar` varchar(50) DEFAULT NULL,
  `krb` varchar(50) DEFAULT NULL,
  `tsf` varchar(50) DEFAULT NULL,
  `ugx` varchar(50) DEFAULT NULL,
  `wbnb` varchar(50) DEFAULT NULL,
  `bbt` varchar(50) DEFAULT NULL,
  `try` varchar(99) DEFAULT NULL,
  `wbtc` varchar(99) DEFAULT NULL,
  `btt` varchar(99) DEFAULT NULL,
  `bttold` varchar(99) DEFAULT NULL,
  `tht` varchar(99) DEFAULT NULL,
  `tusdt` varchar(99) DEFAULT NULL,
  `arbiusdt` varchar(99) DEFAULT NULL,
  `dot` varchar(99) DEFAULT NULL,
  `xud` varchar(99) DEFAULT NULL,
  `rub` varchar(99) DEFAULT NULL,
  `gnss` varchar(99) DEFAULT NULL,
  PRIMARY KEY (`id`),
  KEY `shopid` (`shopid`)
) ENGINE=InnoDB AUTO_INCREMENT=5 DEFAULT CHARSET=utf8mb3 COMMENT='Commodity payment table';

-- --------------------------------------------------------

--
-- Table structure for table `codono_shop_log`
--

CREATE TABLE IF NOT EXISTS `codono_shop_log` (
  `id` int(11) UNSIGNED NOT NULL AUTO_INCREMENT,
  `userid` varchar(255) DEFAULT NULL,
  `shopid` varchar(50) DEFAULT NULL,
  `price` decimal(20,8) UNSIGNED NOT NULL DEFAULT 0.00000000,
  `coinname` varchar(50) NOT NULL DEFAULT '0.00',
  `num` decimal(20,8) UNSIGNED NOT NULL DEFAULT 0.00000000,
  `mum` decimal(20,8) UNSIGNED NOT NULL DEFAULT 0.00000000,
  `addr` varchar(255) NOT NULL DEFAULT '0.0000',
  `sort` int(11) UNSIGNED DEFAULT NULL,
  `addtime` int(11) UNSIGNED DEFAULT NULL,
  `endtime` int(11) UNSIGNED DEFAULT NULL,
  `status` tinyint(4) NOT NULL DEFAULT 0,
  `xuyao` decimal(20,8) UNSIGNED NOT NULL COMMENT 'price',
  PRIMARY KEY (`id`),
  KEY `userid` (`userid`),
  KEY `status` (`status`)
) ENGINE=InnoDB AUTO_INCREMENT=11 DEFAULT CHARSET=utf8mb3 COMMENT='Shopping recording table';

-- --------------------------------------------------------

--
-- Table structure for table `codono_shop_type`
--

CREATE TABLE IF NOT EXISTS `codono_shop_type` (
  `id` int(11) UNSIGNED NOT NULL AUTO_INCREMENT,
  `name` varchar(50) DEFAULT NULL,
  `title` varchar(50) DEFAULT NULL,
  `remark` varchar(50) DEFAULT NULL,
  `sort` int(11) UNSIGNED DEFAULT NULL,
  `endtime` int(11) UNSIGNED DEFAULT NULL,
  `addtime` int(11) UNSIGNED DEFAULT NULL,
  `status` int(4) DEFAULT NULL,
  PRIMARY KEY (`id`),
  KEY `name` (`name`),
  KEY `status` (`status`)
) ENGINE=InnoDB AUTO_INCREMENT=3 DEFAULT CHARSET=utf8mb3 COMMENT='Categories';

--
-- Dumping data for table `codono_shop_type`
--

INSERT INTO `codono_shop_type` (`id`, `name`, `title`, `remark`, `sort`, `endtime`, `addtime`, `status`) VALUES
(1, 'health', 'Health', 'Health', 1, 1520524800, 1518105600, 1),
(2, 'electronics', 'Electronics', 'Electronics', 2, 1678654204, 1678654189, 1);

-- --------------------------------------------------------

--
-- Table structure for table `codono_signup`
--

CREATE TABLE IF NOT EXISTS `codono_signup` (
  `id` int(11) NOT NULL AUTO_INCREMENT,
  `username` varchar(50) COLLATE utf8mb3_unicode_ci DEFAULT NULL,
  `email` varchar(200) COLLATE utf8mb3_unicode_ci NOT NULL,
  `password` varchar(32) COLLATE utf8mb3_unicode_ci NOT NULL,
  `invit` varchar(50) COLLATE utf8mb3_unicode_ci NOT NULL,
  `invit_1` int(11) NOT NULL DEFAULT 0,
  `invit_2` int(11) NOT NULL DEFAULT 0,
  `invit_3` int(11) NOT NULL DEFAULT 0,
  `addip` varchar(50) COLLATE utf8mb3_unicode_ci DEFAULT NULL,
  `addr` varchar(50) COLLATE utf8mb3_unicode_ci DEFAULT NULL,
  `verify` varchar(32) COLLATE utf8mb3_unicode_ci DEFAULT NULL,
  `addtime` int(11) DEFAULT NULL,
  `status` tinyint(1) NOT NULL DEFAULT 0,
  `accounttype` tinyint(1) NOT NULL DEFAULT 1 COMMENT '1=individual,2=institutional',
  PRIMARY KEY (`id`)
) ENGINE=InnoDB AUTO_INCREMENT=42 DEFAULT CHARSET=utf8mb3 COLLATE=utf8mb3_unicode_ci;


--
-- Table structure for table `codono_sms`
--

CREATE TABLE IF NOT EXISTS `codono_sms` (
  `id` int(11) NOT NULL AUTO_INCREMENT,
  `country_code` varchar(5) DEFAULT NULL,
  `phone_number` varchar(15) DEFAULT NULL,
  `userid` int(11) DEFAULT NULL,
  `content` varchar(160) DEFAULT NULL,
  `addtime` int(11) DEFAULT NULL,
  `status` tinyint(4) DEFAULT 0 COMMENT '0 - unsent, 1 - sent',
  PRIMARY KEY (`id`)
) ENGINE=InnoDB AUTO_INCREMENT=2 DEFAULT CHARSET=latin1;

--
-- Dumping data for table `codono_sms`
--

INSERT INTO `codono_sms` (`id`, `country_code`, `phone_number`, `userid`, `content`, `addtime`, `status`) VALUES
(1, '+90', '5342424841', 38, 'Hello', NULL, 2);

-- --------------------------------------------------------

--
-- Table structure for table `codono_staking`
--

CREATE TABLE IF NOT EXISTS `codono_staking` (
  `id` int(11) NOT NULL AUTO_INCREMENT,
  `title` varchar(255) DEFAULT NULL,
  `allow_withdrawal` tinyint(1) NOT NULL DEFAULT 0,
  `coinname` varchar(50) DEFAULT NULL,
  `percentage` text NOT NULL COMMENT 'JSON encoded string of percentages for various periods',
  `period` varchar(50) DEFAULT NULL COMMENT 'JSON encoded string of periods',
  `penalty_amount` decimal(20,8) NOT NULL DEFAULT 0.00000000,
  `penalty_coin` varchar(30) DEFAULT NULL COMMENT 'penalty coin when premature withdrawn',
  `minvest` decimal(20,8) NOT NULL DEFAULT 0.00000000,
  `maxvest` decimal(20,8) NOT NULL DEFAULT 0.00000000,
  `creatorid` int(30) NOT NULL DEFAULT 0,
  `action` varchar(255) NOT NULL DEFAULT '{"noaction":"1"}' COMMENT 'saved in json format, coin,market info',
  `invite_1` double(5,2) NOT NULL DEFAULT 0.00,
  `invite_2` double(5,2) NOT NULL DEFAULT 0.00,
  `invite_3` double(5,2) NOT NULL DEFAULT 0.00,
  `status` tinyint(1) NOT NULL DEFAULT 0,
  `addtime` int(11) NOT NULL DEFAULT 0 COMMENT 'when added',
  PRIMARY KEY (`id`)
) ENGINE=InnoDB AUTO_INCREMENT=3 DEFAULT CHARSET=utf8mb3;

--
-- Dumping data for table `codono_staking`
--

INSERT INTO `codono_staking` (`id`, `title`, `allow_withdrawal`, `coinname`, `percentage`, `period`, `penalty_amount`, `penalty_coin`, `minvest`, `maxvest`, `creatorid`, `action`, `invite_1`, `invite_2`, `invite_3`, `status`, `addtime`) VALUES
(1, 'ETH New Year Staking', 0, 'eth', '{\"180\":\"6\",\"365\":\"10\"}', 'null', '2.00000000', 'usdt', '1.00000000', '1000.00000000', 0, '{\"coin\":{\"name\":\"\",\"value\":\"\"},\"market\":{\"name\":\"\",\"buy\":\"\",\"sell\":\"\"}}', 3.00, 2.00, 1.00, 1, 0),
(2, 'Near Year GNSS Staking ', 1, 'gnss', '{\"1\":\"1\",\"7\":\"2\",\"60\":\"3\",\"120\":\"4\",\"180\":\"5\",\"365\":\"6\"}', NULL, '1.00000000', 'usdt', '0.01000000', '1000.00000000', 0, '{\"coin\":{\"name\":\"\",\"value\":\"\"},\"market\":{\"name\":\"\",\"buy\":\"\",\"sell\":\"\"}}', 10.00, 5.00, 2.00, 1, 0);

-- --------------------------------------------------------

--
-- Table structure for table `codono_staking_log`
--

CREATE TABLE IF NOT EXISTS `codono_staking_log` (
  `id` int(10) NOT NULL AUTO_INCREMENT,
  `staking_id` int(10) NOT NULL DEFAULT 0 COMMENT 'staking id',
  `docid` varchar(30) NOT NULL DEFAULT '0' COMMENT 'staking certificate number',
  `period` int(3) NOT NULL DEFAULT 0 COMMENT 'user selected period',
  `percentage` decimal(5,2) NOT NULL DEFAULT 0.00,
  `amount` decimal(20,8) DEFAULT 0.00000000,
  `begintime` int(11) NOT NULL DEFAULT 0,
  `endtime` int(11) NOT NULL DEFAULT 0,
  `withdrawn` int(11) NOT NULL DEFAULT 0 COMMENT 'premature withdraw time',
  `maturity` decimal(20,8) NOT NULL DEFAULT 0.00000000 COMMENT 'amount on maturity',
  `credited` decimal(20,8) NOT NULL DEFAULT 0.00000000,
  `status` tinyint(1) NOT NULL DEFAULT 0,
  `userid` int(15) NOT NULL DEFAULT 0,
  PRIMARY KEY (`id`)
) ENGINE=InnoDB AUTO_INCREMENT=11 DEFAULT CHARSET=utf8mb3 COMMENT='User staking id';

--
-- Dumping data for table `codono_staking_log`
--

INSERT INTO `codono_staking_log` (`id`, `staking_id`, `docid`, `period`, `percentage`, `amount`, `begintime`, `endtime`, `withdrawn`, `maturity`, `credited`, `status`, `userid`) VALUES
(2, 1, '1IB38QY389456', 365, '10.00', '1.00000000', 1707914544, 1739450544, 0, '1.09999999', '0.00000000', 1, 38),
(3, 2, '2IB38KY328691', 120, '4.00', '900.00000000', 1707915266, 1718283266, 0, '911.83561200', '0.00000000', 0, 38),
(4, 2, '2IB38EM324972', 180, '5.00', '299.00000000', 1707916155, 1723468155, 0, '306.37260147', '299.00000000', 0, 38),
(5, 2, '2IB38MU461157', 365, '6.00', '299.00000000', 1707916404, 1739452404, 0, '316.93999103', '299.00000000', 0, 38),
(6, 2, '2IB38UF618225', 120, '4.00', '100.00000000', 1707917312, 1718285312, 1724742154, '101.31506800', '101.31506800', 3, 38),
(7, 2, '2IB38QP183158', 180, '5.00', '1000.00000000', 1707918022, 1723470022, 1724742154, '1024.65753000', '1024.65753000', 3, 38),
(8, 2, '2IB38BI673362', 7, '2.00', '200.00000000', 1707923513, 1708528313, 1724742154, '400.07671200', '400.07671200', 3, 38),
(9, 2, '2IB38CD911762', 365, '6.00', '1000.00000000', 1707927926, 1739463926, 0, '1059.99997000', '0.00000000', 1, 38),
(10, 2, '2IB38LA577284', 365, '6.00', '1000.00000000', 1707928792, 1707928792, 1724742154, '1059.99997000', '1059.99997000', 3, 38);

-- --------------------------------------------------------

--
-- Table structure for table `codono_stop`
--

CREATE TABLE IF NOT EXISTS `codono_stop` (
  `id` int(11) UNSIGNED NOT NULL AUTO_INCREMENT,
  `userid` int(11) UNSIGNED DEFAULT 0,
  `market` varchar(50) DEFAULT NULL,
  `compare` enum('lt','gt') NOT NULL DEFAULT 'lt' COMMENT 'lt=stop < current price, gt is stop  > current price',
  `price` decimal(20,8) UNSIGNED DEFAULT 0.00000000,
  `stop` decimal(20,8) UNSIGNED DEFAULT 0.00000000,
  `num` decimal(20,8) UNSIGNED DEFAULT 0.00000000,
  `deal` decimal(20,8) UNSIGNED DEFAULT 0.00000000,
  `mum` decimal(20,8) UNSIGNED DEFAULT 0.00000000,
  `fee` decimal(20,8) UNSIGNED DEFAULT 0.00000000,
  `type` tinyint(2) UNSIGNED DEFAULT NULL COMMENT '1=Buy , 2 = Sale',
  `sort` int(11) UNSIGNED DEFAULT 0,
  `addtime` int(11) UNSIGNED DEFAULT 0,
  `endtime` int(11) UNSIGNED DEFAULT 0,
  `status` tinyint(2) DEFAULT 0 COMMENT '0=Pending , 1 = Processed ,2 =Cancelled',
  PRIMARY KEY (`id`),
  KEY `userid` (`userid`),
  KEY `market` (`market`,`type`,`status`),
  KEY `num` (`num`,`deal`),
  KEY `status` (`status`),
  KEY `market_2` (`market`)
) ENGINE=InnoDB DEFAULT CHARSET=utf8mb3 COMMENT='Stop market table';

-- --------------------------------------------------------

--
-- Table structure for table `codono_text`
--

CREATE TABLE IF NOT EXISTS `codono_text` (
  `id` int(11) UNSIGNED NOT NULL AUTO_INCREMENT,
  `name` varchar(255) DEFAULT NULL,
  `title` varchar(255) DEFAULT NULL,
  `content` text DEFAULT NULL,
  `sort` int(11) UNSIGNED DEFAULT NULL,
  `addtime` int(11) UNSIGNED DEFAULT NULL,
  `endtime` int(11) UNSIGNED DEFAULT NULL,
  `status` tinyint(4) DEFAULT NULL,
  PRIMARY KEY (`id`),
  KEY `status` (`status`),
  KEY `name` (`name`)
) ENGINE=InnoDB AUTO_INCREMENT=61 DEFAULT CHARSET=utf8mb3;

--
-- Dumping data for table `codono_text`
--

INSERT INTO `codono_text` (`id`, `name`, `title`, `content`, `sort`, `addtime`, `endtime`, `status`) VALUES
(1, 'vote', 'New Coin Voting', 'Please modify the content here in the backoffice', 0, 1469733741, 0, 0),
(2, 'finance_index', 'Financial Center', 'Financial Center', 0, 1475325266, 0, 1),
(3, 'finance_myzr', 'Deposit Coins', 'Deposits', 0, 1475325312, 0, 1),
(4, 'finance_myzc', 'Withdraw Coins', 'Edit in backend ', 0, 1475325321, 0, 1),
(5, 'finance_mywt', 'My Orders', 'My Orders', 0, 1475325496, 0, 0),
(6, 'finance_mycj', 'My Transactions', 'Discover all the buying and selling transaction records', 0, 1475325508, 0, 1),
(7, 'finance_mycz', 'Account Recharge', 'Edit from backend', 0, 1475325515, 0, 1),
(8, 'user_index', 'User Center', 'Edit from backend', 0, 1475325658, 0, 1),
(9, 'finance_mytx', 'Account Withdrawal', 'Check in rates', 0, 1475325679, 0, 1),
(10, 'user_cellphone', 'Mobile', 'Edit from backend', 0, 1475351892, 0, 1),
(11, 'finance_mytj', 'Every invitation is a new win!', 'Invite your friends, earn commission!', 0, 1475352280, 0, 1),
(12, 'finance_mywd', 'My Referrals', 'Edit from backend', 0, 1475352284, 0, 1),
(13, 'finance_myjp', 'My Rewards', 'Edit from backend', 0, 1475352285, 0, 1),
(14, 'issue', 'ICO Center', 'Edit from backend', 0, 1475352288, 0, 1),
(15, 'issue_log', 'ICO records', 'Edit from backend', 0, 1475352293, 0, 1),
(16, 'game_dividend', '20', '<br />', 0, 1475352294, 0, 0),
(17, 'game_dividend_log', 'Dividend Record', 'Hold XYZ coin every day and get dividend in %', 0, 1475352296, 0, 1),
(18, 'game_money', '18', 'Please modify the content here in the background', 0, 1475352297, 0, 0),
(19, 'game_money_log', '17', 'Please modify the content here in the backoffice', 0, 1475352298, 0, 0),
(20, 'user_paypassword', 'Funding Password', 'Edit your transaction password', 0, 1475352694, 0, 1),
(21, 'user_password', '69', 'Edit from backend', 0, 1475352695, 0, 0),
(22, 'user_nameauth', 'KYC', 'KYC', 0, 1475352696, 0, 1),
(23, 'user_tpwdset', 'Transaction password input settings', 'Funding Password', 0, 1475352698, 0, 1),
(24, 'shop_index', '13', 'Modify from backend', 0, 1475352702, 0, 0),
(25, 'issue_buy', '12', 'Edit this content from Backend', 0, 1475352722, 0, 0),
(26, 'game_topup', 'Prepaid recharge', 'Prepaid recharge', 0, 1475359119, 0, 0),
(27, 'user_bank', 'Bank management', 'Bank Management', 0, 1475359192, 0, 1),
(28, 'user_wallet', 'Wallet address management', 'Edit from backend\r\n ', 0, 1475359195, 0, 1),
(29, 'user_log', 'My Logs', 'You can modify this text from backend!', 0, 1475359241, 0, 0),
(30, 'user_ga', '2FA Setup\r\n ', 'You can modify this text from backend!', 0, 1475395398, 0, 0),
(31, 'user_alipay', 'Binding Alipay', '<span><span><span>Please bind your real Alipay</span></span></span>', 0, 1475395410, 0, 1),
(32, 'user_goods', 'Address Management', 'You can modify this text from backend!', 0, 1475395413, 0, 1),
(33, 'shop_view', '3', 'You can modify this text from backend!', 0, 1476000366, 0, 0),
(34, 'shop_log', '2', 'You can modify this text from backend!', 0, 1476002906, 0, 0),
(35, 'shop_goods', '1', 'You can modify this text from backend!', 0, 1476002907, 0, 0),
(36, 'finance_myaward', '', 'You can modify this text from backend!', 0, 1482927855, 0, 1),
(37, 'index_info', '1A', 'We have added a new currency set today Check <a href=\"/trade/index/market/ltc_usd/\">LTC/USD</a>', NULL, NULL, NULL, 1),
(38, 'index_warning', '1 B', 'We have disabled POW deposits for maintenance', NULL, NULL, NULL, 1),
(39, 'game_bazaar', 'Android', 'Please check our latest mobile app!', NULL, 1523003258, NULL, 1),
(40, 'game_bazaar_mycj', NULL, 'You can modify this text from backend!', NULL, 1523003290, NULL, 1),
(41, 'game_vote', NULL, 'You can modify this text from backend!', NULL, 1536420134, NULL, 1),
(42, 'game_issue', NULL, 'You can modify this text from backend!', NULL, 1536848733, NULL, 1),
(43, 'game_issue_buy', NULL, 'You can modify this text from backend!', NULL, 1536848740, NULL, 1),
(44, 'game_issue_log', NULL, 'You can modify this text from backend!', NULL, 1542363500, NULL, 1),
(45, 'game_shop', NULL, 'You can modify this text from backend!', NULL, 1542450549, NULL, 1),
(46, 'game_shop_view', NULL, 'Edit from backend', NULL, 1554555254, NULL, 1),
(47, 'game_shop_log', NULL, 'Edit from backend', NULL, 1565261915, NULL, 1),
(48, 'initial', 'IEO Center', 'Sample Content', 0, 1475352293, 0, 1),
(49, 'initial_log', 'IEO records', 'Sample Content', 0, 1475352293, 0, 1),
(50, 'initial_buy', '12', 'Edit this content from Backend', 0, 1475352722, 0, 0),
(51, 'game_initial_buy', NULL, 'You can modify this text from backend!', NULL, 1536848740, NULL, 1),
(52, 'game_initial_log', NULL, 'You can modify this text from backend!', NULL, 1542363500, NULL, 1),
(53, 'game_initial', NULL, 'You can modify this text from backend!', NULL, 1536848733, NULL, 1),
(60, 'game_otc_log', NULL, 'You can modify this text from backend!', NULL, 1596278787, NULL, 1);

-- --------------------------------------------------------

--
-- Table structure for table `codono_topup`
--

CREATE TABLE IF NOT EXISTS `codono_topup` (
  `id` int(11) UNSIGNED NOT NULL AUTO_INCREMENT COMMENT 'ID AUTO INC',
  `userid` int(11) UNSIGNED DEFAULT NULL,
  `cellphone` varchar(255) DEFAULT NULL,
  `num` int(11) UNSIGNED DEFAULT NULL,
  `type` varchar(50) DEFAULT NULL,
  `mum` decimal(20,8) DEFAULT NULL,
  `addtime` int(11) UNSIGNED DEFAULT NULL,
  `endtime` int(11) UNSIGNED DEFAULT NULL,
  `status` tinyint(4) NOT NULL COMMENT 'status',
  PRIMARY KEY (`id`),
  KEY `status` (`status`)
) ENGINE=InnoDB DEFAULT CHARSET=utf8mb3;

-- --------------------------------------------------------

--
-- Table structure for table `codono_topup_coin`
--

CREATE TABLE IF NOT EXISTS `codono_topup_coin` (
  `id` int(11) UNSIGNED NOT NULL AUTO_INCREMENT COMMENT 'ID AUTO INC',
  `coinname` varchar(50) DEFAULT NULL,
  `price` varchar(255) DEFAULT NULL,
  `status` tinyint(4) NOT NULL COMMENT 'status',
  PRIMARY KEY (`id`)
) ENGINE=InnoDB AUTO_INCREMENT=2 DEFAULT CHARSET=utf8mb3 ROW_FORMAT=DYNAMIC;

--
-- Dumping data for table `codono_topup_coin`
--

INSERT INTO `codono_topup_coin` (`id`, `coinname`, `price`, `status`) VALUES
(1, 'eos', '10', 1);

-- --------------------------------------------------------

--
-- Table structure for table `codono_topup_type`
--

CREATE TABLE IF NOT EXISTS `codono_topup_type` (
  `id` int(11) UNSIGNED NOT NULL AUTO_INCREMENT COMMENT 'ID AUTO INC',
  `name` varchar(255) DEFAULT NULL,
  `title` varchar(255) DEFAULT NULL,
  `status` tinyint(4) NOT NULL COMMENT 'status',
  PRIMARY KEY (`id`)
) ENGINE=InnoDB AUTO_INCREMENT=7 DEFAULT CHARSET=utf8mb3 ROW_FORMAT=DYNAMIC;

--
-- Dumping data for table `codono_topup_type`
--

INSERT INTO `codono_topup_type` (`id`, `name`, `title`, `status`) VALUES
(1, '10', '10 USD prepaid recharge', 1),
(2, '20', '20 USD prepaid recharge', 1),
(3, '30', '30 USD prepaid recharge', 1),
(4, '50', '50 USD prepaid recharge', 1),
(5, '100', '100 USD prepaid recharge', 1),
(6, '300', '300 USD prepaid recharge', 1);

-- --------------------------------------------------------

--
-- Table structure for table `codono_trade`
--

CREATE TABLE IF NOT EXISTS `codono_trade` (
  `id` bigint(20) UNSIGNED NOT NULL AUTO_INCREMENT,
  `userid` bigint(20) UNSIGNED DEFAULT 0,
  `market` varchar(50) NOT NULL,
  `price` decimal(20,8) UNSIGNED DEFAULT 0.00000000,
  `num` decimal(20,8) UNSIGNED DEFAULT 0.00000000,
  `deal` decimal(20,8) UNSIGNED DEFAULT 0.00000000,
  `mum` decimal(20,8) UNSIGNED DEFAULT 0.00000000,
  `fee` decimal(20,8) UNSIGNED DEFAULT 0.00000000,
  `type` tinyint(2) UNSIGNED NOT NULL COMMENT '1=Buy , 2 = Sale',
  `sort` int(11) UNSIGNED DEFAULT 0,
  `addtime` int(11) UNSIGNED DEFAULT 0,
  `endtime` int(11) UNSIGNED DEFAULT 0,
  `status` tinyint(2) NOT NULL DEFAULT 0,
  `flag` bigint(20) NOT NULL DEFAULT 0 COMMENT 'flag',
  PRIMARY KEY (`id`),
  KEY `userid` (`userid`),
  KEY `market` (`market`,`type`,`status`),
  KEY `num` (`num`,`deal`),
  KEY `status` (`status`),
  KEY `market_2` (`market`),
  KEY `idx_market_type_price` (`market`,`type`,`price`)
) ENGINE=InnoDB AUTO_INCREMENT=4773 DEFAULT CHARSET=utf8mb3 COMMENT='Under a single transaction table';


--
-- Table structure for table `codono_tradeinvoice_queue`
--

CREATE TABLE IF NOT EXISTS `codono_tradeinvoice_queue` (
  `id` int(11) NOT NULL AUTO_INCREMENT,
  `from_date` int(11) NOT NULL,
  `to_date` int(11) NOT NULL,
  `userid` int(11) NOT NULL,
  `fees` decimal(20,8) NOT NULL DEFAULT 0.00000000,
  `trades` int(11) NOT NULL DEFAULT 0,
  `market` varchar(20) DEFAULT NULL,
  `invoice_sent` tinyint(1) NOT NULL DEFAULT 0,
  `addtime` int(11) DEFAULT NULL,
  PRIMARY KEY (`id`)
) ENGINE=InnoDB DEFAULT CHARSET=utf8mb3;

-- --------------------------------------------------------

--
-- Table structure for table `codono_tradeinvoice_stats`
--

CREATE TABLE IF NOT EXISTS `codono_tradeinvoice_stats` (
  `id` int(11) NOT NULL AUTO_INCREMENT,
  `from_date` int(11) NOT NULL,
  `to_date` int(11) NOT NULL,
  `user_distinct` int(10) NOT NULL DEFAULT 0,
  `trades` int(10) NOT NULL DEFAULT 0,
  `market` varchar(20) DEFAULT NULL,
  `addtime` int(11) DEFAULT NULL,
  PRIMARY KEY (`id`)
) ENGINE=InnoDB AUTO_INCREMENT=2 DEFAULT CHARSET=utf8mb3;

--
-- Dumping data for table `codono_tradeinvoice_stats`
--

INSERT INTO `codono_tradeinvoice_stats` (`id`, `from_date`, `to_date`, `user_distinct`, `trades`, `market`, `addtime`) VALUES
(1, 17052021, 24052021, 2, 23, 'bitra_usdt', 1621814400);

-- --------------------------------------------------------

--
-- Table structure for table `codono_trade_fees`
--

CREATE TABLE IF NOT EXISTS `codono_trade_fees` (
  `id` int(11) NOT NULL AUTO_INCREMENT,
  `userid` int(11) NOT NULL DEFAULT 0,
  `market` varchar(30) DEFAULT NULL,
  `fee_buy` decimal(20,8) NOT NULL DEFAULT 0.00000000,
  `fee_sell` decimal(20,8) NOT NULL DEFAULT 0.00000000,
  `addtime` int(11) DEFAULT NULL COMMENT 'added',
  `status` tinyint(1) NOT NULL DEFAULT 1,
  PRIMARY KEY (`id`)
) ENGINE=InnoDB DEFAULT CHARSET=utf8mb3;

-- --------------------------------------------------------

--
-- Table structure for table `codono_trade_json`
--

CREATE TABLE IF NOT EXISTS `codono_trade_json` (
  `id` int(11) UNSIGNED NOT NULL AUTO_INCREMENT,
  `market` varchar(100) DEFAULT NULL,
  `data` varchar(200) DEFAULT NULL,
  `type` int(4) DEFAULT NULL,
  `sort` int(11) UNSIGNED DEFAULT NULL,
  `addtime` int(11) UNSIGNED DEFAULT NULL,
  `endtime` int(11) UNSIGNED DEFAULT NULL,
  `status` int(4) DEFAULT NULL,
  PRIMARY KEY (`id`),
  KEY `status` (`status`),
  KEY `market` (`market`)
) ENGINE=InnoDB AUTO_INCREMENT=1501 DEFAULT CHARSET=utf8mb3 COMMENT='Trading chart table';


--
-- Table structure for table `codono_trade_lever`
--

CREATE TABLE IF NOT EXISTS `codono_trade_lever` (
  `id` int(11) NOT NULL AUTO_INCREMENT,
  `market` varchar(30) DEFAULT NULL,
  `type` tinyint(1) NOT NULL,
  `userid` int(11) NOT NULL DEFAULT 0,
  `price` decimal(20,8) NOT NULL DEFAULT 0.00000000,
  `num` decimal(20,8) NOT NULL DEFAULT 0.00000000,
  `deal` decimal(20,8) NOT NULL DEFAULT 0.00000000,
  `mum` decimal(20,0) NOT NULL DEFAULT 0,
  `fee` decimal(20,8) NOT NULL DEFAULT 0.00000000,
  `addtime` int(11) NOT NULL DEFAULT 0,
  `status` tinyint(1) NOT NULL DEFAULT 0,
  `trade_pt` tinyint(1) NOT NULL DEFAULT 0,
  PRIMARY KEY (`id`)
) ENGINE=InnoDB AUTO_INCREMENT=2 DEFAULT CHARSET=utf8mb3;

-- --------------------------------------------------------

--
-- Table structure for table `codono_trade_log`
--

CREATE TABLE IF NOT EXISTS `codono_trade_log` (
  `id` bigint(20) UNSIGNED NOT NULL AUTO_INCREMENT,
  `userid` bigint(20) UNSIGNED DEFAULT NULL,
  `peerid` bigint(20) UNSIGNED DEFAULT NULL,
  `market` varchar(50) DEFAULT NULL,
  `price` decimal(20,8) UNSIGNED DEFAULT NULL,
  `num` decimal(20,8) UNSIGNED DEFAULT NULL,
  `mum` decimal(20,8) UNSIGNED DEFAULT NULL,
  `fee_buy` decimal(20,8) UNSIGNED DEFAULT NULL,
  `fee_sell` decimal(20,8) UNSIGNED DEFAULT NULL,
  `type` tinyint(2) UNSIGNED DEFAULT NULL,
  `sort` int(11) UNSIGNED DEFAULT 0,
  `addtime` int(11) UNSIGNED DEFAULT NULL,
  `endtime` int(11) UNSIGNED DEFAULT NULL,
  `status` int(4) DEFAULT NULL,
  `fill` int(1) DEFAULT 0 COMMENT 'liq fill optional',
  `fill_id` bigint(20) NOT NULL DEFAULT 0 COMMENT 'binance_tradeid',
  `fill_qty` decimal(20,8) NOT NULL DEFAULT 0.00000000 COMMENT 'externally ,filled quantity',
  PRIMARY KEY (`id`),
  KEY `status` (`status`),
  KEY `userid` (`userid`),
  KEY `peerid` (`peerid`),
  KEY `main` (`market`,`status`,`addtime`) USING BTREE,
  KEY `idx_market_type_fill_peerid_status_price_id` (`market`,`type`,`fill`,`peerid`,`status`,`price`,`id`),
  KEY `idx_userid` (`userid`)
) ENGINE=InnoDB AUTO_INCREMENT=344 DEFAULT CHARSET=utf8mb3;


-- --------------------------------------------------------

--
-- Table structure for table `codono_trade_log_lever`
--

CREATE TABLE IF NOT EXISTS `codono_trade_log_lever` (
  `id` int(11) NOT NULL AUTO_INCREMENT,
  `userid` int(11) NOT NULL,
  `peerid` int(11) NOT NULL,
  `market` varchar(30) NOT NULL,
  `price` decimal(18,8) NOT NULL,
  `num` decimal(18,8) NOT NULL,
  `mum` decimal(18,8) NOT NULL,
  `type` int(11) NOT NULL,
  `fee_buy` decimal(18,8) NOT NULL,
  `fee_sell` decimal(18,8) NOT NULL,
  `addtime` int(11) NOT NULL,
  `status` int(11) NOT NULL,
  PRIMARY KEY (`id`)
) ENGINE=InnoDB DEFAULT CHARSET=utf8mb3;

-- --------------------------------------------------------

--
-- Table structure for table `codono_transfer`
--

CREATE TABLE IF NOT EXISTS `codono_transfer` (
  `id` int(11) NOT NULL AUTO_INCREMENT,
  `userid` int(11) NOT NULL DEFAULT 0,
  `coin` varchar(30) DEFAULT NULL,
  `amount` decimal(20,8) NOT NULL DEFAULT 0.00000000,
  `from_account` varchar(10) DEFAULT NULL,
  `to_account` varchar(10) DEFAULT NULL,
  `created_at` int(11) DEFAULT NULL,
  `status` tinyint(1) NOT NULL DEFAULT 1,
  PRIMARY KEY (`id`)
) ENGINE=InnoDB AUTO_INCREMENT=3 DEFAULT CHARSET=utf8mb3;

--
-- Dumping data for table `codono_transfer`
--

INSERT INTO `codono_transfer` (`id`, `userid`, `coin`, `amount`, `from_account`, `to_account`, `created_at`, `status`) VALUES
(1, 38, 'btc', '0.10000000', 'spot', 'p2p', 1723798002, 1),
(2, 38, 'usdt', '211.96209039', 'spot', 'staking', 1724685218, 1);

-- --------------------------------------------------------

--
-- Table structure for table `codono_tron`
--

CREATE TABLE IF NOT EXISTS `codono_tron` (
  `id` int(11) NOT NULL AUTO_INCREMENT,
  `uid` int(11) DEFAULT 0,
  `private_key` varchar(500) NOT NULL COMMENT 'encrypted',
  `public_key` varchar(130) NOT NULL,
  `address_hex` varchar(42) NOT NULL,
  `address_base58` varchar(34) NOT NULL,
  `salt` varchar(20) DEFAULT NULL,
  PRIMARY KEY (`id`)
) ENGINE=InnoDB AUTO_INCREMENT=30 DEFAULT CHARSET=latin1 COMMENT='tron keys';

--

-- --------------------------------------------------------

--
-- Table structure for table `codono_tron_hash`
--

CREATE TABLE IF NOT EXISTS `codono_tron_hash` (
  `id` int(11) NOT NULL AUTO_INCREMENT,
  `type` varchar(20) DEFAULT NULL,
  `hash` varchar(80) DEFAULT NULL,
  `contract_hex` varchar(42) DEFAULT NULL,
  `contract` varchar(34) DEFAULT NULL,
  `to_address_hex` varchar(42) DEFAULT NULL,
  `raw_amount` varchar(50) NOT NULL DEFAULT '0.00000000',
  `addtime` int(11) DEFAULT NULL,
  `issue` tinyint(1) NOT NULL DEFAULT 0,
  `deposited` tinyint(1) NOT NULL DEFAULT 0,
  `status` varchar(20) DEFAULT NULL,
  PRIMARY KEY (`id`)
) ENGINE=InnoDB DEFAULT CHARSET=utf8mb3;

-- --------------------------------------------------------

--
-- Table structure for table `codono_ucenter_member`
--

CREATE TABLE IF NOT EXISTS `codono_ucenter_member` (
  `id` int(11) NOT NULL AUTO_INCREMENT,
  `username` varchar(255) DEFAULT NULL,
  `nickname` varchar(255) DEFAULT NULL,
  `status` int(11) DEFAULT NULL,
  `last_login_time` datetime DEFAULT NULL,
  `last_login_ip` datetime DEFAULT NULL,
  PRIMARY KEY (`id`)
) ENGINE=InnoDB DEFAULT CHARSET=utf8mb3;

-- --------------------------------------------------------

--
-- Table structure for table `codono_ucid`
--

CREATE TABLE IF NOT EXISTS `codono_ucid` (
  `seq` int(11) NOT NULL AUTO_INCREMENT,
  `id` int(11) DEFAULT NULL,
  `name` varchar(70) DEFAULT NULL,
  `symbol` varchar(40) DEFAULT NULL,
  `slug` varchar(200) DEFAULT NULL,
  `rank` varchar(10) NOT NULL DEFAULT '0',
  `first_historical_data` varchar(70) DEFAULT NULL,
  `last_historical_data` varchar(70) DEFAULT NULL,
  `is_active` tinyint(1) NOT NULL DEFAULT 1,
  `platform` varchar(255) DEFAULT NULL,
  PRIMARY KEY (`seq`)
) ENGINE=InnoDB DEFAULT CHARSET=utf8mb3 COMMENT='coinmarketcap unified asset data';

-- --------------------------------------------------------

--
-- Table structure for table `codono_unconfirmed`
--

CREATE TABLE IF NOT EXISTS `codono_unconfirmed` (
  `id` int(11) UNSIGNED NOT NULL AUTO_INCREMENT,
  `chain` varchar(30) DEFAULT NULL COMMENT 'eth, bnb , ftm ,chain name only as coin',
  `type` varchar(10) NOT NULL DEFAULT '0' COMMENT 'eth,qbb,rgb, [Mainly for eth type]',
  `txid` varchar(120) DEFAULT NULL,
  `addtime` int(11) UNSIGNED DEFAULT NULL,
  `endtime` int(11) UNSIGNED DEFAULT NULL,
  `status` tinyint(1) NOT NULL DEFAULT 0 COMMENT '0=pending , 1=deposited 2=issues/failed',
  `msg` varchar(255) DEFAULT NULL COMMENT 'response after processing',
  PRIMARY KEY (`id`),
  KEY `coinname` (`chain`)
) ENGINE=InnoDB AUTO_INCREMENT=5 DEFAULT CHARSET=utf8mb3;

-- --------------------------------------------------------

--
-- Table structure for table `codono_user`
--

CREATE TABLE IF NOT EXISTS `codono_user` (
  `id` bigint(20) UNSIGNED NOT NULL AUTO_INCREMENT,
  `username` varchar(50) DEFAULT NULL,
  `allow_username_change` tinyint(1) NOT NULL DEFAULT 0,
  `cellphones` varchar(10) NOT NULL DEFAULT '+1',
  `cellphone` varchar(50) DEFAULT NULL,
  `cellphonetime` int(11) UNSIGNED DEFAULT NULL,
  `password` varchar(32) DEFAULT NULL,
  `tpwdsetting` tinyint(1) DEFAULT 1,
  `paypassword` varchar(32) DEFAULT NULL,
  `antiphishing` varchar(20) DEFAULT NULL COMMENT 'antiphishing',
  `invit_1` bigint(20) DEFAULT 0,
  `invit_2` bigint(20) DEFAULT 0,
  `invit_3` bigint(20) DEFAULT 0,
  `truename` varchar(32) DEFAULT NULL,
  `firstname` varchar(50) DEFAULT NULL,
  `lastname` varchar(50) DEFAULT NULL,
  `country` varchar(30) DEFAULT NULL,
  `state` varchar(20) DEFAULT NULL,
  `city` varchar(40) DEFAULT NULL,
  `dob` varchar(11) DEFAULT NULL,
  `gender` tinyint(1) NOT NULL DEFAULT 0 COMMENT '0=pending,1=male,2=female,3=unspecified	',
  `zip` varchar(20) DEFAULT NULL,
  `applicantid` varchar(50) NOT NULL DEFAULT '0' COMMENT 'KYC applicantid for sumsub',
  `idcard` varchar(32) DEFAULT NULL,
  `idcardauth` tinyint(1) NOT NULL DEFAULT 0,
  `address` varchar(200) DEFAULT NULL COMMENT 'address',
  `kyc_comment` text DEFAULT NULL COMMENT 'If kyc was rejected then why?',
  `idcardimg1` text DEFAULT NULL COMMENT 'images name',
  `idcardimg2` text DEFAULT NULL,
  `idcardinfo` text DEFAULT NULL,
  `logins` int(11) NOT NULL DEFAULT 0 COMMENT 'Login Counts',
  `ga` varchar(50) DEFAULT NULL,
  `addip` varchar(50) DEFAULT NULL,
  `addr` varchar(64) DEFAULT NULL,
  `sort` int(11) UNSIGNED DEFAULT NULL,
  `addtime` int(11) UNSIGNED DEFAULT NULL,
  `endtime` int(11) UNSIGNED DEFAULT NULL,
  `status` tinyint(4) DEFAULT NULL,
  `freeze_reason` varchar(60) DEFAULT NULL,
  `fiat` varchar(25) DEFAULT NULL COMMENT 'preferred fiat for conversion',
  `accounttype` tinyint(1) DEFAULT 1 COMMENT '1=individual,2=institutional',
  `email` varchar(100) DEFAULT NULL COMMENT 'mailbox',
  `alipay` varchar(20) DEFAULT NULL COMMENT 'Alipay',
  `invit` varchar(50) DEFAULT NULL,
  `token` varchar(64) DEFAULT NULL,
  `apikey` varchar(34) DEFAULT NULL COMMENT 'v2 api keys',
  `regaward` tinyint(1) NOT NULL DEFAULT 0,
  `usertype` tinyint(1) NOT NULL DEFAULT 0,
  `is_merchant` tinyint(1) NOT NULL DEFAULT 0 COMMENT 'is verified p2p merchant',
  `p2p_last_seen` int(11) UNSIGNED DEFAULT NULL,
  PRIMARY KEY (`id`),
  KEY `username` (`username`),
  KEY `status` (`status`)
) ENGINE=InnoDB AUTO_INCREMENT=390 DEFAULT CHARSET=utf8mb3 COMMENT='User information table';

--
-- Dumping data for table `codono_user`
--

INSERT INTO `codono_user` (`id`, `username`, `allow_username_change`, `cellphones`, `cellphone`, `cellphonetime`, `password`, `tpwdsetting`, `paypassword`, `antiphishing`, `invit_1`, `invit_2`, `invit_3`, `truename`, `firstname`, `lastname`, `country`, `state`, `city`, `dob`, `gender`, `zip`, `applicantid`, `idcard`, `idcardauth`, `address`, `kyc_comment`, `idcardimg1`, `idcardimg2`, `idcardinfo`, `logins`, `ga`, `addip`, `addr`, `sort`, `addtime`, `endtime`, `status`, `freeze_reason`, `fiat`, `accounttype`, `email`, `alipay`, `invit`, `token`, `apikey`, `regaward`, `usertype`, `is_merchant`, `p2p_last_seen`) VALUES
(1, 'technicator', 0, '+1', '6546546546', 2018, '5f4dcc3b5aa765d61d8327deb882cf99', 3, '5f4dcc3b5aa765d61d8327deb882cf99', NULL, 0, 0, 0, 'Tim Ron', NULL, NULL, NULL, NULL, NULL, NULL, 0, NULL, 'fn9gh598hh4', '411081198706187279', 0, NULL, '', NULL, NULL, NULL, 62, '', '1.192.21.236', '', 0, 1497339574, 0, 1, NULL, NULL, 1, 'admin@codono.com', NULL, 'MSARVD', 'c3c79cfdf993080b56539fa4303b2ca6', '86bb7db424d2f2f7d74dfda7b3ad1652', 1, 1, 0, NULL),
(2, 'joseph', 0, '+1', '18530861253', 2017, '58e0ab543e9309651370850e5ca73826', 1, '4bc5fb692a01e5faa3250a448f2b4be9', NULL, 0, 0, 0, 'Paul Smith', NULL, NULL, NULL, NULL, NULL, NULL, 0, NULL, '0', '411081199403281254', 1, NULL, '', NULL, NULL, NULL, 4, '', '182.119.95.84', 'Unassigned or intranetIP', 0, 1497339574, 0, 1, NULL, NULL, 1, 'someemail@codono.com', NULL, 'FNEHUA', 'b86aa1eaad5c24f1541dfc1af827c80c', 'f2894495e8bf14af8bf843f106b303b3', 1, 0, 0, NULL),
(3, 'alma', 0, '+1', '15240403002', 2017, '5f4dcc3b5aa765d61d8327deb882cf99', 1, '9c959088612d298ac59f10d840eefee9', 'DFRFSRRDS', 0, 0, 0, 'Andrew Ford', NULL, NULL, NULL, NULL, NULL, NULL, 0, NULL, '0', '320322199603285018', 0, NULL, '', NULL, NULL, '', 1, '', '125.123.83.105', 'Unassigned or intranetIP', 0, 1497344824, 0, 1, NULL, NULL, 1, 'alma@codono.com', NULL, 'DXJGZY', '55b11850e3782cbddc5e464e71e0278f', 'eae7675ab641d3f5ebc1ea208a3f467c', 1, 0, 0, NULL),
(5, 'rone', 0, '+1', '15993674328', 2017, '71b3b26aaa319e0cdf6fdb8429c112b0', 1, 'e35cf7b66449df565f93c607d5a81d09', NULL, 0, 0, 0, 'Pandora Box', NULL, NULL, NULL, NULL, NULL, NULL, 0, NULL, '0', '411081198901221276', 0, NULL, '', '5943930243b5f.jpg_5943930980bef.jpg_594393110e4e1.jpg', NULL, '', 0, '', '222.137.197.41', 'Unassigned or intranetIP', 0, 1497600444, 0, 1, NULL, NULL, 1, NULL, NULL, 'RULAXQ', '9e967fc1d2b26572f820ada8b4dda707', '654be62088c00ee421a89eed9f4184c8', 0, 0, 0, NULL),
(6, 'millers', 0, '+1', '15903639320', 2017, 'bf36ea675fc9a7d00a33878c3d3b70ac', 1, 'b5a747937aec219a7a9b1cdf4293d663', NULL, 0, 0, 0, 'Lin Paolo', NULL, NULL, NULL, NULL, NULL, NULL, 0, NULL, '0', '411282198211244021', 0, NULL, '', NULL, NULL, '', 1, '', '1.192.29.82', 'Unassigned or intranetIP', 0, 1497600490, 0, 1, NULL, NULL, 1, NULL, NULL, 'GDFPBU', '57cd7c5dd0dd8638c1e7af27309a1b0c', NULL, 0, 0, 0, NULL),
(7, 'rockpaper', 0, '+1', '15038987283', 2017, 'c6a416bda168be4b3f0af90871138e54', 1, 'e10adc3949ba59abbe56e057f20f883e', NULL, 0, 0, 0, 'Rosa Micado', NULL, NULL, NULL, NULL, NULL, NULL, 0, NULL, '0', '411081199911141258', 0, NULL, '', NULL, NULL, '', 0, '', '222.137.197.41', 'Unassigned or intranetIP', 0, 1497600535, 0, 1, NULL, NULL, 1, NULL, NULL, 'TJNIQZ', 'dda9dbd0b56fa14e718ac7418f6d6fdc', '04914f28b0089063884907188cd16dae', 0, 0, 0, NULL),
(8, 'ninjabyte', 0, '+1', '15890898515', 2017, 'ffaa0ad89b568bebafcb2990bca85cca', 1, '4072ad92cbf0257d8d66ea9ea84a5af7', NULL, 0, 0, 0, 'Nora Ali', NULL, NULL, NULL, NULL, NULL, NULL, 0, NULL, '0', '411327198906253910', 0, NULL, '', NULL, NULL, '', 0, '', '1.192.29.82', 'Unassigned or intranetIP', 0, 1497600841, 0, 1, NULL, NULL, 1, NULL, NULL, 'ZXVRPC', 'ed9da172d6ff3e9238d018882c615470', '6240de9930f8ec376129222ee3fd5d7b', 0, 0, 0, NULL),
(9, 'penolope', 0, '+1', '15837109811', 2017, '21b8a4e0039b5215899fbf2c08f070cf', 1, '8c38754af97d5122a0f0b88e5ae5993d', NULL, 0, 0, 0, 'Bate Norman', NULL, NULL, NULL, NULL, NULL, NULL, 0, NULL, '0', '410102198909130191', 0, NULL, '', NULL, NULL, '', 0, '', '1.192.29.82', 'Unassigned or intranetIP', 0, 1497600844, 0, 1, NULL, NULL, 1, NULL, NULL, 'LVYDGM', 'df40c3fc59c68ae54e119d0effec9dfa', '10ef3f4222300fa5d71c5439b788a885', 0, 0, 0, NULL),
(10, 'kareesh', 0, '+1', '13523740282', 2017, '0adbd170421cd84f7665ebba5dbfd52e', 1, '184918de24299d318dd205a9349e82ca', NULL, 0, 0, 0, 'Timothy Mira', NULL, NULL, NULL, NULL, NULL, NULL, 0, NULL, '0', 'jJJ', 2, 'NoAddress', '', '6631e79c30dc9.png_6631e79f0baee.png_6631e7a4b88a5.png_6631e7a769390.png', NULL, 'drivers_license', 0, '', '1.192.29.82', 'Unassigned or intranetIP', 0, 1497600860, 0, 1, NULL, NULL, 1, NULL, NULL, 'ZTCWHN', '39bf195f68c09b18beb07b9924023594', 'af395011c6be8d7bd5ede5800424fdcb', 0, 0, 0, 1724833388),
(11, 'micheal', 0, '+1', '13253366809', 0, '9619cfa4aabc670a2e2de1793d2726e0', 1, '95c359186ccd09eaa3a1f18c791b1c36', NULL, 0, 0, 0, 'Roshov Micovich', NULL, NULL, NULL, NULL, NULL, NULL, 0, NULL, '0', '411627199808141158', 0, NULL, '', NULL, NULL, '', 1, '', '1.192.29.82', 'Unassigned or intranetIP', 0, 1497601348, 0, 1, NULL, NULL, 1, NULL, NULL, 'VDZMJY', 'f036a264c4453ac7d94af108f7da8ae8', NULL, 0, 0, 0, NULL),
(12, 'george', 0, '+1', '13253655507', 2017, '29775f673b52cebda60554af3a3a53e3', 1, 'b921a87f4171a684f9a6d7da4e9c8b26', NULL, 0, 0, 0, 'Punto Gina', NULL, NULL, NULL, NULL, NULL, NULL, 0, NULL, '0', '410326199006241030', 0, NULL, '', NULL, NULL, '', 0, '', '222.137.197.41', 'Unassigned or intranetIP', 0, 1497602187, 0, 0, 'transfer', NULL, 1, NULL, NULL, 'KEWUBT', 'e7edcca69f237a8f56c75af33d0b9a40', '122ccec0b323b7d36790a1bccf7b7292', 0, 0, 0, NULL),
(13, 'robert', 0, '+1', '13409377100', 2017, '5f4dcc3b5aa765d61d8327deb882cf99', 1, 'e8a9bf77a8546e8a290323554733c4d8', NULL, 0, 0, 0, 'Xi Longman', NULL, NULL, NULL, NULL, NULL, NULL, 0, NULL, '0', '411081198910057279', 1, NULL, '', NULL, NULL, '', 2, '', '1.197.135.113', 'Unassigned or intranetIP', 0, 1497603048, 0, 1, NULL, NULL, 1, 'longman@codono.com', NULL, 'YSMVJT', '41dc9efebbfae90a9937c3f16afd6ccc', '89d312a9060f6f1749bf37b023f4924f', 0, 0, 0, NULL),
(14, 'methew', 0, '+1', '15036918568', 0, 'bd099d13f5e2482a677ed6a776b1fb08', 1, '95c359186ccd09eaa3a1f18c791b1c36', NULL, 0, 0, 0, 'Agoba Ginimo', NULL, NULL, NULL, NULL, NULL, NULL, 0, NULL, '0', '412823199809132815', 0, NULL, '', NULL, NULL, '', 1, '', '1.192.29.82', 'Unassigned or intranetIP', 0, 1497603509, 0, 1, NULL, 'USD', 1, NULL, NULL, 'EYNWVX', 'b9b29ce7285c917d49779a604a57d1c1', '44468e2fb306b153185ba461d70e5d69', 0, 0, 0, NULL),
(15, 'pinope', 0, '+1', '17755193851', 1498715405, '6340b8d9750a18f9a6eb04eed93f23fd', 1, 'e10adc3949ba59abbe56e057f20f883e', NULL, 0, 0, 0, 'Joe Smith', 'Joe', 'Smith', 'HK', NULL, NULL, '2000-02-01', 0, NULL, '870eb7740244d94079180f57c7b4614262a0', '420351199305155345', 1, NULL, 'Please provide clear documents', NULL, NULL, NULL, 9, '', '122.191.204.16', 'Unassigned or intranetIP', 0, 1726557605, 0, 1, NULL, NULL, 1, NULL, NULL, 'SVWZAH', 'c1c9f6f51e8fed71d5374ad290e58baf', 'fa16ca5c636296a9b772b6d21851df7b', 0, 3, 0, NULL),
(16, 'rhyme', 0, '+1', '15502171747', 2018, '5f4dcc3b5aa765d61d8327deb882cf99', 1, 'd64588fb904fa3e9635d1a4c01d38a92', NULL, 0, 0, 0, 'Lily Mimo', NULL, NULL, NULL, NULL, NULL, NULL, 0, NULL, '0', '110199902034569', 1, NULL, '', NULL, NULL, NULL, 1, '', '45.113.160.58', 'Unassigned or intranetIP', 0, 1500711895, 0, 1, NULL, NULL, 1, NULL, NULL, 'WXNYJB', '8edcdd803dca285b7f67fdc629153350', NULL, 0, 0, 0, NULL),
(17, 'gorden', 0, '+1', '13059840358', 1501516800, '5f4dcc3b5aa765d61d8327deb882cf99', 1, 'e0a26e70cf3482669b81e77397eb1507', NULL, 0, 0, 0, 'Ryan Ming', NULL, NULL, NULL, NULL, NULL, NULL, 0, NULL, '0', '110123199003031010', 0, NULL, '', '59b20de72634d.jpg_59b20deb4c191.jpg_59b20dee3b0c5.jpg', NULL, '', 11, '', '', '', 0, 0, 0, 1, NULL, NULL, 1, NULL, NULL, 'GDCRSQ', '7b0a1322a52efc36783988caa414b96e', '4e47cc93010a6edc7edbf4a9b6bcdb63', 0, 0, 0, NULL),
(18, 'testing', 0, '+1', NULL, NULL, '5f4dcc3b5aa765d61d8327deb882cf99', 1, '95c359186ccd09eaa3a1f18c791b1c36', NULL, 0, 0, 0, NULL, NULL, NULL, NULL, NULL, NULL, NULL, 0, NULL, '0', NULL, 1, NULL, '', NULL, NULL, NULL, 0, NULL, '127.0.0.1', 'Unassigned or intranet IP', NULL, 1523351829, NULL, 1, NULL, NULL, 1, 'testing@testing123.com', NULL, 'GXBTLR', NULL, NULL, 0, 0, 0, NULL),
(19, 'mancore', 0, '+1', NULL, NULL, '7c82b7d848b2b07aee3846940113fbd9', 1, 'e26b2ce801e381a77c156726c2d447cc', NULL, 0, 0, 0, 'Mancore', NULL, NULL, NULL, NULL, NULL, NULL, 0, NULL, '0', 'AGH4374364D', 1, NULL, '', NULL, NULL, NULL, 1, NULL, '127.0.0.1', 'Unassigned or intranet IP', NULL, 1523351829, NULL, 1, NULL, NULL, 1, 'mancore@mancore.com', NULL, 'NGACLQ', 'dbbf1d5deffbf8983ab539f54ea2be99', NULL, 0, 0, 0, NULL),
(20, 'timkox', 0, '+1', NULL, NULL, '5f4dcc3b5aa765d61d8327deb882cf99', 1, '95c359186ccd09eaa3a1f18c791b1c36', NULL, 0, 0, 0, NULL, NULL, NULL, NULL, NULL, NULL, NULL, 0, NULL, '0', NULL, 1, NULL, '', NULL, NULL, NULL, 0, NULL, '127.0.0.1', 'Unassigned or intranet IP', NULL, 1523351829, NULL, 0, NULL, NULL, 1, 'timkox@timkox.com', NULL, 'HTLWGN', NULL, NULL, 0, 0, 0, NULL),
(21, 'markman', 0, '', '', 0, '5f4dcc3b5aa765d61d8327deb882cf99', 1, '95c359186ccd09eaa3a1f18c791b1c36', NULL, 0, 0, 0, 'Timmothy Nord', NULL, NULL, NULL, NULL, NULL, NULL, 0, NULL, '0', 'ET56353', 1, NULL, '', '5a2fa1ea927c0.jpg_5a2fa1f6f3688.jpg_5a2fa2102cec0.jpg', NULL, '', 1, NULL, '127.0.0.1', 'Unassigned or intranet IP', NULL, 1513071677, NULL, 1, NULL, NULL, 1, 'markman@markman.com', NULL, 'XNGCBM', '52f1f674380d40da427d879b51a48fd5', NULL, 0, 0, 0, NULL),
(22, 'demo123', 0, '+1', NULL, NULL, '5f4dcc3b5aa765d61d8327deb882cf99', 1, '6e9bece1914809fb8493146417e722f6', NULL, 0, 0, 0, 'Josh Rolan', NULL, NULL, NULL, NULL, NULL, NULL, 0, NULL, '5d6e40770a975a25f7c9fe15', 'HJ7878H', 0, NULL, '', NULL, NULL, NULL, 1, NULL, '127.0.0.1', 'Unassigned or intranet IP', NULL, 1523351829, NULL, 1, NULL, NULL, 1, 'demo@codono.com', NULL, 'FEZCQV', 'c53331e030807c78b1586a1d6b119b41', NULL, 0, 0, 0, NULL),
(23, 'demouser', 0, '+1', '7635474365375', 0, '5f4dcc3b5aa765d61d8327deb882cf99', 1, '91017d590a69dc49807671a51f10ab7f', NULL, 1, 0, 0, 'Simon', NULL, NULL, NULL, NULL, NULL, NULL, 0, NULL, '0', 'H43434j', 1, NULL, '', NULL, NULL, NULL, 0, '', '127.0.0.1', 'Unassigned or intranet IP', NULL, 1523351829, NULL, 1, NULL, NULL, 1, 'demouser@codono.com', NULL, 'WVZKUG', '87dfe1840cf965e28a5c5e05435a8f4b', 'a3a6ed87d812e36d3d60aa5870b5af01', 0, 1, 0, NULL),
(30, 'apollo', 0, '', NULL, 2018, '5f4dcc3b5aa765d61d8327deb882cf99', 1, '5f4dcc3b5aa765d61d8327deb882cf99', NULL, 0, 0, 0, 'quickuser', NULL, NULL, NULL, NULL, NULL, NULL, 0, NULL, '0', 'quickuser', 1, NULL, '', NULL, NULL, NULL, 203, '', '127.0.0.1', 'Unassigned or intranet IP', NULL, 1523351829, NULL, 1, NULL, NULL, 1, NULL, NULL, 'TAPFZL', '56217e2d26505b31964c9b3a84f55d37', '2c2e6ebf1fc02eaab1568a262f7aeeae', 0, 0, 0, NULL),
(31, 'moonmagic', 0, '+852', '3216549870', 2018, '5f4dcc3b5aa765d61d8327deb882cf99', 1, '95c359186ccd09eaa3a1f18c791b1c36', NULL, 0, 0, 0, 'Rita Corner', NULL, NULL, NULL, NULL, NULL, NULL, 0, NULL, '0', '48775748568765', 1, NULL, '', '5ae77a3bae8f8.png', NULL, '', 3, NULL, '127.0.0.1', 'Unassigned or intranet IP', NULL, 1535099825, NULL, 1, NULL, NULL, 1, NULL, NULL, 'BJUCLK', 'c74488b70c9e312039eb47fa0459126b', NULL, 0, 0, 0, NULL),
(32, 'seveneighty', 0, '+1', '7894561230', 1525120535, '5f4dcc3b5aa765d61d8327deb882cf99', 1, '7c6a180b36896a0a8c02787eeafb0e4c', NULL, 0, 0, 0, 'Sigora Desmond', NULL, NULL, NULL, NULL, NULL, NULL, 0, NULL, '0', '754656465', 1, NULL, '', '5ae7852bd7168.png', NULL, '', 0, NULL, '127.0.0.1', 'Unassigned or intranet IP', NULL, 1535108826, NULL, 1, NULL, NULL, 2, NULL, NULL, 'YPNVGZ', NULL, 'cdf0f7e589b1f6570537ef8b9c717277', 0, 0, 0, NULL),
(33, 'sinnora1', 0, '+1', '', 0, '5f4dcc3b5aa765d61d8327deb882cf99', 1, '95c359186ccd09eaa3a1f18c791b1c36', NULL, 0, 0, 0, 'Sinnora Simon', NULL, NULL, NULL, NULL, NULL, NULL, 0, NULL, '0', 'h6745764754', 0, NULL, '', '5af496f4f116c.png', NULL, NULL, 2, NULL, '127.0.0.1', 'Unassigned or intranet IP', NULL, 1666003981, NULL, 1, NULL, NULL, 1, 'sinnora@codono.com', NULL, 'MJFQSZ', 'c48dead63f45a7ac64b204c4b9a476ff', '33e2abf7ac295b837590412872213a43', 0, 0, 0, NULL),
(34, 'ashper', 0, '+1', '458745648756', 1525375116, '5f4dcc3b5aa765d61d8327deb882cf99', 1, '95c359186ccd09eaa3a1f18c791b1c36', NULL, 0, 0, 0, NULL, NULL, NULL, NULL, NULL, NULL, NULL, 0, NULL, '0', NULL, 0, NULL, '', NULL, NULL, NULL, 0, NULL, '127.0.0.1', 'Unassigned or intranet IP', NULL, 1666003981, NULL, 1, NULL, NULL, 1, NULL, NULL, 'JCUWBH', NULL, '06f558f3ffc0daf094cd30f8bc8ec505', 0, 0, 0, NULL),
(35, 'gelatoguy', 0, '+39', '47564574658', 1970, '5f4dcc3b5aa765d61d8327deb882cf99', 1, '95c359186ccd09eaa3a1f18c791b1c36', NULL, 0, 0, 0, '', NULL, NULL, NULL, NULL, NULL, NULL, 0, NULL, '0', '', 0, NULL, '', NULL, NULL, '', 1, NULL, '127.0.0.1', 'Unassigned or intranet IP', NULL, 1666003981, NULL, 1, NULL, NULL, 1, NULL, NULL, 'VIRFHY', '54bcc7ebbe490f396b83fa913f516ab5', '280b0f026a2d0d548ad48a74e3ae4583', 0, 0, 0, NULL),
(36, 'simmon', 0, '+1', '74574757778', 2018, '5f4dcc3b5aa765d61d8327deb882cf99', 1, '95c359186ccd09eaa3a1f18c791b1c36', NULL, 0, 0, 0, 'Parco Libro', NULL, NULL, NULL, NULL, NULL, NULL, 0, NULL, '0', 'H787878H', 0, NULL, '', '5aecc4d81b968.jpg_5aecc824ce8b0.gif', NULL, '', 8, NULL, '127.0.0.1', 'Unassigned or intranet IP', NULL, 1666003981, NULL, 1, NULL, NULL, 1, NULL, NULL, 'PXBZKY', '83c9713434c4a3221e0a59e723629507', NULL, 0, 0, 0, NULL),
(37, 'jondoe', 0, '+1', '548976526', 0, '5f4dcc3b5aa765d61d8327deb882cf99', 1, '95c359186ccd09eaa3a1f18c791b1c36', NULL, 1, 0, 0, 'Turn Dealer', NULL, NULL, NULL, NULL, NULL, NULL, 0, NULL, '0', 'F6766667767', 0, NULL, '', '5aed8aba54f60.gif', NULL, NULL, 14, '43NNDSTQZLBBQDSY|1|1', '127.0.0.1', 'LocalIP', NULL, 1666003981, NULL, 1, NULL, NULL, 1, 'admin@codono.com', NULL, 'UDGYPJ', 'b7638d895bfc8792df3159f9443d7809', '926550a4e8890e05016df7ab45c2fbfb', 0, 0, 0, NULL),
(38, 'amber', 0, '+90', '5342424841', 1718106791, '5f4dcc3b5aa765d61d8327deb882cf99', 3, '613d3b9c91e9445abaeca02f2342e5a6', 'TrustedGuy123', 1, 2, 3, 'Scott Rogers', 'Scott', 'Rogers', 'AT', 'd', 'j', '2000-02-02', 1, '8878787', 'd7fd0c1a06c0b940b91978877e0bcbf3410e', 'H83r3h8r3', 0, 'address', 'Verified', 'f4h89gh48gh48gj.jpg_f4h89gh48gh48gj.jpg_', '', 'dl', 843, '7WKCK4RIJOY7YRB2|1|1', '0.0.0.0', 'Hello Man / 87787 , hfhj2', NULL, 1672321420, NULL, 1, 'Abnormal Activity', 'USD', 1, 'amber@codono.com', NULL, 'WERGYJ', '3fe19077de033f67aeb7887443a071e0', '9f04682aba3399ad01f4749c2e7c7d2d', 0, 1, 1, 1724840720),
(39, 'shree', 0, '+852', '3574785874', 1592818958, '5f4dcc3b5aa765d61d8327deb882cf99', 1, '95c359186ccd09eaa3a1f18c791b1c36', NULL, 0, 0, 0, 'shree', 'Shreex', 'Mo', 'Turkey', 'Istanbul', 'Istanbul', '2021-01-01', 0, NULL, '5d5e81370a975a6c2cc4ea01', 'OKOK', 0, NULL, '', '5b7fc95755410.png_60265e6fe129f.png', NULL, 'NationalID', 309, NULL, '0.0.0.0', 'Unassigned or Local IP', NULL, 1666003981, NULL, 1, NULL, NULL, 1, 'shree@codono.com', NULL, 'MHBTLD', 'afdd9dc5016d0d57f54f1ce732f971a8', '5a98841c3b8feb979a6a1b2a088db8fd', 0, 0, 1, NULL),
(41, 'sheil', 0, '+1', NULL, NULL, '5f4dcc3b5aa765d61d8327deb882cf99', 1, '95c359186ccd09eaa3a1f18c791b1c36', NULL, 0, 0, 0, 'ko', NULL, NULL, NULL, NULL, NULL, NULL, 0, NULL, '0', 'ko', 0, NULL, '', '5b83ccbf14ff0.jpg', NULL, NULL, 0, NULL, '0.0.0.0', 'Unassigned or Local IP', NULL, 1666003981, NULL, 0, NULL, NULL, 1, 'mocha@codono.com', NULL, 'FYADMS', NULL, 'ac7ceaf67c26f1866044aa3f62d25c2f', 0, 0, 0, NULL),
(49, 'wroupon', 0, '+1', NULL, NULL, '5f4dcc3b5aa765d61d8327deb882cf99', 1, NULL, NULL, 0, 0, 0, NULL, NULL, NULL, NULL, NULL, NULL, NULL, 0, NULL, '0', NULL, 1, NULL, '', NULL, NULL, NULL, 9, NULL, '0.0.0.0', 'Unassigned or Local IP', NULL, 1711349430, NULL, 1, NULL, NULL, 1, 'wroupon@gmail.com', NULL, 'ZMWXLP', 'f3b52d5215c2eebadd520dbf79f3aeff', '64ba01041462c5e264b0531de1b6e7fe', 0, 0, 1, NULL),
(50, 'jackpotsoft', 0, '+1', '', 0, '371ca43477123f205c14e6bd40a3a0de', 1, '371ca43477123f205c14e6bd40a3a0de', NULL, 0, 0, 0, 'T R', NULL, NULL, NULL, NULL, NULL, NULL, 0, NULL, '0', '78778778', 0, NULL, '', '5cd961e1d7d20.png_5cd961ec04268.png_5cd961ef0f230.png', NULL, 'HD', 48, '', '0.0.0.0', 'Unassigned or Local IP', NULL, 1666003981, NULL, 1, NULL, NULL, 1, 'jackpotsoft@gmail.com', NULL, 'FXKUDC', 'a1f2270045c208a7fd64597f98f429fc', '2b0e3989efaacfc7caf502468e190490', 0, 0, 0, NULL),
(62, 'test22', 0, '+1', '', 0, '4d42bf9c18cb04139f918ff0ae68f8a0', 1, '95c359186ccd09eaa3a1f18c791b1c36', NULL, 38, 1, 0, '', NULL, NULL, NULL, NULL, NULL, NULL, 0, NULL, '0', '', 0, NULL, 'kk', '', NULL, '', 0, NULL, '0.0.0.0', 'Unassigned or Local IP', NULL, 1666003981, NULL, 1, NULL, NULL, 1, 'test22@test22.com', NULL, 'IWFNZK', NULL, NULL, 1, 0, 0, NULL),
(380, 'blackhawk', 0, '+1', NULL, NULL, '5f4dcc3b5aa765d61d8327deb882cf99', 1, '5f4dcc3b5aa765d61d8327deb882cf99', NULL, 0, 0, 0, 'steve jobs', NULL, NULL, NULL, NULL, NULL, NULL, 0, NULL, '0', NULL, 0, NULL, NULL, NULL, NULL, NULL, 0, NULL, NULL, NULL, NULL, 1666003981, 1617897114, 1, NULL, NULL, 1, 'someone@black.hawk', NULL, 'YXSWFC', 'bce5ae8bd15be0857485ddb5f065f214', '883c5e600a1eb491cae4fad76da0b046', 0, 0, 0, NULL),
(382, 'crowdphp', 0, '+1', '2784787434', 1632996863, '5f4dcc3b5aa765d61d8327deb882cf99', 1, '95c359186ccd09eaa3a1f18c791b1c36', NULL, 38, 1, 0, NULL, 'Katex', 'Simmon', 'Turkey', 'Ankara', 'Instanbul', '1984-05-25', 0, NULL, '0', 'H489598498', 0, NULL, NULL, NULL, NULL, 'NationalID', 116, NULL, '0.0.0.0', '0.0.0.0', NULL, 1666003981, NULL, 1, 'login,activities', 'USD', 1, 'crowdphp@gmail.com', NULL, 'IASUKY', 'b2249c799a1104d98e0d4737a0cbab43', '162f1bdd543f3dfcdb2f84f53b25d313', 1, 0, 1, NULL),
(383, 'turndealer', 0, '+1', '123456', 0, '5f4dcc3b5aa765d61d8327deb882cf99', 1, '95c359186ccd09eaa3a1f18c791b1c36', NULL, 0, 0, 0, '', NULL, NULL, NULL, NULL, NULL, NULL, 0, NULL, '0', '', 1, NULL, '', NULL, NULL, NULL, 16, NULL, '0.0.0.0', '0.0.0.0', NULL, 1666004018, NULL, 1, NULL, NULL, 1, 'turndealer@gmail.com', NULL, 'ZQUIKP', 'a7f6c06a31f582dc8a5a2b2bc4fa22db', '3529c7ca6e82955eddf83c8ac30e77ad', 0, 0, 0, NULL),
(384, 'hello', 0, '+1', NULL, NULL, '5f4dcc3b5aa765d61d8327deb882cf99', 1, NULL, NULL, 382, 38, 1, NULL, NULL, NULL, NULL, NULL, NULL, NULL, 0, NULL, '0', NULL, 1, NULL, NULL, NULL, NULL, NULL, 1, NULL, '0.0.0.0', '0.0.0.0', NULL, 1666003981, NULL, 1, NULL, NULL, 1, '737467@6776.com', NULL, 'JYHGTP', 'e591261323624b65508195a84c43bf08', '591c6d9df1f5872d8e3178e29ae750fe', 0, 0, 0, NULL),
(387, '116621172324524751490', 1, '+1', NULL, NULL, '5f4dcc3b5aa765d61d8327deb882cf99', 1, NULL, NULL, 38, 1, 0, NULL, 'Exchange', 'Java', NULL, NULL, NULL, NULL, 0, NULL, '0', NULL, 0, NULL, NULL, NULL, NULL, NULL, 1, NULL, NULL, NULL, NULL, NULL, NULL, 1, NULL, NULL, 1, 'exchjava@gmail.com', NULL, 'KLGJMC', '4daa74a752073cf9dc9670049c6ba7e4', 'c9418bfb700967b97ebdda428aaec311', 0, 0, 0, NULL),
(388, '109844358307929392554', 1, '+1', NULL, NULL, '5f4dcc3b5aa765d61d8327deb882cf99', 1, NULL, NULL, 0, 0, 0, NULL, 'Hitoma', 'Chan', NULL, NULL, NULL, NULL, 0, NULL, '0', NULL, 0, NULL, NULL, '63e64b3f93b63.png_63e64b4e42abf.png', NULL, NULL, 1, NULL, NULL, NULL, NULL, NULL, NULL, 1, NULL, NULL, 1, 'hitmota21@gmail.com', NULL, 'GHNAVU', 'd4b94860afa91415af2e13260cae45c6', 'ced1d28e8fd92231cc68a6eba93a66b1', 0, 0, 0, NULL),
(389, 'okokok', 0, '+1', '', 0, '04b02bd7c45326ee23d4c4ca1cc357f0', 1, NULL, NULL, 0, 0, 0, '', NULL, NULL, NULL, NULL, NULL, NULL, 0, NULL, '0', '', 1, NULL, '', NULL, NULL, NULL, 0, '', '0.0.0.0', '0.0.0.0', NULL, 1715606970, NULL, 0, 'login,activities', NULL, 1, 'okok@ok.com', NULL, 'UGNIVC', NULL, '82e924f203b77098fd183e1f27bd3c46', 0, 0, 0, NULL);

-- --------------------------------------------------------

--
-- Table structure for table `codono_user_assets`
--

CREATE TABLE IF NOT EXISTS `codono_user_assets` (
  `id` int(10) UNSIGNED NOT NULL AUTO_INCREMENT,
  `uid` int(10) UNSIGNED NOT NULL DEFAULT 0 COMMENT 'userid',
  `coin` varchar(30) COLLATE utf8mb3_unicode_ci DEFAULT NULL,
  `account` tinyint(1) NOT NULL DEFAULT 1 COMMENT '1 P2P 2 Other2  3 Other3',
  `balance` decimal(20,8) UNSIGNED NOT NULL DEFAULT 0.00000000 COMMENT 'balance',
  `freeze` decimal(20,8) UNSIGNED NOT NULL DEFAULT 0.00000000 COMMENT 'frozen',
  `created_at` int(11) DEFAULT NULL,
  `updated_at` int(11) DEFAULT NULL,
  `version` bigint(20) UNSIGNED NOT NULL DEFAULT 1,
  PRIMARY KEY (`id`),
  KEY `uid` (`uid`),
  KEY `uid_coin` (`uid`,`coin`)
) ENGINE=InnoDB AUTO_INCREMENT=22 DEFAULT CHARSET=utf8mb3 COLLATE=utf8mb3_unicode_ci COMMENT='User assets';

--
-- Dumping data for table `codono_user_assets`
--

INSERT INTO `codono_user_assets` (`id`, `uid`, `coin`, `account`, `balance`, `freeze`, `created_at`, `updated_at`, `version`) VALUES
(1, 38, 'xmr', 1, '0.00000000', '0.00000000', 1680625820, NULL, 1),
(2, 38, 'usdt', 1, '5035.55408192', '582.39302808', 1680625875, NULL, 1),
(3, 38, 'ltc', 1, '0.00000000', '0.00000000', 1680625922, NULL, 1),
(4, 3, 'ugx', 1, '772.90307347', '0.00000000', 1684488784, NULL, 1),
(5, 39, 'usdt', 1, '20.00000000', '0.00000000', NULL, NULL, 1),
(6, 16, 'usdt', 1, '100289.21353223', '0.00000000', 1705655879, NULL, 1),
(7, 38, 'usd', 1, '45.03100000', '0.00000000', 1706533858, NULL, 1),
(8, 38, 'bbt', 1, '0.06246573', '0.00000000', 1706534083, NULL, 1),
(9, 38, 'btc', 1, '1.13456249', '0.00000000', 1706534690, NULL, 1),
(10, 38, 'bnb', 1, '0.01274820', '0.00000000', 1707067263, NULL, 1),
(11, 38, 'bnb', 4, '0.00000000', '0.00000000', 1707067713, NULL, 1),
(12, 38, 'gnss', 4, '12763.03541600', '0.00000000', 1707067762, NULL, 1),
(13, 38, 'bbt', 4, '0.13903663', '0.00000000', 1707067775, NULL, 1),
(14, 38, 'xrp', 4, '3179.99991000', '0.00000000', NULL, NULL, 1),
(15, 38, 'btc', 5, '1.90000000', '0.00000000', 1707988094, NULL, 1),
(16, 50, 'tlnt', 5, '1990.80039600', '0.00000000', 1708938123, NULL, 1),
(17, 50, 'btc', 5, '4.65300000', '0.00000000', 1708938656, NULL, 1),
(18, 50, 'eth', 5, '2.00000100', '0.00000000', 1708938657, NULL, 1),
(19, 50, 'usdt', 5, '233.33004300', '0.00000000', 1708938657, NULL, 1),
(20, 49, 'usdt', 1, '210.69883687', '0.00000000', 1711362360, NULL, 1),
(21, 38, 'usdt', 4, '611.96209039', '0.00000000', 1724685218, NULL, 1);

-- --------------------------------------------------------

--
-- Table structure for table `codono_user_award`
--

CREATE TABLE IF NOT EXISTS `codono_user_award` (
  `id` int(11) NOT NULL AUTO_INCREMENT,
  `userid` int(10) NOT NULL DEFAULT 0,
  `award_id` int(11) NOT NULL COMMENT 'References codono_awards.id',
  `awardname` varchar(100) NOT NULL DEFAULT '',
  `status` tinyint(1) NOT NULL DEFAULT 0 COMMENT '0=pending, 1=confirmed, 2=failed',
  `addtime` int(11) NOT NULL DEFAULT 0 COMMENT 'Award time',
  `dealtime` int(11) DEFAULT NULL COMMENT 'Time when award was processed',
  `username` varchar(100) NOT NULL DEFAULT '',
  PRIMARY KEY (`id`)
) ENGINE=InnoDB DEFAULT CHARSET=utf8mb3;

-- --------------------------------------------------------

--
-- Table structure for table `codono_user_bank`
--

CREATE TABLE IF NOT EXISTS `codono_user_bank` (
  `id` int(11) UNSIGNED NOT NULL AUTO_INCREMENT,
  `userid` int(11) UNSIGNED DEFAULT NULL,
  `name` varchar(200) DEFAULT NULL,
  `truename` varchar(50) DEFAULT NULL COMMENT 'ac holders name',
  `bank` varchar(200) DEFAULT NULL,
  `bankprov` varchar(200) DEFAULT NULL,
  `bankcity` varchar(200) DEFAULT NULL,
  `bankaddr` varchar(200) DEFAULT NULL,
  `bankcard` varchar(200) DEFAULT NULL,
  `sort` int(11) UNSIGNED DEFAULT NULL,
  `addtime` int(11) UNSIGNED DEFAULT NULL,
  `endtime` int(11) UNSIGNED DEFAULT NULL,
  `paytype` tinyint(1) NOT NULL DEFAULT 0,
  `status` int(4) DEFAULT NULL,
  PRIMARY KEY (`id`),
  KEY `status` (`status`),
  KEY `userid` (`userid`)
) ENGINE=InnoDB AUTO_INCREMENT=23 DEFAULT CHARSET=utf8mb3;

--
-- Dumping data for table `codono_user_bank`
--

INSERT INTO `codono_user_bank` (`id`, `userid`, `name`, `truename`, `bank`, `bankprov`, `bankcity`, `bankaddr`, `bankcard`, `sort`, `addtime`, `endtime`, `paytype`, `status`) VALUES
(1, 2, 'test', NULL, 'Ping An Bank', 'Zhejiang', 'Ningbo', 'Testing Branch', '2245122145454545', 0, 1494863694, 0, 0, 1),
(4, 1, 'BOA TIM', NULL, 'Bank of America', 'USA', 'New York', '150 Broadway', '75648756485684564', NULL, 1524825963, NULL, 0, 1),
(5, 36, 'JJ', NULL, 'Bank of America', 'Wales', 'Wales', '4875648756', '1234123412341234', NULL, 1536224238, NULL, 0, 1),
(6, 39, 'Roger', NULL, 'Bank of America', 'Brazil', 'Rio', 'Rio Street 5', '3785638756876587', NULL, 1543493374, NULL, 0, 1),
(12, 38, 'Martins', 'Martin Col', 'Bank of America', 'Hong Kong', 'kowloon', 'Branch1', '3487573693869369564', NULL, 1599479802, NULL, 0, 1),
(13, 38, 'myboa', 'Amber Shawn', 'Bank of America', 'USA', 'LA', 'HDS7634367', '8945675986759687987', NULL, 1600342453, NULL, 0, 1),
(14, 382, 'Crowdphp', 'Scott Otten', 'ICBC', 'Hong Kong', 'Kowloon', 'Kowlook', '77838758548758', NULL, 1626867742, NULL, 0, 2),
(16, 382, '382_1631805548', NULL, 'ICBC', 'NA', 'NA', 'Hongkong', '7854785747', NULL, 1631805548, NULL, 0, 1),
(18, 382, '382_1632295978', NULL, 'HSBC', 'NA', 'NA', 'Road 4', '874754788548775', NULL, 1632295978, NULL, 0, 1),
(19, 49, '49_1711353705', 'GoergeGeorge', 'ROMBANK', 'NA', 'NA', 'H434636', '8745776545', NULL, 1711353705, NULL, 0, 1),
(20, 38, '38_1724841084', NULL, 'HSBC', 'NA', 'NA', 'Los3', '378545487', NULL, 1724841084, NULL, 1, 1),
(21, 38, '38_1725256961', NULL, 'HSBC', 'NA', 'NA', 'HSBC523523', '4875454', NULL, 1725256961, NULL, 1, 1),
(22, 38, '38_1725257083', NULL, 'HSBC Kowloon', 'NA', 'NA', 'HSBC523521', '48754542', NULL, 1725257083, NULL, 1, 1);

-- --------------------------------------------------------

--
-- Table structure for table `codono_user_bank_type`
--

CREATE TABLE IF NOT EXISTS `codono_user_bank_type` (
  `id` int(11) UNSIGNED NOT NULL AUTO_INCREMENT,
  `type` varchar(50) DEFAULT 'bank' COMMENT 'bank,crypto,paypal,others',
  `name` varchar(200) DEFAULT NULL,
  `title` varchar(200) DEFAULT NULL,
  `url` varchar(200) DEFAULT NULL,
  `img` varchar(200) DEFAULT NULL,
  `mytx` varchar(200) DEFAULT NULL,
  `remark` varchar(50) DEFAULT NULL,
  `sort` int(11) UNSIGNED DEFAULT NULL,
  `addtime` int(11) UNSIGNED DEFAULT NULL,
  `endtime` int(11) UNSIGNED DEFAULT NULL,
  `status` int(4) DEFAULT NULL,
  PRIMARY KEY (`id`),
  KEY `status` (`status`),
  KEY `name` (`name`)
) ENGINE=InnoDB AUTO_INCREMENT=25 DEFAULT CHARSET=utf8mb3 COMMENT='Common Bank Address';

--
-- Dumping data for table `codono_user_bank_type`
--

INSERT INTO `codono_user_bank_type` (`id`, `type`, `name`, `title`, `url`, `img`, `mytx`, `remark`, `sort`, `addtime`, `endtime`, `status`) VALUES
(1, 'bank', 'boc', 'Bank of China', 'http://www.boc.cn/', 'img_56937003683ce.jpg', '', '', 0, 1452503043, 0, 1),
(2, 'bank', 'abc', 'ABC', 'http://www.abchina.com/cn/', 'img_569370458b18d.jpg', '', '', 0, 1452503109, 0, 1),
(3, 'bank', 'bccb', 'Bank of Beijing', 'http://www.bankofbeijing.com.cn/', 'img_569370588dcdc.jpg', '', '', 0, 1452503128, 0, 1),
(4, 'bank', 'ccb', 'Construction Bank', 'http://www.ccb.com/', 'img_5693709bbd20f.jpg', '', '', 0, 1452503195, 0, 1),
(5, 'bank', 'ceb', 'China Everbright Bank', 'http://www.bankofbeijing.com.cn/', 'img_569370b207cc8.jpg', '', '', 0, 1452503218, 0, 1),
(6, 'bank', 'cib', 'Industrial Bank', 'http://www.cib.com.cn/cn/index.html', 'img_569370d29bf59.jpg', '', '', 0, 1452503250, 0, 1),
(7, 'bank', 'citic', 'CITIC Bank', 'http://www.ecitic.com/', 'img_569370fb7a1b3.jpg', '', '', 0, 1452503291, 0, 1),
(8, 'bank', 'cmb', 'China Merchants Bank', 'http://www.cmbchina.com/', 'img_5693710a9ac9c.jpg', '', '', 0, 1452503306, 0, 1),
(9, 'bank', 'cmbc', 'Minsheng Bank', 'http://www.cmbchina.com/', 'img_5693711f97a9d.jpg', '', '', 0, 1452503327, 0, 1),
(10, 'bank', 'comm', 'Bank of Communications&amp;uuml;', 'http://www.bankcomm.com/BankCommSite/default.shtml', 'img_5693713076351.jpg', '', '', 20, 1452503344, 0, 1),
(11, 'bank', 'gdb', 'Guangdong Development Bank', 'http://www.cgbchina.com.cn/', 'img_56937154bebc5.jpg', '', '', 0, 1452503380, 0, 1),
(12, 'bank', 'icbc', 'ICBC', 'http://www.icbc.com.cn/icbc/', 'img_56937162db7f5.jpg', '', '', 0, 1452503394, 0, 1),
(15, 'bank', 'szpab', 'Ping An Bank', 'http://bank.pingan.com/', '56c2e4c9aff85.jpg', '', '', 0, 1455613129, 0, 1),
(16, 'bank', 'alipay', 'Alipay', 'http://www.alipay.com', '', '', '', 1, 1452503439, 0, 1),
(17, 'bank', 'BOA', 'Bank of Americaü s', 'https://www.bankofamerica.com', '', NULL, NULL, 2, NULL, NULL, 1),
(18, 'crypto', 'USDT', 'USDT', 'https://tether.to/', '', NULL, NULL, 1, NULL, NULL, 1),
(24, 'bank', 'kotak', 'Kotak Mahindra', 'https://kotakbank.com', NULL, NULL, NULL, 3, NULL, NULL, 1);

-- --------------------------------------------------------

--
-- Table structure for table `codono_user_coin`
--

CREATE TABLE IF NOT EXISTS `codono_user_coin` (
  `id` int(11) UNSIGNED NOT NULL AUTO_INCREMENT,
  `addtime` int(11) DEFAULT NULL,
  `userid` int(10) UNSIGNED DEFAULT NULL,
  `evm` varchar(42) DEFAULT NULL COMMENT 'esmart evm address for newer version of source',
  `usd` decimal(20,8) DEFAULT 0.00000000,
  `usdd` decimal(20,8) DEFAULT 0.00000000,
  `krb_tag` varchar(42) DEFAULT NULL COMMENT 'Tag for xrp,xmr',
  `xmr_tag` varchar(42) DEFAULT NULL COMMENT 'Tag for xrp,xmr',
  `xrp_tag` varchar(42) DEFAULT NULL COMMENT 'Tag for xrp',
  `dot` decimal(20,8) UNSIGNED DEFAULT 0.00000000,
  `dotd` decimal(20,8) UNSIGNED DEFAULT 0.00000000,
  `dotb` varchar(99) DEFAULT NULL,
  `btc` decimal(20,8) UNSIGNED DEFAULT 0.00000000,
  `btcd` decimal(20,8) UNSIGNED DEFAULT 0.00000000,
  `btcb` varchar(42) DEFAULT NULL,
  `eth` decimal(20,8) UNSIGNED DEFAULT 0.00000000,
  `ethd` decimal(20,8) UNSIGNED DEFAULT 0.00000000,
  `ethb` varchar(42) DEFAULT NULL,
  `xrp` decimal(20,8) UNSIGNED DEFAULT 0.00000000,
  `xrpd` decimal(20,8) UNSIGNED DEFAULT 0.00000000,
  `xrpb` varchar(42) DEFAULT NULL,
  `bch` decimal(20,8) UNSIGNED DEFAULT 0.00000000,
  `bchd` decimal(20,8) UNSIGNED DEFAULT 0.00000000,
  `bchb` varchar(42) DEFAULT NULL,
  `usdt` decimal(20,8) UNSIGNED DEFAULT 0.00000000,
  `usdtd` decimal(20,8) UNSIGNED DEFAULT 0.00000000,
  `usdtb` varchar(42) DEFAULT NULL,
  `eos` decimal(20,8) UNSIGNED DEFAULT 0.00000000,
  `eosd` decimal(20,8) UNSIGNED DEFAULT 0.00000000,
  `eosb` varchar(42) DEFAULT NULL,
  `ltc` decimal(20,8) UNSIGNED DEFAULT 0.00000000,
  `ltcd` decimal(20,8) UNSIGNED DEFAULT 0.00000000,
  `ltcb` varchar(42) DEFAULT NULL,
  `bsv` decimal(20,8) UNSIGNED DEFAULT 0.00000000,
  `bsvd` decimal(20,8) UNSIGNED DEFAULT 0.00000000,
  `bsvb` varchar(42) DEFAULT NULL,
  `bnb` decimal(20,8) UNSIGNED DEFAULT 0.00000000,
  `bnbd` decimal(20,8) UNSIGNED DEFAULT 0.00000000,
  `bnbb` varchar(42) DEFAULT NULL,
  `xlm` decimal(20,8) UNSIGNED DEFAULT 0.00000000,
  `xlmd` decimal(20,8) UNSIGNED DEFAULT 0.00000000,
  `xlmb` varchar(42) DEFAULT NULL,
  `link` decimal(20,8) UNSIGNED DEFAULT 0.00000000,
  `linkd` decimal(20,8) UNSIGNED DEFAULT 0.00000000,
  `linkb` varchar(42) DEFAULT NULL,
  `ada` decimal(20,8) UNSIGNED DEFAULT 0.00000000,
  `adad` decimal(20,8) UNSIGNED DEFAULT 0.00000000,
  `adab` varchar(42) DEFAULT NULL,
  `xmr` decimal(20,8) UNSIGNED DEFAULT 0.00000000,
  `xmrd` decimal(20,8) UNSIGNED DEFAULT 0.00000000,
  `xmrb` varchar(42) DEFAULT NULL,
  `trx` decimal(20,8) UNSIGNED DEFAULT 0.00000000,
  `trxd` decimal(20,8) UNSIGNED DEFAULT 0.00000000,
  `trxb` varchar(42) DEFAULT NULL,
  `dash` decimal(20,8) UNSIGNED DEFAULT 0.00000000,
  `dashd` decimal(20,8) UNSIGNED DEFAULT 0.00000000,
  `dashb` varchar(42) DEFAULT NULL,
  `etc` decimal(20,8) UNSIGNED DEFAULT 0.00000000,
  `etcd` decimal(20,8) UNSIGNED DEFAULT 0.00000000,
  `etcb` varchar(42) DEFAULT NULL,
  `neo` decimal(20,8) UNSIGNED DEFAULT 0.00000000,
  `neod` decimal(20,8) UNSIGNED DEFAULT 0.00000000,
  `neob` varchar(42) DEFAULT NULL,
  `atom` decimal(20,8) UNSIGNED DEFAULT 0.00000000,
  `atomd` decimal(20,8) UNSIGNED DEFAULT 0.00000000,
  `atomb` varchar(42) DEFAULT NULL,
  `zec` decimal(20,8) UNSIGNED DEFAULT 0.00000000,
  `zecd` decimal(20,8) UNSIGNED DEFAULT 0.00000000,
  `zecb` varchar(42) DEFAULT NULL,
  `doge` decimal(20,8) UNSIGNED DEFAULT 0.00000000,
  `doged` decimal(20,8) UNSIGNED DEFAULT 0.00000000,
  `dogeb` varchar(42) DEFAULT NULL,
  `bat` decimal(20,8) UNSIGNED DEFAULT 0.00000000,
  `batd` decimal(20,8) UNSIGNED DEFAULT 0.00000000,
  `batb` varchar(42) DEFAULT NULL,
  `rvn` decimal(20,8) UNSIGNED DEFAULT 0.00000000,
  `rvnd` decimal(20,8) UNSIGNED DEFAULT 0.00000000,
  `rvnb` varchar(42) DEFAULT NULL,
  `waves` decimal(20,8) UNSIGNED DEFAULT 0.00000000,
  `wavesd` decimal(20,8) UNSIGNED DEFAULT 0.00000000,
  `wavesb` varchar(42) DEFAULT NULL,
  `etn` decimal(20,8) UNSIGNED DEFAULT 0.00000000,
  `etnd` decimal(20,8) UNSIGNED DEFAULT 0.00000000,
  `etnb` varchar(42) DEFAULT NULL,
  `grin` decimal(20,8) UNSIGNED DEFAULT 0.00000000,
  `grind` decimal(20,8) UNSIGNED DEFAULT 0.00000000,
  `grinb` varchar(42) DEFAULT NULL,
  `beam` decimal(20,8) UNSIGNED DEFAULT 0.00000000,
  `beamd` decimal(20,8) UNSIGNED DEFAULT 0.00000000,
  `beamb` varchar(42) DEFAULT NULL,
  `dft` decimal(20,8) UNSIGNED DEFAULT 0.00000000,
  `dftd` decimal(20,8) UNSIGNED DEFAULT 0.00000000,
  `dftb` varchar(42) DEFAULT NULL,
  `eur` decimal(20,8) UNSIGNED DEFAULT 0.00000000,
  `eurd` decimal(20,8) UNSIGNED DEFAULT 0.00000000,
  `eurb` varchar(42) DEFAULT NULL,
  `zar` decimal(20,8) UNSIGNED DEFAULT 0.00000000,
  `zard` decimal(20,8) UNSIGNED DEFAULT 0.00000000,
  `zarb` varchar(42) DEFAULT NULL,
  `krb` decimal(20,8) UNSIGNED DEFAULT 0.00000000,
  `krbd` decimal(20,8) UNSIGNED DEFAULT 0.00000000,
  `krbb` varchar(42) DEFAULT NULL,
  `tsf` decimal(20,8) UNSIGNED DEFAULT 0.00000000,
  `tsfd` decimal(20,8) UNSIGNED DEFAULT 0.00000000,
  `tsfb` varchar(42) DEFAULT NULL,
  `ugx` decimal(20,8) UNSIGNED DEFAULT 0.00000000,
  `ugxd` decimal(20,8) UNSIGNED DEFAULT 0.00000000,
  `ugxb` varchar(42) DEFAULT NULL,
  `bbt` decimal(20,8) UNSIGNED DEFAULT 0.00000000,
  `bbtd` decimal(20,8) UNSIGNED DEFAULT 0.00000000,
  `bbtb` varchar(42) DEFAULT NULL,
  `try` decimal(20,8) UNSIGNED DEFAULT 0.00000000,
  `tryd` decimal(20,8) UNSIGNED DEFAULT 0.00000000,
  `tryb` varchar(42) DEFAULT NULL,
  `wbtc` decimal(20,8) UNSIGNED DEFAULT 0.00000000,
  `wbtcd` decimal(20,8) UNSIGNED DEFAULT 0.00000000,
  `wbtcb` varchar(42) DEFAULT NULL,
  `btt` decimal(20,8) UNSIGNED DEFAULT 0.00000000,
  `bttd` decimal(20,8) UNSIGNED DEFAULT 0.00000000,
  `bttb` varchar(42) DEFAULT NULL,
  `bttold` decimal(20,8) UNSIGNED DEFAULT 0.00000000,
  `bttoldd` decimal(20,8) UNSIGNED DEFAULT 0.00000000,
  `bttoldb` varchar(42) DEFAULT NULL,
  `tht` decimal(20,8) UNSIGNED DEFAULT 0.00000000,
  `thtd` decimal(20,8) UNSIGNED DEFAULT 0.00000000,
  `thtb` varchar(42) DEFAULT NULL,
  `tusdt` decimal(20,8) UNSIGNED DEFAULT 0.00000000,
  `tusdtd` decimal(20,8) UNSIGNED DEFAULT 0.00000000,
  `tusdtb` varchar(42) DEFAULT NULL,
  `busdt` decimal(20,8) UNSIGNED DEFAULT 0.00000000,
  `busdtd` decimal(20,8) UNSIGNED DEFAULT 0.00000000,
  `busdtb` varchar(42) DEFAULT NULL,
  `arbiusdt` decimal(20,8) UNSIGNED DEFAULT 0.00000000,
  `arbiusdtd` decimal(20,8) UNSIGNED DEFAULT 0.00000000,
  `arbiusdtb` varchar(42) DEFAULT NULL,
  `xud` decimal(20,8) UNSIGNED DEFAULT 0.00000000,
  `xudd` decimal(20,8) UNSIGNED DEFAULT 0.00000000,
  `xudb` varchar(42) DEFAULT NULL,
  `rub` decimal(20,8) UNSIGNED DEFAULT 0.00000000,
  `rubd` decimal(20,8) UNSIGNED DEFAULT 0.00000000,
  `rubb` varchar(42) DEFAULT NULL,
  `gnss` decimal(20,8) UNSIGNED DEFAULT 0.00000000,
  `gnssd` decimal(20,8) UNSIGNED DEFAULT 0.00000000,
  `gnssb` varchar(42) DEFAULT NULL,
  `rota` decimal(20,8) UNSIGNED DEFAULT 0.00000000,
  `rotad` decimal(20,8) UNSIGNED DEFAULT 0.00000000,
  `rotab` varchar(42) DEFAULT NULL,
  `tlnt` decimal(20,8) UNSIGNED DEFAULT 0.00000000,
  `tlntd` decimal(20,8) UNSIGNED DEFAULT 0.00000000,
  `tlntb` varchar(42) DEFAULT NULL,
  `zrt` decimal(20,8) UNSIGNED DEFAULT 0.00000000,
  `zrtd` decimal(20,8) UNSIGNED DEFAULT 0.00000000,
  `zrtb` varchar(42) DEFAULT NULL,
  `zb` decimal(20,8) UNSIGNED DEFAULT 0.00000000,
  `zbd` decimal(20,8) UNSIGNED DEFAULT 0.00000000,
  `zbb` varchar(42) DEFAULT NULL,
  PRIMARY KEY (`id`),
  KEY `userid` (`userid`)
) ENGINE=InnoDB AUTO_INCREMENT=132 DEFAULT CHARSET=utf8mb3 COMMENT='Users Balance';

--
-- Dumping data for table `codono_user_coin`
--

INSERT INTO `codono_user_coin` (`id`, `addtime`, `userid`, `evm`, `usd`, `usdd`, `krb_tag`, `xmr_tag`, `xrp_tag`, `dot`, `dotd`, `dotb`, `btc`, `btcd`, `btcb`, `eth`, `ethd`, `ethb`, `xrp`, `xrpd`, `xrpb`, `bch`, `bchd`, `bchb`, `usdt`, `usdtd`, `usdtb`, `eos`, `eosd`, `eosb`, `ltc`, `ltcd`, `ltcb`, `bsv`, `bsvd`, `bsvb`, `bnb`, `bnbd`, `bnbb`, `xlm`, `xlmd`, `xlmb`, `link`, `linkd`, `linkb`, `ada`, `adad`, `adab`, `xmr`, `xmrd`, `xmrb`, `trx`, `trxd`, `trxb`, `dash`, `dashd`, `dashb`, `etc`, `etcd`, `etcb`, `neo`, `neod`, `neob`, `atom`, `atomd`, `atomb`, `zec`, `zecd`, `zecb`, `doge`, `doged`, `dogeb`, `bat`, `batd`, `batb`, `rvn`, `rvnd`, `rvnb`, `waves`, `wavesd`, `wavesb`, `etn`, `etnd`, `etnb`, `grin`, `grind`, `grinb`, `beam`, `beamd`, `beamb`, `dft`, `dftd`, `dftb`, `eur`, `eurd`, `eurb`, `zar`, `zard`, `zarb`, `krb`, `krbd`, `krbb`, `tsf`, `tsfd`, `tsfb`, `ugx`, `ugxd`, `ugxb`, `bbt`, `bbtd`, `bbtb`, `try`, `tryd`, `tryb`, `wbtc`, `wbtcd`, `wbtcb`, `btt`, `bttd`, `bttb`, `bttold`, `bttoldd`, `bttoldb`, `tht`, `thtd`, `thtb`, `tusdt`, `tusdtd`, `tusdtb`, `busdt`, `busdtd`, `busdtb`, `arbiusdt`, `arbiusdtd`, `arbiusdtb`, `xud`, `xudd`, `xudb`, `rub`, `rubd`, `rubb`, `gnss`, `gnssd`, `gnssb`, `rota`, `rotad`, `rotab`, `tlnt`, `tlntd`, `tlntb`, `zrt`, `zrtd`, `zrtb`, `zb`, `zbd`, `zbb`) VALUES
(87, 1700552924, 20, NULL, '0.00000000', '0.00000000', NULL, NULL, NULL, '0.00000000', '0.00000000', NULL, '0.00000000', '0.00000000', NULL, '0.00000000', '0.00000000', NULL, '0.00000000', '0.00000000', NULL, '0.00000000', '0.00000000', NULL, '0.00000000', '0.00000000', NULL, '0.00000000', '0.00000000', NULL, '0.00000000', '0.00000000', NULL, '0.00000000', '0.00000000', NULL, '0.00000000', '0.00000000', NULL, '0.00000000', '0.00000000', NULL, '0.00000000', '0.00000000', NULL, '0.00000000', '0.00000000', NULL, '0.00000000', '0.00000000', NULL, '0.00000000', '0.00000000', NULL, '0.00000000', '0.00000000', NULL, '0.00000000', '0.00000000', NULL, '0.00000000', '0.00000000', NULL, '0.00000000', '0.00000000', NULL, '0.00000000', '0.00000000', NULL, '0.00000000', '0.00000000', NULL, '0.00000000', '0.00000000', NULL, '0.00000000', '0.00000000', NULL, '0.00000000', '0.00000000', NULL, '0.00000000', '0.00000000', NULL, '0.00000000', '0.00000000', NULL, '0.00000000', '0.00000000', NULL, '0.00000000', '0.00000000', NULL, '0.00000000', '0.00000000', NULL, '0.00000000', '0.00000000', NULL, '0.00000000', '0.00000000', NULL, '0.00000000', '0.00000000', NULL, '0.00000000', '0.00000000', NULL, '0.00000000', '0.00000000', NULL, '0.00000000', '0.00000000', NULL, '0.00000000', '0.00000000', NULL, '0.00000000', '0.00000000', NULL, '0.00000000', '0.00000000', NULL, '0.00000000', '0.00000000', NULL, '0.00000000', '0.00000000', NULL, '0.00000000', '0.00000000', NULL, '0.00000000', '0.00000000', NULL, '0.00000000', '0.00000000', NULL, '0.00000000', '0.00000000', NULL, '0.00000000', '0.00000000', NULL, '0.00000000', '0.00000000', NULL, '0.00000000', '0.00000000', NULL, '0.00000000', '0.00000000', NULL, '0.00000000', '0.00000000', NULL),
(88, 1700552924, 41, NULL, '0.00000000', '0.00000000', NULL, NULL, NULL, '0.00000000', '0.00000000', NULL, '0.00000000', '0.00000000', NULL, '0.00000000', '0.00000000', NULL, '0.00000000', '0.00000000', NULL, '0.00000000', '0.00000000', NULL, '0.00000000', '0.00000000', NULL, '0.00000000', '0.00000000', NULL, '0.00000000', '0.00000000', NULL, '0.00000000', '0.00000000', NULL, '0.00000000', '0.00000000', NULL, '0.00000000', '0.00000000', NULL, '0.00000000', '0.00000000', NULL, '0.00000000', '0.00000000', NULL, '0.00000000', '0.00000000', NULL, '0.00000000', '0.00000000', NULL, '0.00000000', '0.00000000', NULL, '0.00000000', '0.00000000', NULL, '0.00000000', '0.00000000', NULL, '0.00000000', '0.00000000', NULL, '0.00000000', '0.00000000', NULL, '0.00000000', '0.00000000', NULL, '0.00000000', '0.00000000', NULL, '0.00000000', '0.00000000', NULL, '0.00000000', '0.00000000', NULL, '0.00000000', '0.00000000', NULL, '0.00000000', '0.00000000', NULL, '0.00000000', '0.00000000', NULL, '0.00000000', '0.00000000', NULL, '0.00000000', '0.00000000', NULL, '0.00000000', '0.00000000', NULL, '0.00000000', '0.00000000', NULL, '0.00000000', '0.00000000', NULL, '0.00000000', '0.00000000', NULL, '0.00000000', '0.00000000', NULL, '0.00000000', '0.00000000', NULL, '0.00000000', '0.00000000', NULL, '0.00000000', '0.00000000', NULL, '0.00000000', '0.00000000', NULL, '0.00000000', '0.00000000', NULL, '0.00000000', '0.00000000', NULL, '0.00000000', '0.00000000', NULL, '0.00000000', '0.00000000', NULL, '0.00000000', '0.00000000', NULL, '0.00000000', '0.00000000', NULL, '0.00000000', '0.00000000', NULL, '0.00000000', '0.00000000', NULL, '0.00000000', '0.00000000', NULL, '0.00000000', '0.00000000', NULL, '0.00000000', '0.00000000', NULL),
(89, 1700552924, 389, NULL, '0.00000000', '0.00000000', NULL, NULL, NULL, '0.00000000', '0.00000000', NULL, '0.00000000', '0.00000000', NULL, '0.00000000', '0.00000000', NULL, '0.00000000', '0.00000000', NULL, '0.00000000', '0.00000000', NULL, '0.00000000', '0.00000000', NULL, '0.00000000', '0.00000000', NULL, '0.00000000', '0.00000000', NULL, '0.00000000', '0.00000000', NULL, '0.00000000', '0.00000000', NULL, '0.00000000', '0.00000000', NULL, '0.00000000', '0.00000000', NULL, '0.00000000', '0.00000000', NULL, '0.00000000', '0.00000000', NULL, '0.00000000', '0.00000000', NULL, '0.00000000', '0.00000000', NULL, '0.00000000', '0.00000000', NULL, '0.00000000', '0.00000000', NULL, '0.00000000', '0.00000000', NULL, '0.00000000', '0.00000000', NULL, '0.00000000', '0.00000000', NULL, '0.00000000', '0.00000000', NULL, '0.00000000', '0.00000000', NULL, '0.00000000', '0.00000000', NULL, '0.00000000', '0.00000000', NULL, '0.00000000', '0.00000000', NULL, '0.00000000', '0.00000000', NULL, '0.00000000', '0.00000000', NULL, '0.00000000', '0.00000000', NULL, '0.00000000', '0.00000000', NULL, '0.00000000', '0.00000000', NULL, '0.00000000', '0.00000000', NULL, '0.00000000', '0.00000000', NULL, '0.00000000', '0.00000000', NULL, '0.00000000', '0.00000000', NULL, '0.00000000', '0.00000000', NULL, '0.00000000', '0.00000000', NULL, '0.00000000', '0.00000000', NULL, '0.00000000', '0.00000000', NULL, '0.00000000', '0.00000000', NULL, '0.00000000', '0.00000000', NULL, '0.00000000', '0.00000000', NULL, '0.00000000', '0.00000000', NULL, '0.00000000', '0.00000000', NULL, '0.00000000', '0.00000000', NULL, '0.00000000', '0.00000000', NULL, '0.00000000', '0.00000000', NULL, '0.00000000', '0.00000000', NULL, '0.00000000', '0.00000000', NULL),
(90, 1700552924, 1, NULL, '0.03086870', '0.00000000', NULL, NULL, NULL, '0.00000000', '0.00000000', NULL, '1.03300000', '0.00000000', NULL, '0.00000000', '0.00000000', NULL, '0.00000000', '0.00000000', NULL, '0.00000000', '0.00000000', NULL, '29.12187500', '0.00000000', NULL, '0.00000000', '0.00000000', NULL, '0.00000000', '0.00000000', NULL, '0.00000000', '0.00000000', NULL, '0.00000000', '0.00000000', NULL, '0.00000000', '0.00000000', NULL, '0.00000000', '0.00000000', NULL, '0.00000000', '0.00000000', NULL, '0.00000000', '0.00000000', NULL, '0.00000000', '0.00000000', NULL, '0.00000000', '0.00000000', NULL, '0.00000000', '0.00000000', NULL, '0.00000000', '0.00000000', NULL, '0.00000000', '0.00000000', NULL, '0.00000000', '0.00000000', NULL, '0.00000000', '0.00000000', NULL, '0.00000000', '0.00000000', NULL, '0.00000000', '0.00000000', NULL, '0.00000000', '0.00000000', NULL, '0.00000000', '0.00000000', NULL, '0.00000000', '0.00000000', NULL, '0.00000000', '0.00000000', NULL, '0.00000000', '0.00000000', NULL, '0.00000000', '0.00000000', NULL, '0.00000000', '0.00000000', NULL, '0.00000000', '0.00000000', NULL, '0.00000000', '0.00000000', NULL, '0.00000000', '0.00000000', NULL, '0.00000000', '0.00000000', NULL, '0.00000000', '0.00000000', NULL, '0.00000000', '0.00000000', NULL, '0.00000000', '0.00000000', NULL, '0.00000000', '0.00000000', NULL, '0.00000000', '0.00000000', NULL, '0.00000000', '0.00000000', NULL, '0.00000000', '0.00000000', NULL, '0.00000000', '0.00000000', NULL, '0.00000000', '0.00000000', NULL, '0.00000000', '0.00000000', NULL, '27.00000000', '0.00000000', NULL, '0.00000000', '0.00000000', NULL, '0.00000000', '0.00000000', NULL, '0.00000000', '0.00000000', NULL, '0.00000000', '0.00000000', NULL),
(91, 1700552924, 2, NULL, '0.00000000', '0.00000000', NULL, NULL, NULL, '0.00000000', '0.00000000', NULL, '4.01209691', '0.00000000', '6176daefa7269b4b9ecf93fab698e262', '0.00100000', '0.00000000', NULL, '0.00000000', '0.00000000', NULL, '0.00000000', '0.00000000', NULL, '262417.97187740', '0.00000000', NULL, '0.00000000', '0.00000000', NULL, '0.00000000', '0.00000000', NULL, '0.00000000', '0.00000000', NULL, '0.00000000', '0.00000000', NULL, '0.00000000', '0.00000000', NULL, '0.00000000', '0.00000000', NULL, '0.00000000', '0.00000000', NULL, '0.00000000', '0.00000000', NULL, '0.00000000', '0.00000000', NULL, '0.00000000', '0.00000000', NULL, '0.00000000', '0.00000000', NULL, '0.00000000', '0.00000000', NULL, '0.00000000', '0.00000000', NULL, '0.00000000', '0.00000000', NULL, '0.00000000', '0.00000000', NULL, '0.00000000', '0.00000000', NULL, '0.00000000', '0.00000000', NULL, '0.00000000', '0.00000000', NULL, '0.00000000', '0.00000000', NULL, '0.00000000', '0.00000000', NULL, '0.00000000', '0.00000000', NULL, '0.00000000', '0.00000000', NULL, '0.00000000', '0.00000000', NULL, '0.00000000', '0.00000000', NULL, '0.00000000', '0.00000000', NULL, '0.00000000', '0.00000000', NULL, '0.00000000', '0.00000000', NULL, '0.00000000', '0.00000000', NULL, '0.00000000', '0.00000000', NULL, '0.00000000', '0.00000000', NULL, '0.00000000', '0.00000000', NULL, '0.00000000', '0.00000000', NULL, '0.00000000', '0.00000000', NULL, '0.00000000', '0.00000000', NULL, '0.00000000', '0.00000000', NULL, '0.00000000', '0.00000000', NULL, '0.00000000', '0.00000000', NULL, '0.00000000', '0.00000000', NULL, '13.00000000', '0.00000000', NULL, '0.00000000', '0.00000000', NULL, '0.00000000', '0.00000000', NULL, '0.00000000', '0.00000000', NULL, '0.00000000', '0.00000000', NULL),
(92, 1700552924, 3, NULL, '0.00308687', '0.00000000', NULL, NULL, '364418691', '0.00000000', '0.00000000', NULL, '3.99500000', '0.00000000', '3ec1a390e21bd270e286123ee1b2c260', '0.00000000', '0.00000000', NULL, '0.00000000', '0.00000000', NULL, '0.00000000', '0.00000000', NULL, '300.00000000', '0.00000000', NULL, '0.00000000', '0.00000000', NULL, '0.00000000', '0.00000000', NULL, '0.00000000', '0.00000000', NULL, '0.00000000', '0.00000000', NULL, '0.00000000', '0.00000000', NULL, '0.00000000', '0.00000000', NULL, '0.00000000', '0.00000000', NULL, '0.00000000', '0.00000000', NULL, '0.00000000', '0.00000000', 'TLrAb25rL9JKfZB6vphytWH3r8db4TfavN', '0.00000000', '0.00000000', NULL, '0.00000000', '0.00000000', NULL, '0.00000000', '0.00000000', NULL, '0.00000000', '0.00000000', NULL, '0.00000000', '0.00000000', NULL, '0.00000000', '0.00000000', NULL, '0.00000000', '0.00000000', NULL, '0.00000000', '0.00000000', NULL, '0.00000000', '0.00000000', NULL, '0.00000000', '0.00000000', NULL, '0.00000000', '0.00000000', NULL, '0.00000000', '0.00000000', NULL, '0.00000000', '0.00000000', NULL, '0.00000000', '0.00000000', NULL, '0.00000000', '0.00000000', NULL, '0.00000000', '0.00000000', NULL, '0.00000000', '0.00000000', NULL, '0.00000000', '0.00000000', NULL, '0.00000000', '0.00000000', NULL, '0.00000000', '0.00000000', NULL, '0.00000000', '0.00000000', NULL, '0.00000000', '0.00000000', NULL, '0.00000000', '0.00000000', NULL, '0.00000000', '0.00000000', NULL, '0.00000000', '0.00000000', 'TLrAb25rL9JKfZB6vphytWH3r8db4TfavN', '0.00000000', '0.00000000', NULL, '0.00000000', '0.00000000', NULL, '0.00000000', '0.00000000', NULL, '0.00000000', '0.00000000', NULL, '5.00000000', '0.00000000', NULL, '0.00000000', '0.00000000', NULL, '0.00000000', '0.00000000', NULL, '0.00000000', '0.00000000', NULL, '0.00000000', '0.00000000', NULL),
(93, 1700552924, 5, NULL, '0.00000000', '0.00000000', NULL, NULL, NULL, '0.00000000', '0.00000000', NULL, '9.00040833', '0.00000000', NULL, '0.00000000', '0.00000000', NULL, '0.00000000', '0.00000000', NULL, '0.00000000', '0.00000000', NULL, '884.98510911', '0.00000000', NULL, '0.00000000', '0.00000000', NULL, '0.00000000', '0.00000000', NULL, '0.00000000', '0.00000000', NULL, '0.00000000', '0.00000000', NULL, '0.00000000', '0.00000000', NULL, '0.00000000', '0.00000000', NULL, '0.00000000', '0.00000000', NULL, '0.00000000', '0.00000000', NULL, '0.00000000', '0.00000000', NULL, '0.00000000', '0.00000000', NULL, '0.00000000', '0.00000000', NULL, '0.00000000', '0.00000000', NULL, '0.00000000', '0.00000000', NULL, '0.00000000', '0.00000000', NULL, '0.00000000', '0.00000000', NULL, '0.00000000', '0.00000000', NULL, '0.00000000', '0.00000000', NULL, '0.00000000', '0.00000000', NULL, '0.00000000', '0.00000000', NULL, '0.00000000', '0.00000000', NULL, '0.00000000', '0.00000000', NULL, '0.00000000', '0.00000000', NULL, '0.00000000', '0.00000000', NULL, '0.00000000', '0.00000000', NULL, '0.00000000', '0.00000000', NULL, '0.00000000', '0.00000000', NULL, '0.00000000', '0.00000000', NULL, '0.00000000', '0.00000000', NULL, '0.00000000', '0.00000000', NULL, '0.00000000', '0.00000000', NULL, '0.00000000', '0.00000000', NULL, '0.00000000', '0.00000000', NULL, '0.00000000', '0.00000000', NULL, '0.00000000', '0.00000000', NULL, '0.00000000', '0.00000000', NULL, '0.00000000', '0.00000000', NULL, '0.00000000', '0.00000000', NULL, '0.00000000', '0.00000000', NULL, '0.00000000', '0.00000000', NULL, '0.00000000', '0.00000000', NULL, '0.00000000', '0.00000000', NULL, '0.00000000', '0.00000000', NULL, '0.00000000', '0.00000000', NULL),
(94, 1700552924, 6, NULL, '0.00000000', '0.00000000', NULL, NULL, NULL, '0.00000000', '0.00000000', NULL, '4.01000000', '0.00000000', NULL, '0.00000000', '0.00000000', NULL, '0.00000000', '0.00000000', NULL, '0.00000000', '0.00000000', NULL, '400.00000000', '0.00000000', NULL, '0.00000000', '0.00000000', NULL, '0.00000000', '0.00000000', NULL, '0.00000000', '0.00000000', NULL, '0.00000000', '0.00000000', NULL, '0.00000000', '0.00000000', NULL, '0.00000000', '0.00000000', NULL, '0.00000000', '0.00000000', NULL, '0.00000000', '0.00000000', NULL, '0.00000000', '0.00000000', NULL, '0.00000000', '0.00000000', NULL, '0.00000000', '0.00000000', NULL, '0.00000000', '0.00000000', NULL, '0.00000000', '0.00000000', NULL, '0.00000000', '0.00000000', NULL, '0.00000000', '0.00000000', NULL, '0.00000000', '0.00000000', NULL, '0.00000000', '0.00000000', NULL, '0.00000000', '0.00000000', NULL, '0.00000000', '0.00000000', NULL, '0.00000000', '0.00000000', NULL, '0.00000000', '0.00000000', NULL, '0.00000000', '0.00000000', NULL, '0.00000000', '0.00000000', NULL, '0.00000000', '0.00000000', NULL, '0.00000000', '0.00000000', NULL, '0.00000000', '0.00000000', NULL, '0.00000000', '0.00000000', NULL, '0.00000000', '0.00000000', NULL, '0.00000000', '0.00000000', NULL, '0.00000000', '0.00000000', NULL, '0.00000000', '0.00000000', NULL, '0.00000000', '0.00000000', NULL, '0.00000000', '0.00000000', NULL, '0.00000000', '0.00000000', NULL, '0.00000000', '0.00000000', NULL, '0.00000000', '0.00000000', NULL, '0.00000000', '0.00000000', NULL, '0.00000000', '0.00000000', NULL, '0.00000000', '0.00000000', NULL, '0.00000000', '0.00000000', NULL, '0.00000000', '0.00000000', NULL, '0.00000000', '0.00000000', NULL, '0.00000000', '0.00000000', NULL),
(95, 1700552924, 7, NULL, '0.00000000', '0.00000000', NULL, NULL, NULL, '0.00000000', '0.00000000', NULL, '4.00000000', '0.00000000', '401007573e81a4d3af83363984e541c0', '0.00000000', '0.00000000', NULL, '0.00000000', '0.00000000', NULL, '0.00000000', '0.00000000', NULL, '400.00000000', '0.00000000', NULL, '0.00000000', '0.00000000', NULL, '0.00000000', '0.00000000', NULL, '0.00000000', '0.00000000', NULL, '0.00000000', '0.00000000', NULL, '0.00000000', '0.00000000', NULL, '0.00000000', '0.00000000', NULL, '0.00000000', '0.00000000', NULL, '0.00000000', '0.00000000', NULL, '0.00000000', '0.00000000', NULL, '0.00000000', '0.00000000', NULL, '0.00000000', '0.00000000', NULL, '0.00000000', '0.00000000', NULL, '0.00000000', '0.00000000', NULL, '0.00000000', '0.00000000', NULL, '0.00000000', '0.00000000', NULL, '0.00000000', '0.00000000', NULL, '0.00000000', '0.00000000', NULL, '0.00000000', '0.00000000', NULL, '0.00000000', '0.00000000', NULL, '0.00000000', '0.00000000', NULL, '0.00000000', '0.00000000', NULL, '0.00000000', '0.00000000', NULL, '0.00000000', '0.00000000', NULL, '0.00000000', '0.00000000', NULL, '0.00000000', '0.00000000', NULL, '0.00000000', '0.00000000', NULL, '0.00000000', '0.00000000', NULL, '0.00000000', '0.00000000', NULL, '0.00000000', '0.00000000', NULL, '0.00000000', '0.00000000', NULL, '0.00000000', '0.00000000', NULL, '0.00000000', '0.00000000', NULL, '0.00000000', '0.00000000', NULL, '0.00000000', '0.00000000', NULL, '0.00000000', '0.00000000', NULL, '0.00000000', '0.00000000', NULL, '0.00000000', '0.00000000', NULL, '0.00000000', '0.00000000', NULL, '0.00000000', '0.00000000', NULL, '0.00000000', '0.00000000', NULL, '0.00000000', '0.00000000', NULL, '0.00000000', '0.00000000', NULL, '0.00000000', '0.00000000', NULL),
(96, 1700552924, 8, NULL, '0.00000000', '0.00000000', NULL, NULL, '815866682', '0.00000000', '0.00000000', NULL, '9.00000000', '0.00000000', 'e2a6874aba7d63b26a5d3315cbb174fa', '0.00000000', '0.00000000', NULL, '0.00000000', '0.00000000', NULL, '0.00000000', '0.00000000', NULL, '900.00000000', '0.00000000', NULL, '0.00000000', '0.00000000', NULL, '0.00000000', '0.00000000', NULL, '0.00000000', '0.00000000', NULL, '0.00000000', '0.00000000', NULL, '0.00000000', '0.00000000', NULL, '0.00000000', '0.00000000', NULL, '0.00000000', '0.00000000', NULL, '0.00000000', '0.00000000', NULL, '0.00000000', '0.00000000', NULL, '0.00000000', '0.00000000', NULL, '0.00000000', '0.00000000', NULL, '0.00000000', '0.00000000', NULL, '0.00000000', '0.00000000', NULL, '0.00000000', '0.00000000', NULL, '0.00000000', '0.00000000', NULL, '0.00000000', '0.00000000', NULL, '0.00000000', '0.00000000', NULL, '0.00000000', '0.00000000', NULL, '0.00000000', '0.00000000', NULL, '0.00000000', '0.00000000', NULL, '0.00000000', '0.00000000', NULL, '0.00000000', '0.00000000', NULL, '0.00000000', '0.00000000', NULL, '0.00000000', '0.00000000', NULL, '0.00000000', '0.00000000', NULL, '0.00000000', '0.00000000', NULL, '0.00000000', '0.00000000', NULL, '0.00000000', '0.00000000', NULL, '0.00000000', '0.00000000', NULL, '0.00000000', '0.00000000', NULL, '0.00000000', '0.00000000', NULL, '0.00000000', '0.00000000', NULL, '0.00000000', '0.00000000', NULL, '0.00000000', '0.00000000', NULL, '0.00000000', '0.00000000', NULL, '0.00000000', '0.00000000', NULL, '0.00000000', '0.00000000', NULL, '0.00000000', '0.00000000', NULL, '0.00000000', '0.00000000', NULL, '0.00000000', '0.00000000', NULL, '0.00000000', '0.00000000', NULL, '0.00000000', '0.00000000', NULL, '0.00000000', '0.00000000', NULL),
(97, 1700552924, 9, NULL, '0.00000000', '0.00000000', NULL, NULL, NULL, '0.00000000', '0.00000000', NULL, '6.00000000', '0.00000000', 'c9aca982eb65b43ee62a75fb615b0736', '0.00000000', '0.00000000', NULL, '0.00000000', '0.00000000', NULL, '0.00000000', '0.00000000', NULL, '600.00000000', '0.00000000', NULL, '0.00000000', '0.00000000', NULL, '0.00000000', '0.00000000', NULL, '0.00000000', '0.00000000', NULL, '0.00000000', '0.00000000', NULL, '0.00000000', '0.00000000', NULL, '0.00000000', '0.00000000', NULL, '0.00000000', '0.00000000', NULL, '0.00000000', '0.00000000', NULL, '0.00000000', '0.00000000', NULL, '0.00000000', '0.00000000', NULL, '0.00000000', '0.00000000', NULL, '0.00000000', '0.00000000', NULL, '0.00000000', '0.00000000', NULL, '0.00000000', '0.00000000', NULL, '0.00000000', '0.00000000', NULL, '0.00000000', '0.00000000', NULL, '0.00000000', '0.00000000', NULL, '0.00000000', '0.00000000', NULL, '0.00000000', '0.00000000', NULL, '0.00000000', '0.00000000', NULL, '0.00000000', '0.00000000', NULL, '0.00000000', '0.00000000', NULL, '0.00000000', '0.00000000', NULL, '0.00000000', '0.00000000', NULL, '0.00000000', '0.00000000', NULL, '0.00000000', '0.00000000', NULL, '0.00000000', '0.00000000', NULL, '0.00000000', '0.00000000', NULL, '0.00000000', '0.00000000', NULL, '0.00000000', '0.00000000', NULL, '0.00000000', '0.00000000', NULL, '0.00000000', '0.00000000', NULL, '0.00000000', '0.00000000', NULL, '0.00000000', '0.00000000', NULL, '0.00000000', '0.00000000', NULL, '0.00000000', '0.00000000', NULL, '0.00000000', '0.00000000', NULL, '0.00000000', '0.00000000', NULL, '0.00000000', '0.00000000', NULL, '0.00000000', '0.00000000', NULL, '0.00000000', '0.00000000', NULL, '0.00000000', '0.00000000', NULL, '0.00000000', '0.00000000', NULL),
(98, 1700552924, 10, NULL, '0.00000000', '0.00000000', NULL, NULL, NULL, '0.00000000', '0.00000000', NULL, '4.19054543', '0.89813075', NULL, '13.31199299', '0.00000000', NULL, '0.00000000', '0.00000000', NULL, '0.00000000', '0.00000000', NULL, '794.19697320', '0.00000000', NULL, '0.00000000', '0.00000000', NULL, '0.00000000', '0.00000000', NULL, '0.00000000', '0.00000000', NULL, '0.00000000', '0.00000000', NULL, '0.00000000', '0.00000000', NULL, '0.00000000', '0.00000000', NULL, '0.00000000', '0.00000000', NULL, '0.00000000', '0.00000000', NULL, '0.00000000', '0.00000000', 'TPLpKW4RYVdcFuzF2ECL3Fr3vw88VbhfLS', '0.00000000', '0.00000000', NULL, '0.00000000', '0.00000000', NULL, '0.00000000', '0.00000000', NULL, '0.00000000', '0.00000000', NULL, '0.00000000', '0.00000000', NULL, '0.00000000', '0.00000000', NULL, '0.00000000', '0.00000000', NULL, '0.00000000', '0.00000000', NULL, '0.00000000', '0.00000000', NULL, '0.00000000', '0.00000000', NULL, '0.00000000', '0.00000000', NULL, '0.00000000', '0.00000000', NULL, '0.00000000', '0.00000000', NULL, '0.00000000', '0.00000000', NULL, '0.00000000', '0.00000000', NULL, '0.00000000', '0.00000000', NULL, '0.00000000', '0.00000000', NULL, '0.00000000', '0.00000000', NULL, '0.00000000', '0.00000000', NULL, '0.00000000', '0.00000000', NULL, '0.00000000', '0.00000000', NULL, '0.00000000', '0.00000000', NULL, '0.00000000', '0.00000000', NULL, '0.00000000', '0.00000000', NULL, '0.00000000', '0.00000000', 'TPLpKW4RYVdcFuzF2ECL3Fr3vw88VbhfLS', '0.00000000', '0.00000000', NULL, '0.00000000', '0.00000000', NULL, '0.00000000', '0.00000000', NULL, '0.00000000', '0.00000000', NULL, '0.00000000', '0.00000000', NULL, '0.00000000', '0.00000000', NULL, '0.00000000', '0.00000000', NULL, '0.00000000', '0.00000000', NULL, '0.00000000', '0.00000000', NULL),
(99, 1700552924, 11, NULL, '0.00000000', '0.00000000', NULL, NULL, NULL, '0.00000000', '0.00000000', NULL, '6.84689070', '0.00000000', NULL, '0.00000000', '0.00000000', NULL, '0.00000000', '0.00000000', NULL, '0.00000000', '0.00000000', NULL, '300.00198098', '0.00000000', NULL, '0.00000000', '0.00000000', NULL, '0.00000000', '0.00000000', NULL, '0.00000000', '0.00000000', NULL, '0.09211716', '0.00000000', NULL, '0.00000000', '0.00000000', NULL, '0.00000000', '0.00000000', NULL, '0.00000000', '0.00000000', NULL, '0.00000000', '0.00000000', NULL, '0.00000000', '0.00000000', NULL, '0.00000000', '0.00000000', NULL, '0.00000000', '0.00000000', NULL, '0.00000000', '0.00000000', NULL, '0.00000000', '0.00000000', NULL, '0.00000000', '0.00000000', NULL, '0.00000000', '0.00000000', NULL, '0.00000000', '0.00000000', NULL, '0.00000000', '0.00000000', NULL, '0.00000000', '0.00000000', NULL, '0.00000000', '0.00000000', NULL, '0.00000000', '0.00000000', NULL, '0.00000000', '0.00000000', NULL, '0.00000000', '0.00000000', NULL, '0.00000000', '0.00000000', NULL, '0.00000000', '0.00000000', NULL, '0.00000000', '0.00000000', NULL, '0.00000000', '0.00000000', NULL, '0.00000000', '0.00000000', NULL, '0.00000000', '0.00000000', NULL, '0.00000000', '0.00000000', NULL, '0.00000000', '0.00000000', NULL, '0.00000000', '0.00000000', NULL, '0.00000000', '0.00000000', NULL, '0.00000000', '0.00000000', NULL, '0.00000000', '0.00000000', NULL, '0.00000000', '0.00000000', NULL, '0.00000000', '0.00000000', NULL, '0.00000000', '0.00000000', NULL, '0.00000000', '0.00000000', NULL, '0.00000000', '0.00000000', NULL, '0.00000000', '0.00000000', NULL, '0.00000000', '0.00000000', NULL, '0.00000000', '0.00000000', NULL, '0.00000000', '0.00000000', NULL),
(100, 1700552924, 12, NULL, '0.00000000', '0.00000000', NULL, NULL, NULL, '0.00000000', '0.00000000', NULL, '1.00214557', '0.00000000', NULL, '0.00000000', '0.00000000', NULL, '0.00000000', '0.00000000', NULL, '0.00000000', '0.00000000', NULL, '0.90086087', '0.00000000', NULL, '0.00000000', '0.00000000', NULL, '0.00000000', '0.00000000', NULL, '0.00000000', '0.00000000', NULL, '0.00000000', '0.00000000', NULL, '0.00000000', '0.00000000', NULL, '0.00000000', '0.00000000', NULL, '0.00000000', '0.00000000', NULL, '0.00000000', '0.00000000', NULL, '0.00000000', '0.00000000', NULL, '0.00000000', '0.00000000', NULL, '0.00000000', '0.00000000', NULL, '0.00000000', '0.00000000', NULL, '0.00000000', '0.00000000', NULL, '0.00000000', '0.00000000', NULL, '0.00000000', '0.00000000', NULL, '0.00000000', '0.00000000', NULL, '0.00000000', '0.00000000', NULL, '0.00000000', '0.00000000', NULL, '0.00000000', '0.00000000', NULL, '0.00000000', '0.00000000', NULL, '0.00000000', '0.00000000', NULL, '0.00000000', '0.00000000', NULL, '0.00000000', '0.00000000', NULL, '0.00000000', '0.00000000', NULL, '0.00000000', '0.00000000', NULL, '0.00000000', '0.00000000', NULL, '0.00000000', '0.00000000', NULL, '0.00000000', '0.00000000', NULL, '0.00000000', '0.00000000', NULL, '0.00000000', '0.00000000', NULL, '0.00000000', '0.00000000', NULL, '0.00000000', '0.00000000', NULL, '0.00000000', '0.00000000', NULL, '0.00000000', '0.00000000', NULL, '0.00000000', '0.00000000', NULL, '0.00000000', '0.00000000', NULL, '0.00000000', '0.00000000', NULL, '0.00000000', '0.00000000', NULL, '0.00000000', '0.00000000', NULL, '0.00000000', '0.00000000', NULL, '0.00000000', '0.00000000', NULL, '0.00000000', '0.00000000', NULL, '0.00000000', '0.00000000', NULL),
(101, 1700552924, 13, NULL, '100.00000000', '0.00000000', NULL, NULL, NULL, '0.00000000', '0.00000000', NULL, '6.00000000', '0.00000000', '1c762234363a3edc10a2930d330db099', '0.00000000', '0.00000000', NULL, '0.00000000', '0.00000000', NULL, '0.00000000', '0.00000000', NULL, '70342.65961601', '0.00000000', NULL, '0.00000000', '0.00000000', NULL, '0.00000000', '0.00000000', NULL, '0.00000000', '0.00000000', NULL, '0.00000000', '0.00000000', NULL, '0.00000000', '0.00000000', NULL, '0.00000000', '0.00000000', NULL, '0.00000000', '0.00000000', NULL, '0.00000000', '0.00000000', NULL, '0.00000000', '0.00000000', NULL, '0.00000000', '0.00000000', NULL, '0.00000000', '0.00000000', NULL, '0.00000000', '0.00000000', NULL, '0.00000000', '0.00000000', NULL, '0.00000000', '0.00000000', NULL, '0.00000000', '0.00000000', NULL, '0.00000000', '0.00000000', NULL, '0.00000000', '0.00000000', NULL, '0.00000000', '0.00000000', NULL, '0.00000000', '0.00000000', NULL, '0.00000000', '0.00000000', NULL, '0.00000000', '0.00000000', NULL, '0.00000000', '0.00000000', NULL, '0.00000000', '0.00000000', NULL, '0.00000000', '0.00000000', NULL, '0.00000000', '0.00000000', NULL, '0.00000000', '0.00000000', NULL, '0.00000000', '0.00000000', NULL, '0.00000000', '0.00000000', NULL, '0.00000000', '0.00000000', NULL, '0.00000000', '0.00000000', NULL, '0.00000000', '0.00000000', NULL, '0.00000000', '0.00000000', NULL, '0.00000000', '0.00000000', NULL, '0.00000000', '0.00000000', NULL, '0.00000000', '0.00000000', NULL, '0.00000000', '0.00000000', NULL, '0.00000000', '0.00000000', NULL, '0.00000000', '0.00000000', NULL, '0.00000000', '0.00000000', NULL, '0.00000000', '0.00000000', NULL, '0.00000000', '0.00000000', NULL, '0.00000000', '0.00000000', NULL, '0.00000000', '0.00000000', NULL),
(102, 1700552924, 14, NULL, '0.00000000', '0.00000000', NULL, NULL, NULL, '0.00000000', '0.00000000', NULL, '12.28594721', '0.00000000', '21eedd88435c71f953911337a9c9418e', '0.00000000', '0.00000000', NULL, '0.00000000', '0.00000000', NULL, '0.00000000', '0.00000000', NULL, '14011.04599481', '0.00000000', NULL, '0.00000000', '0.00000000', NULL, '0.00000000', '0.00000000', NULL, '0.00000000', '0.00000000', NULL, '0.00000000', '0.00000000', NULL, '0.00000000', '0.00000000', NULL, '0.00000000', '0.00000000', NULL, '0.00000000', '0.00000000', NULL, '0.00000000', '0.00000000', NULL, '0.00000000', '0.00000000', NULL, '0.00000000', '0.00000000', NULL, '0.00000000', '0.00000000', NULL, '0.00000000', '0.00000000', NULL, '0.00000000', '0.00000000', NULL, '0.00000000', '0.00000000', NULL, '0.00000000', '0.00000000', NULL, '0.00000000', '0.00000000', NULL, '0.00000000', '0.00000000', NULL, '0.00000000', '0.00000000', NULL, '0.00000000', '0.00000000', NULL, '0.00000000', '0.00000000', NULL, '0.00000000', '0.00000000', NULL, '0.00000000', '0.00000000', NULL, '0.00000000', '0.00000000', NULL, '0.00000000', '0.00000000', NULL, '0.00000000', '0.00000000', NULL, '0.00000000', '0.00000000', NULL, '0.00000000', '0.00000000', NULL, '0.00000000', '0.00000000', NULL, '0.00000000', '0.00000000', NULL, '0.00000000', '0.00000000', NULL, '0.00000000', '0.00000000', NULL, '0.00000000', '0.00000000', NULL, '0.00000000', '0.00000000', NULL, '0.00000000', '0.00000000', NULL, '0.00000000', '0.00000000', NULL, '0.00000000', '0.00000000', NULL, '0.00000000', '0.00000000', NULL, '0.00000000', '0.00000000', NULL, '0.00000000', '0.00000000', NULL, '0.00000000', '0.00000000', NULL, '0.00000000', '0.00000000', NULL, '0.00000000', '0.00000000', NULL, '0.00000000', '0.00000000', NULL),
(103, 1700552924, 15, NULL, '0.00000000', '0.00000000', NULL, NULL, NULL, '0.00000000', '0.00000000', NULL, '7.82902057', '0.00000000', NULL, '0.00000000', '0.00000000', NULL, '0.00000000', '0.00000000', NULL, '0.00000000', '0.00000000', NULL, '6882.27317102', '0.00000000', NULL, '0.00000000', '0.00000000', NULL, '0.00000000', '0.00000000', NULL, '0.00000000', '0.00000000', NULL, '0.00000000', '0.00000000', NULL, '0.00000000', '0.00000000', NULL, '0.00000000', '0.00000000', NULL, '0.00000000', '0.00000000', NULL, '0.00000000', '0.00000000', NULL, '0.00000000', '0.00000000', NULL, '0.00000000', '0.00000000', NULL, '0.00000000', '0.00000000', NULL, '0.00000000', '0.00000000', NULL, '0.00000000', '0.00000000', NULL, '0.00000000', '0.00000000', NULL, '0.00000000', '0.00000000', NULL, '0.00000000', '0.00000000', NULL, '0.00000000', '0.00000000', NULL, '0.00000000', '0.00000000', NULL, '0.00000000', '0.00000000', NULL, '0.00000000', '0.00000000', NULL, '0.00000000', '0.00000000', NULL, '0.00000000', '0.00000000', NULL, '0.00000000', '0.00000000', NULL, '0.00000000', '0.00000000', NULL, '0.00000000', '0.00000000', NULL, '0.00000000', '0.00000000', NULL, '0.00000000', '0.00000000', NULL, '0.00000000', '0.00000000', NULL, '0.00000000', '0.00000000', NULL, '0.00000000', '0.00000000', NULL, '0.00000000', '0.00000000', NULL, '0.00000000', '0.00000000', NULL, '0.00000000', '0.00000000', NULL, '0.00000000', '0.00000000', NULL, '0.00000000', '0.00000000', NULL, '0.00000000', '0.00000000', NULL, '0.00000000', '0.00000000', NULL, '0.00000000', '0.00000000', NULL, '0.00000000', '0.00000000', NULL, '0.00000000', '0.00000000', NULL, '0.00000000', '0.00000000', NULL, '0.00000000', '0.00000000', NULL, '0.00000000', '0.00000000', NULL),
(104, 1700552924, 16, NULL, '0.00000000', '0.00000000', NULL, NULL, NULL, '0.00000000', '0.00000000', NULL, '6.00000000', '0.00000000', NULL, '0.04752342', '0.00000000', NULL, '0.00000000', '0.00000000', NULL, '0.00000000', '0.00000000', NULL, '300.00000000', '0.00000000', NULL, '0.00000000', '0.00000000', NULL, '0.00000000', '0.00000000', NULL, '0.00000000', '0.00000000', NULL, '0.00000000', '0.00000000', NULL, '0.00000000', '0.00000000', NULL, '0.00000000', '0.00000000', NULL, '0.00000000', '0.00000000', NULL, '0.00000000', '0.00000000', NULL, '0.00000000', '0.00000000', NULL, '0.00000000', '0.00000000', NULL, '0.00000000', '0.00000000', NULL, '0.00000000', '0.00000000', NULL, '0.00000000', '0.00000000', NULL, '0.00000000', '0.00000000', NULL, '0.00000000', '0.00000000', NULL, '0.00000000', '0.00000000', NULL, '0.00000000', '0.00000000', NULL, '0.00000000', '0.00000000', NULL, '0.00000000', '0.00000000', NULL, '0.00000000', '0.00000000', NULL, '0.00000000', '0.00000000', NULL, '0.00000000', '0.00000000', NULL, '0.00000000', '0.00000000', NULL, '0.00000000', '0.00000000', NULL, '0.00000000', '0.00000000', NULL, '0.00000000', '0.00000000', NULL, '0.00000000', '0.00000000', NULL, '0.00000000', '0.00000000', NULL, '0.00000000', '0.00000000', NULL, '0.00000000', '0.00000000', NULL, '0.00000000', '0.00000000', NULL, '0.00000000', '0.00000000', NULL, '0.00000000', '0.00000000', NULL, '0.00000000', '0.00000000', NULL, '0.00000000', '0.00000000', NULL, '0.00000000', '0.00000000', NULL, '0.00000000', '0.00000000', NULL, '0.00000000', '0.00000000', NULL, '0.00000000', '0.00000000', NULL, '0.00000000', '0.00000000', NULL, '0.00000000', '0.00000000', NULL, '0.00000000', '0.00000000', NULL, '0.00000000', '0.00000000', NULL),
(105, 1700552924, 17, NULL, '0.00000000', '0.00000000', NULL, NULL, NULL, '0.00000000', '0.00000000', NULL, '3.00000000', '0.00000000', NULL, '0.00000000', '0.00000000', NULL, '0.00000000', '0.00000000', NULL, '0.00000000', '0.00000000', NULL, '185553.58349540', '0.00000000', NULL, '0.00000000', '0.00000000', NULL, '0.00000000', '0.00000000', NULL, '0.00000000', '0.00000000', NULL, '1.02579598', '0.00000000', NULL, '0.00000000', '0.00000000', NULL, '0.00000000', '0.00000000', NULL, '0.00000000', '0.00000000', NULL, '0.00000000', '0.00000000', NULL, '0.00000000', '0.00000000', NULL, '0.00000000', '0.00000000', NULL, '0.00000000', '0.00000000', NULL, '0.00000000', '0.00000000', NULL, '0.00000000', '0.00000000', NULL, '0.00000000', '0.00000000', NULL, '0.00000000', '0.00000000', NULL, '0.00000000', '0.00000000', NULL, '0.00000000', '0.00000000', NULL, '0.00000000', '0.00000000', NULL, '0.00000000', '0.00000000', NULL, '0.00000000', '0.00000000', NULL, '0.00000000', '0.00000000', NULL, '0.00000000', '0.00000000', NULL, '0.00000000', '0.00000000', NULL, '0.00000000', '0.00000000', NULL, '0.00000000', '0.00000000', NULL, '0.00000000', '0.00000000', NULL, '0.00000000', '0.00000000', NULL, '0.00000000', '0.00000000', NULL, '0.00000000', '0.00000000', NULL, '0.00000000', '0.00000000', NULL, '0.00000000', '0.00000000', NULL, '0.00000000', '0.00000000', NULL, '0.00000000', '0.00000000', NULL, '0.00000000', '0.00000000', NULL, '0.00000000', '0.00000000', NULL, '0.00000000', '0.00000000', NULL, '0.00000000', '0.00000000', NULL, '0.00000000', '0.00000000', NULL, '0.00000000', '0.00000000', NULL, '0.00000000', '0.00000000', NULL, '0.00000000', '0.00000000', NULL, '0.00000000', '0.00000000', NULL, '0.00000000', '0.00000000', NULL),
(106, 1700552924, 18, NULL, '0.00000000', '0.00000000', NULL, NULL, NULL, '0.00000000', '0.00000000', NULL, '0.00000000', '0.00000000', NULL, '0.00000000', '0.00000000', NULL, '0.00000000', '0.00000000', NULL, '0.00000000', '0.00000000', NULL, '0.00000000', '0.00000000', NULL, '0.00000000', '0.00000000', NULL, '0.00000000', '0.00000000', NULL, '0.00000000', '0.00000000', NULL, '0.00000000', '0.00000000', NULL, '0.00000000', '0.00000000', NULL, '0.00000000', '0.00000000', NULL, '0.00000000', '0.00000000', NULL, '0.00000000', '0.00000000', NULL, '0.00000000', '0.00000000', NULL, '0.00000000', '0.00000000', NULL, '0.00000000', '0.00000000', NULL, '0.00000000', '0.00000000', NULL, '0.00000000', '0.00000000', NULL, '0.00000000', '0.00000000', NULL, '0.00000000', '0.00000000', NULL, '0.00000000', '0.00000000', NULL, '0.00000000', '0.00000000', NULL, '0.00000000', '0.00000000', NULL, '0.00000000', '0.00000000', NULL, '0.00000000', '0.00000000', NULL, '0.00000000', '0.00000000', NULL, '0.00000000', '0.00000000', NULL, '0.00000000', '0.00000000', NULL, '0.00000000', '0.00000000', NULL, '0.00000000', '0.00000000', NULL, '0.00000000', '0.00000000', NULL, '0.00000000', '0.00000000', NULL, '0.00000000', '0.00000000', NULL, '0.00000000', '0.00000000', NULL, '0.00000000', '0.00000000', NULL, '0.00000000', '0.00000000', NULL, '0.00000000', '0.00000000', NULL, '0.00000000', '0.00000000', NULL, '0.00000000', '0.00000000', NULL, '0.00000000', '0.00000000', NULL, '0.00000000', '0.00000000', NULL, '0.00000000', '0.00000000', NULL, '0.00000000', '0.00000000', NULL, '0.00000000', '0.00000000', NULL, '0.00000000', '0.00000000', NULL, '0.00000000', '0.00000000', NULL, '0.00000000', '0.00000000', NULL, '0.00000000', '0.00000000', NULL),
(107, 1700552924, 19, NULL, '0.00000000', '0.00000000', NULL, NULL, NULL, '0.00000000', '0.00000000', NULL, '0.00000000', '0.00000000', NULL, '0.00000000', '0.00000000', NULL, '0.00000000', '0.00000000', NULL, '0.00000000', '0.00000000', NULL, '0.00000000', '0.00000000', NULL, '0.00000000', '0.00000000', NULL, '0.00000000', '0.00000000', NULL, '0.00000000', '0.00000000', NULL, '0.00000000', '0.00000000', NULL, '0.00000000', '0.00000000', NULL, '0.00000000', '0.00000000', NULL, '0.00000000', '0.00000000', NULL, '0.00000000', '0.00000000', NULL, '0.00000000', '0.00000000', NULL, '0.00000000', '0.00000000', NULL, '0.00000000', '0.00000000', NULL, '0.00000000', '0.00000000', NULL, '0.00000000', '0.00000000', NULL, '0.00000000', '0.00000000', NULL, '0.00000000', '0.00000000', NULL, '0.00000000', '0.00000000', NULL, '0.00000000', '0.00000000', NULL, '0.00000000', '0.00000000', NULL, '0.00000000', '0.00000000', NULL, '0.00000000', '0.00000000', NULL, '0.00000000', '0.00000000', NULL, '0.00000000', '0.00000000', NULL, '0.00000000', '0.00000000', NULL, '0.00000000', '0.00000000', NULL, '0.00000000', '0.00000000', NULL, '0.00000000', '0.00000000', NULL, '0.00000000', '0.00000000', NULL, '0.00000000', '0.00000000', NULL, '0.00000000', '0.00000000', NULL, '0.00000000', '0.00000000', NULL, '0.00000000', '0.00000000', NULL, '0.00000000', '0.00000000', NULL, '0.00000000', '0.00000000', NULL, '0.00000000', '0.00000000', NULL, '0.00000000', '0.00000000', NULL, '0.00000000', '0.00000000', NULL, '0.00000000', '0.00000000', NULL, '0.00000000', '0.00000000', NULL, '0.00000000', '0.00000000', NULL, '0.00000000', '0.00000000', NULL, '0.00000000', '0.00000000', NULL, '0.00000000', '0.00000000', NULL, '0.00000000', '0.00000000', NULL),
(108, 1700552924, 21, NULL, '0.00000000', '0.00000000', NULL, NULL, NULL, '0.00000000', '0.00000000', NULL, '0.00000000', '0.00000000', NULL, '0.00000000', '0.00000000', NULL, '0.00000000', '0.00000000', NULL, '0.00000000', '0.00000000', NULL, '0.00000000', '0.00000000', NULL, '0.00000000', '0.00000000', NULL, '0.00000000', '0.00000000', NULL, '0.00000000', '0.00000000', NULL, '0.00000000', '0.00000000', NULL, '0.00000000', '0.00000000', NULL, '0.00000000', '0.00000000', NULL, '0.00000000', '0.00000000', NULL, '0.00000000', '0.00000000', NULL, '0.00000000', '0.00000000', NULL, '0.00000000', '0.00000000', NULL, '0.00000000', '0.00000000', NULL, '0.00000000', '0.00000000', NULL, '0.00000000', '0.00000000', NULL, '0.00000000', '0.00000000', NULL, '0.00000000', '0.00000000', NULL, '0.00000000', '0.00000000', NULL, '0.00000000', '0.00000000', NULL, '0.00000000', '0.00000000', NULL, '0.00000000', '0.00000000', NULL, '0.00000000', '0.00000000', NULL, '0.00000000', '0.00000000', NULL, '0.00000000', '0.00000000', NULL, '0.00000000', '0.00000000', NULL, '0.00000000', '0.00000000', NULL, '0.00000000', '0.00000000', NULL, '0.00000000', '0.00000000', NULL, '0.00000000', '0.00000000', NULL, '0.00000000', '0.00000000', NULL, '0.00000000', '0.00000000', NULL, '0.00000000', '0.00000000', NULL, '0.00000000', '0.00000000', NULL, '0.00000000', '0.00000000', NULL, '0.00000000', '0.00000000', NULL, '0.00000000', '0.00000000', NULL, '0.00000000', '0.00000000', NULL, '0.00000000', '0.00000000', NULL, '0.00000000', '0.00000000', NULL, '0.00000000', '0.00000000', NULL, '0.00000000', '0.00000000', NULL, '0.00000000', '0.00000000', NULL, '0.00000000', '0.00000000', NULL, '0.00000000', '0.00000000', NULL, '0.00000000', '0.00000000', NULL),
(109, 1700552924, 22, NULL, '0.00000000', '0.00000000', NULL, NULL, NULL, '0.00000000', '0.00000000', NULL, '0.00000000', '0.00000000', NULL, '0.00000000', '0.00000000', NULL, '0.00000000', '0.00000000', NULL, '0.00000000', '0.00000000', NULL, '0.00000000', '0.00000000', NULL, '0.00000000', '0.00000000', NULL, '0.00000000', '0.00000000', NULL, '0.00000000', '0.00000000', NULL, '0.00000000', '0.00000000', NULL, '0.00000000', '0.00000000', NULL, '0.00000000', '0.00000000', NULL, '0.00000000', '0.00000000', NULL, '0.00000000', '0.00000000', NULL, '0.00000000', '0.00000000', NULL, '0.00000000', '0.00000000', NULL, '0.00000000', '0.00000000', NULL, '0.00000000', '0.00000000', NULL, '0.00000000', '0.00000000', NULL, '0.00000000', '0.00000000', NULL, '0.00000000', '0.00000000', NULL, '0.00000000', '0.00000000', NULL, '0.00000000', '0.00000000', NULL, '0.00000000', '0.00000000', NULL, '0.00000000', '0.00000000', NULL, '0.00000000', '0.00000000', NULL, '0.00000000', '0.00000000', NULL, '0.00000000', '0.00000000', NULL, '0.00000000', '0.00000000', NULL, '0.00000000', '0.00000000', NULL, '0.00000000', '0.00000000', NULL, '0.00000000', '0.00000000', NULL, '0.00000000', '0.00000000', NULL, '0.00000000', '0.00000000', NULL, '0.00000000', '0.00000000', NULL, '0.00000000', '0.00000000', NULL, '0.00000000', '0.00000000', NULL, '0.00000000', '0.00000000', NULL, '0.00000000', '0.00000000', NULL, '0.00000000', '0.00000000', NULL, '0.00000000', '0.00000000', NULL, '0.00000000', '0.00000000', NULL, '0.00000000', '0.00000000', NULL, '0.00000000', '0.00000000', NULL, '0.00000000', '0.00000000', NULL, '0.00000000', '0.00000000', NULL, '0.00000000', '0.00000000', NULL, '0.00000000', '0.00000000', NULL, '0.00000000', '0.00000000', NULL),
(110, 1700552924, 23, NULL, '0.00000000', '0.00000000', NULL, NULL, NULL, '0.00000000', '0.00000000', NULL, '3.00000000', '0.00000000', NULL, '0.00000000', '0.00000000', NULL, '0.00000000', '0.00000000', NULL, '0.00000000', '0.00000000', NULL, '300.00000000', '0.00000000', NULL, '0.00000000', '0.00000000', NULL, '0.00000000', '0.00000000', NULL, '0.00000000', '0.00000000', NULL, '0.00000000', '0.00000000', NULL, '0.00000000', '0.00000000', NULL, '0.00000000', '0.00000000', NULL, '0.00000000', '0.00000000', NULL, '0.00000000', '0.00000000', NULL, '0.00000000', '0.00000000', NULL, '0.00000000', '0.00000000', NULL, '0.00000000', '0.00000000', NULL, '0.00000000', '0.00000000', NULL, '0.00000000', '0.00000000', NULL, '0.00000000', '0.00000000', NULL, '0.00000000', '0.00000000', NULL, '0.00000000', '0.00000000', NULL, '0.00000000', '0.00000000', NULL, '0.00000000', '0.00000000', NULL, '0.00000000', '0.00000000', NULL, '0.00000000', '0.00000000', NULL, '0.00000000', '0.00000000', NULL, '0.00000000', '0.00000000', NULL, '0.00000000', '0.00000000', NULL, '0.00000000', '0.00000000', NULL, '0.00000000', '0.00000000', NULL, '0.00000000', '0.00000000', NULL, '0.00000000', '0.00000000', NULL, '0.00000000', '0.00000000', NULL, '0.00000000', '0.00000000', NULL, '0.00000000', '0.00000000', NULL, '0.00000000', '0.00000000', NULL, '0.00000000', '0.00000000', NULL, '0.00000000', '0.00000000', NULL, '0.00000000', '0.00000000', NULL, '0.00000000', '0.00000000', NULL, '0.00000000', '0.00000000', NULL, '0.00000000', '0.00000000', NULL, '0.00000000', '0.00000000', NULL, '0.00000000', '0.00000000', NULL, '0.00000000', '0.00000000', NULL, '0.00000000', '0.00000000', NULL, '0.00000000', '0.00000000', NULL, '0.00000000', '0.00000000', NULL),
(111, 1700552924, 30, NULL, '0.00000000', '0.00000000', NULL, NULL, NULL, '0.00000000', '0.00000000', NULL, '8.00000000', '0.00000000', NULL, '0.00000000', '0.00000000', NULL, '0.00000000', '0.00000000', NULL, '0.00000000', '0.00000000', NULL, '800.00000000', '0.00000000', NULL, '0.00000000', '0.00000000', NULL, '0.00000000', '0.00000000', NULL, '0.00000000', '0.00000000', NULL, '0.00000000', '0.00000000', NULL, '0.00000000', '0.00000000', NULL, '0.00000000', '0.00000000', NULL, '0.00000000', '0.00000000', NULL, '0.00000000', '0.00000000', NULL, '0.00000000', '0.00000000', 'TMdMDxBhFPQod2n9CySkd3TYQpoAqUxhUw', '0.00000000', '0.00000000', NULL, '0.00000000', '0.00000000', NULL, '0.00000000', '0.00000000', NULL, '0.00000000', '0.00000000', NULL, '0.00000000', '0.00000000', NULL, '0.00000000', '0.00000000', NULL, '0.00000000', '0.00000000', NULL, '0.00000000', '0.00000000', NULL, '0.00000000', '0.00000000', NULL, '0.00000000', '0.00000000', NULL, '0.00000000', '0.00000000', NULL, '0.00000000', '0.00000000', NULL, '0.00000000', '0.00000000', NULL, '0.00000000', '0.00000000', NULL, '0.00000000', '0.00000000', NULL, '0.00000000', '0.00000000', NULL, '0.00000000', '0.00000000', NULL, '0.00000000', '0.00000000', NULL, '0.00000000', '0.00000000', NULL, '0.00000000', '0.00000000', NULL, '0.00000000', '0.00000000', NULL, '0.00000000', '0.00000000', NULL, '0.00000000', '0.00000000', NULL, '0.00000000', '0.00000000', NULL, '0.00000000', '0.00000000', 'TMdMDxBhFPQod2n9CySkd3TYQpoAqUxhUw', '0.00000000', '0.00000000', NULL, '0.00000000', '0.00000000', NULL, '0.00000000', '0.00000000', NULL, '0.00000000', '0.00000000', NULL, '0.00000000', '0.00000000', NULL, '0.00000000', '0.00000000', NULL, '0.00000000', '0.00000000', NULL, '0.00000000', '0.00000000', NULL, '0.00000000', '0.00000000', NULL),
(112, 1700552924, 31, NULL, '0.00000000', '0.00000000', NULL, NULL, NULL, '0.00000000', '0.00000000', NULL, '0.00000000', '0.00000000', NULL, '0.00000000', '0.00000000', NULL, '0.00000000', '0.00000000', NULL, '0.00000000', '0.00000000', NULL, '0.00000000', '0.00000000', NULL, '0.00000000', '0.00000000', NULL, '0.00000000', '0.00000000', NULL, '0.00000000', '0.00000000', NULL, '0.00000000', '0.00000000', NULL, '0.00000000', '0.00000000', NULL, '0.00000000', '0.00000000', NULL, '0.00000000', '0.00000000', NULL, '0.00000000', '0.00000000', NULL, '0.00000000', '0.00000000', NULL, '0.00000000', '0.00000000', NULL, '0.00000000', '0.00000000', NULL, '0.00000000', '0.00000000', NULL, '0.00000000', '0.00000000', NULL, '0.00000000', '0.00000000', NULL, '0.00000000', '0.00000000', NULL, '0.00000000', '0.00000000', NULL, '0.00000000', '0.00000000', NULL, '0.00000000', '0.00000000', NULL, '0.00000000', '0.00000000', NULL, '0.00000000', '0.00000000', NULL, '0.00000000', '0.00000000', NULL, '0.00000000', '0.00000000', NULL, '0.00000000', '0.00000000', NULL, '0.00000000', '0.00000000', NULL, '0.00000000', '0.00000000', NULL, '0.00000000', '0.00000000', NULL, '0.00000000', '0.00000000', NULL, '0.00000000', '0.00000000', NULL, '0.00000000', '0.00000000', NULL, '0.00000000', '0.00000000', NULL, '0.00000000', '0.00000000', NULL, '0.00000000', '0.00000000', NULL, '0.00000000', '0.00000000', NULL, '0.00000000', '0.00000000', NULL, '0.00000000', '0.00000000', NULL, '0.00000000', '0.00000000', NULL, '0.00000000', '0.00000000', NULL, '0.00000000', '0.00000000', NULL, '0.00000000', '0.00000000', NULL, '0.00000000', '0.00000000', NULL, '0.00000000', '0.00000000', NULL, '0.00000000', '0.00000000', NULL, '0.00000000', '0.00000000', NULL),
(113, 1700552924, 32, NULL, '0.00000000', '0.00000000', NULL, NULL, NULL, '0.00000000', '0.00000000', NULL, '0.00000000', '0.00000000', NULL, '0.00000000', '0.00000000', NULL, '0.00000000', '0.00000000', NULL, '0.00000000', '0.00000000', NULL, '0.00000000', '0.00000000', NULL, '0.00000000', '0.00000000', NULL, '0.00000000', '0.00000000', NULL, '0.00000000', '0.00000000', NULL, '0.00000000', '0.00000000', NULL, '0.00000000', '0.00000000', NULL, '0.00000000', '0.00000000', NULL, '0.00000000', '0.00000000', NULL, '0.00000000', '0.00000000', NULL, '0.00000000', '0.00000000', NULL, '0.00000000', '0.00000000', NULL, '0.00000000', '0.00000000', NULL, '0.00000000', '0.00000000', NULL, '0.00000000', '0.00000000', NULL, '0.00000000', '0.00000000', NULL, '0.00000000', '0.00000000', NULL, '0.00000000', '0.00000000', NULL, '0.00000000', '0.00000000', NULL, '0.00000000', '0.00000000', NULL, '0.00000000', '0.00000000', NULL, '0.00000000', '0.00000000', NULL, '0.00000000', '0.00000000', NULL, '0.00000000', '0.00000000', NULL, '0.00000000', '0.00000000', NULL, '0.00000000', '0.00000000', NULL, '0.00000000', '0.00000000', NULL, '0.00000000', '0.00000000', NULL, '0.00000000', '0.00000000', NULL, '0.00000000', '0.00000000', NULL, '0.00000000', '0.00000000', NULL, '0.00000000', '0.00000000', NULL, '0.00000000', '0.00000000', NULL, '0.00000000', '0.00000000', NULL, '0.00000000', '0.00000000', NULL, '0.00000000', '0.00000000', NULL, '0.00000000', '0.00000000', NULL, '0.00000000', '0.00000000', NULL, '0.00000000', '0.00000000', NULL, '0.00000000', '0.00000000', NULL, '0.00000000', '0.00000000', NULL, '0.00000000', '0.00000000', NULL, '0.00000000', '0.00000000', NULL, '0.00000000', '0.00000000', NULL, '0.00000000', '0.00000000', NULL);
INSERT INTO `codono_user_coin` (`id`, `addtime`, `userid`, `evm`, `usd`, `usdd`, `krb_tag`, `xmr_tag`, `xrp_tag`, `dot`, `dotd`, `dotb`, `btc`, `btcd`, `btcb`, `eth`, `ethd`, `ethb`, `xrp`, `xrpd`, `xrpb`, `bch`, `bchd`, `bchb`, `usdt`, `usdtd`, `usdtb`, `eos`, `eosd`, `eosb`, `ltc`, `ltcd`, `ltcb`, `bsv`, `bsvd`, `bsvb`, `bnb`, `bnbd`, `bnbb`, `xlm`, `xlmd`, `xlmb`, `link`, `linkd`, `linkb`, `ada`, `adad`, `adab`, `xmr`, `xmrd`, `xmrb`, `trx`, `trxd`, `trxb`, `dash`, `dashd`, `dashb`, `etc`, `etcd`, `etcb`, `neo`, `neod`, `neob`, `atom`, `atomd`, `atomb`, `zec`, `zecd`, `zecb`, `doge`, `doged`, `dogeb`, `bat`, `batd`, `batb`, `rvn`, `rvnd`, `rvnb`, `waves`, `wavesd`, `wavesb`, `etn`, `etnd`, `etnb`, `grin`, `grind`, `grinb`, `beam`, `beamd`, `beamb`, `dft`, `dftd`, `dftb`, `eur`, `eurd`, `eurb`, `zar`, `zard`, `zarb`, `krb`, `krbd`, `krbb`, `tsf`, `tsfd`, `tsfb`, `ugx`, `ugxd`, `ugxb`, `bbt`, `bbtd`, `bbtb`, `try`, `tryd`, `tryb`, `wbtc`, `wbtcd`, `wbtcb`, `btt`, `bttd`, `bttb`, `bttold`, `bttoldd`, `bttoldb`, `tht`, `thtd`, `thtb`, `tusdt`, `tusdtd`, `tusdtb`, `busdt`, `busdtd`, `busdtb`, `arbiusdt`, `arbiusdtd`, `arbiusdtb`, `xud`, `xudd`, `xudb`, `rub`, `rubd`, `rubb`, `gnss`, `gnssd`, `gnssb`, `rota`, `rotad`, `rotab`, `tlnt`, `tlntd`, `tlntb`, `zrt`, `zrtd`, `zrtb`, `zb`, `zbd`, `zbb`) VALUES
(114, 1700552924, 33, NULL, '0.00000000', '0.00000000', NULL, NULL, NULL, '0.00000000', '0.00000000', NULL, '0.00000000', '0.00000000', NULL, '0.00000000', '0.00000000', NULL, '0.00000000', '0.00000000', NULL, '0.00000000', '0.00000000', NULL, '0.00000000', '0.00000000', NULL, '0.00000000', '0.00000000', NULL, '0.00000000', '0.00000000', NULL, '0.00000000', '0.00000000', NULL, '0.00000000', '0.00000000', NULL, '0.00000000', '0.00000000', NULL, '0.00000000', '0.00000000', NULL, '0.00000000', '0.00000000', NULL, '0.00000000', '0.00000000', NULL, '0.00000000', '0.00000000', NULL, '0.00000000', '0.00000000', NULL, '0.00000000', '0.00000000', NULL, '0.00000000', '0.00000000', NULL, '0.00000000', '0.00000000', NULL, '0.00000000', '0.00000000', NULL, '0.00000000', '0.00000000', NULL, '0.00000000', '0.00000000', NULL, '0.00000000', '0.00000000', NULL, '0.00000000', '0.00000000', NULL, '0.00000000', '0.00000000', NULL, '0.00000000', '0.00000000', NULL, '0.00000000', '0.00000000', NULL, '0.00000000', '0.00000000', NULL, '0.00000000', '0.00000000', NULL, '0.00000000', '0.00000000', NULL, '0.00000000', '0.00000000', NULL, '0.00000000', '0.00000000', NULL, '0.00000000', '0.00000000', NULL, '0.00000000', '0.00000000', NULL, '0.00000000', '0.00000000', NULL, '0.00000000', '0.00000000', NULL, '0.00000000', '0.00000000', NULL, '0.00000000', '0.00000000', NULL, '0.00000000', '0.00000000', NULL, '0.00000000', '0.00000000', NULL, '0.00000000', '0.00000000', NULL, '0.00000000', '0.00000000', NULL, '0.00000000', '0.00000000', NULL, '0.00000000', '0.00000000', NULL, '0.00000000', '0.00000000', NULL, '0.00000000', '0.00000000', NULL, '0.00000000', '0.00000000', NULL, '0.00000000', '0.00000000', NULL, '0.00000000', '0.00000000', NULL),
(115, 1700552924, 34, NULL, '0.00000000', '0.00000000', NULL, NULL, NULL, '0.00000000', '0.00000000', NULL, '0.00000000', '0.00000000', NULL, '0.00000000', '0.00000000', NULL, '0.00000000', '0.00000000', NULL, '0.00000000', '0.00000000', NULL, '0.00000000', '0.00000000', NULL, '0.00000000', '0.00000000', NULL, '0.00000000', '0.00000000', NULL, '0.00000000', '0.00000000', NULL, '0.00000000', '0.00000000', NULL, '0.00000000', '0.00000000', NULL, '0.00000000', '0.00000000', NULL, '0.00000000', '0.00000000', NULL, '0.00000000', '0.00000000', NULL, '0.00000000', '0.00000000', NULL, '0.00000000', '0.00000000', NULL, '0.00000000', '0.00000000', NULL, '0.00000000', '0.00000000', NULL, '0.00000000', '0.00000000', NULL, '0.00000000', '0.00000000', NULL, '0.00000000', '0.00000000', NULL, '0.00000000', '0.00000000', NULL, '0.00000000', '0.00000000', NULL, '0.00000000', '0.00000000', NULL, '0.00000000', '0.00000000', NULL, '0.00000000', '0.00000000', NULL, '0.00000000', '0.00000000', NULL, '0.00000000', '0.00000000', NULL, '0.00000000', '0.00000000', NULL, '0.00000000', '0.00000000', NULL, '0.00000000', '0.00000000', NULL, '0.00000000', '0.00000000', NULL, '0.00000000', '0.00000000', NULL, '0.00000000', '0.00000000', NULL, '0.00000000', '0.00000000', NULL, '0.00000000', '0.00000000', NULL, '0.00000000', '0.00000000', NULL, '0.00000000', '0.00000000', NULL, '0.00000000', '0.00000000', NULL, '0.00000000', '0.00000000', NULL, '0.00000000', '0.00000000', NULL, '0.00000000', '0.00000000', NULL, '0.00000000', '0.00000000', NULL, '0.00000000', '0.00000000', NULL, '0.00000000', '0.00000000', NULL, '0.00000000', '0.00000000', NULL, '0.00000000', '0.00000000', NULL, '0.00000000', '0.00000000', NULL, '0.00000000', '0.00000000', NULL),
(116, 1700552924, 35, NULL, '0.00000000', '0.00000000', NULL, NULL, NULL, '0.00000000', '0.00000000', NULL, '0.00000000', '0.00000000', NULL, '0.00000000', '0.00000000', NULL, '0.00000000', '0.00000000', NULL, '0.00000000', '0.00000000', NULL, '0.00000000', '0.00000000', NULL, '0.00000000', '0.00000000', NULL, '0.00000000', '0.00000000', NULL, '0.00000000', '0.00000000', NULL, '0.00000000', '0.00000000', NULL, '0.00000000', '0.00000000', NULL, '0.00000000', '0.00000000', NULL, '0.00000000', '0.00000000', NULL, '0.00000000', '0.00000000', NULL, '0.00000000', '0.00000000', NULL, '0.00000000', '0.00000000', NULL, '0.00000000', '0.00000000', NULL, '0.00000000', '0.00000000', NULL, '0.00000000', '0.00000000', NULL, '0.00000000', '0.00000000', NULL, '0.00000000', '0.00000000', NULL, '0.00000000', '0.00000000', NULL, '0.00000000', '0.00000000', NULL, '0.00000000', '0.00000000', NULL, '0.00000000', '0.00000000', NULL, '0.00000000', '0.00000000', NULL, '0.00000000', '0.00000000', NULL, '0.00000000', '0.00000000', NULL, '0.00000000', '0.00000000', NULL, '0.00000000', '0.00000000', NULL, '0.00000000', '0.00000000', NULL, '0.00000000', '0.00000000', NULL, '0.00000000', '0.00000000', NULL, '0.00000000', '0.00000000', NULL, '0.00000000', '0.00000000', NULL, '0.00000000', '0.00000000', NULL, '0.00000000', '0.00000000', NULL, '0.00000000', '0.00000000', NULL, '0.00000000', '0.00000000', NULL, '0.00000000', '0.00000000', NULL, '0.00000000', '0.00000000', NULL, '0.00000000', '0.00000000', NULL, '0.00000000', '0.00000000', NULL, '0.00000000', '0.00000000', NULL, '0.00000000', '0.00000000', NULL, '0.00000000', '0.00000000', NULL, '0.00000000', '0.00000000', NULL, '0.00000000', '0.00000000', NULL, '0.00000000', '0.00000000', NULL),
(117, 1700552924, 36, NULL, '0.00000000', '0.00000000', NULL, NULL, NULL, '0.00000000', '0.00000000', NULL, '0.00000000', '0.00000000', NULL, '0.00000000', '0.00000000', NULL, '0.00000000', '0.00000000', NULL, '0.00000000', '0.00000000', NULL, '0.00000000', '0.00000000', NULL, '0.00000000', '0.00000000', NULL, '0.00000000', '0.00000000', NULL, '0.00000000', '0.00000000', NULL, '0.00000000', '0.00000000', NULL, '0.00000000', '0.00000000', NULL, '0.00000000', '0.00000000', NULL, '0.00000000', '0.00000000', NULL, '0.00000000', '0.00000000', NULL, '0.00000000', '0.00000000', NULL, '0.00000000', '0.00000000', NULL, '0.00000000', '0.00000000', NULL, '0.00000000', '0.00000000', NULL, '0.00000000', '0.00000000', NULL, '0.00000000', '0.00000000', NULL, '0.00000000', '0.00000000', NULL, '0.00000000', '0.00000000', NULL, '0.00000000', '0.00000000', NULL, '0.00000000', '0.00000000', NULL, '0.00000000', '0.00000000', NULL, '0.00000000', '0.00000000', NULL, '0.00000000', '0.00000000', NULL, '0.00000000', '0.00000000', NULL, '0.00000000', '0.00000000', NULL, '0.00000000', '0.00000000', NULL, '0.00000000', '0.00000000', NULL, '0.00000000', '0.00000000', NULL, '0.00000000', '0.00000000', NULL, '0.00000000', '0.00000000', NULL, '0.00000000', '0.00000000', NULL, '0.00000000', '0.00000000', NULL, '0.00000000', '0.00000000', NULL, '0.00000000', '0.00000000', NULL, '0.00000000', '0.00000000', NULL, '0.00000000', '0.00000000', NULL, '0.00000000', '0.00000000', NULL, '0.00000000', '0.00000000', NULL, '0.00000000', '0.00000000', NULL, '0.00000000', '0.00000000', NULL, '0.00000000', '0.00000000', NULL, '0.00000000', '0.00000000', NULL, '0.00000000', '0.00000000', NULL, '0.00000000', '0.00000000', NULL, '0.00000000', '0.00000000', NULL),
(118, 1700552924, 37, NULL, '0.00000000', '0.00000000', NULL, NULL, NULL, '0.00000000', '0.00000000', NULL, '0.00000000', '0.00000000', NULL, '0.00000000', '0.00000000', NULL, '0.00000000', '0.00000000', NULL, '0.00000000', '0.00000000', NULL, '0.00000000', '0.00000000', NULL, '0.00000000', '0.00000000', NULL, '0.00000000', '0.00000000', NULL, '0.00000000', '0.00000000', NULL, '0.00000000', '0.00000000', NULL, '0.00000000', '0.00000000', NULL, '0.00000000', '0.00000000', NULL, '0.00000000', '0.00000000', NULL, '0.00000000', '0.00000000', NULL, '0.00000000', '0.00000000', NULL, '0.00000000', '0.00000000', NULL, '0.00000000', '0.00000000', NULL, '0.00000000', '0.00000000', NULL, '0.00000000', '0.00000000', NULL, '0.00000000', '0.00000000', NULL, '0.00000000', '0.00000000', NULL, '0.00000000', '0.00000000', NULL, '0.00000000', '0.00000000', NULL, '0.00000000', '0.00000000', NULL, '0.00000000', '0.00000000', NULL, '0.00000000', '0.00000000', NULL, '0.00000000', '0.00000000', NULL, '0.00000000', '0.00000000', NULL, '0.00000000', '0.00000000', NULL, '0.00000000', '0.00000000', NULL, '0.00000000', '0.00000000', NULL, '0.00000000', '0.00000000', NULL, '0.00000000', '0.00000000', NULL, '0.00000000', '0.00000000', NULL, '0.00000000', '0.00000000', NULL, '0.00000000', '0.00000000', NULL, '0.00000000', '0.00000000', NULL, '0.00000000', '0.00000000', NULL, '0.00000000', '0.00000000', NULL, '0.00000000', '0.00000000', NULL, '0.00000000', '0.00000000', NULL, '0.00000000', '0.00000000', NULL, '0.00000000', '0.00000000', NULL, '0.00000000', '0.00000000', NULL, '0.00000000', '0.00000000', NULL, '0.00000000', '0.00000000', NULL, '0.00000000', '0.00000000', NULL, '0.00000000', '0.00000000', NULL, '0.00000000', '0.00000000', NULL),
(119, 1700552924, 38, NULL, '649.40000000', '0.00000000', NULL, NULL, '382583843', '0.00000000', '0.00000000', NULL, '2.00000000', '0.00000000', 'f5cb2c9d1c4524007c8e629df8933dee', '0.00000000', '0.00000000', NULL, '0.00000000', '0.00000000', NULL, '0.00000000', '0.00000000', NULL, '266981.64691132', '17712.15543600', NULL, '0.00000000', '0.00000000', NULL, '0.00000000', '0.00000000', NULL, '0.00000000', '0.00000000', NULL, '0.31631936', '0.00000000', NULL, '0.00000000', '0.00000000', NULL, '0.00000000', '0.00000000', NULL, '0.00000000', '0.00000000', NULL, '0.00000000', '0.00000000', NULL, '0.00000000', '0.00000000', 'TDpKwMkBFgtT9Jdpan6AoKvLTfrsDjkcAZ', '0.00000000', '0.00000000', NULL, '0.00000000', '0.00000000', NULL, '0.00000000', '0.00000000', NULL, '0.00000000', '0.00000000', NULL, '0.00000000', '0.00000000', NULL, '0.00000000', '0.00000000', NULL, '0.00000000', '0.00000000', NULL, '0.00000000', '0.00000000', NULL, '0.00000000', '0.00000000', NULL, '309.00000000', '0.00000000', NULL, '0.00000000', '0.00000000', NULL, '0.00000000', '0.00000000', NULL, '0.00000000', '0.00000000', NULL, '0.00000000', '0.00000000', NULL, '0.00000000', '0.00000000', NULL, '0.00000000', '0.00000000', NULL, '0.00000000', '0.00000000', NULL, '0.00000000', '0.00000000', NULL, '109.11733263', '0.00000000', NULL, '0.00000000', '0.00000000', NULL, '0.00000000', '0.00000000', NULL, '0.00000000', '0.00000000', NULL, '0.00000000', '0.00000000', NULL, '0.00000000', '0.00000000', NULL, '0.00000000', '0.00000000', 'TDpKwMkBFgtT9Jdpan6AoKvLTfrsDjkcAZ', '0.00000000', '0.00000000', NULL, '0.00000000', '0.00000000', NULL, '0.00000000', '0.00000000', NULL, '0.00000000', '0.00000000', NULL, '20060.49997000', '0.00000000', NULL, '0.00000000', '0.00000000', NULL, '0.00000000', '0.00000000', NULL, '0.00000000', '0.00000000', NULL, '0.00000000', '0.00000000', NULL),
(120, 1700552924, 39, NULL, '0.00000000', '0.00000000', NULL, NULL, NULL, '0.00000000', '0.00000000', NULL, '0.00000000', '0.00000000', NULL, '0.00000000', '0.00000000', NULL, '0.00000000', '0.00000000', NULL, '0.00000000', '0.00000000', NULL, '0.00000000', '0.00000000', NULL, '0.00000000', '0.00000000', NULL, '0.00000000', '0.00000000', NULL, '0.00000000', '0.00000000', NULL, '0.00000000', '0.00000000', NULL, '0.00000000', '0.00000000', NULL, '0.00000000', '0.00000000', NULL, '0.00000000', '0.00000000', NULL, '0.00000000', '0.00000000', NULL, '0.00000000', '0.00000000', NULL, '0.00000000', '0.00000000', NULL, '0.00000000', '0.00000000', NULL, '0.00000000', '0.00000000', NULL, '0.00000000', '0.00000000', NULL, '0.00000000', '0.00000000', NULL, '0.00000000', '0.00000000', NULL, '0.00000000', '0.00000000', NULL, '0.00000000', '0.00000000', NULL, '0.00000000', '0.00000000', NULL, '0.00000000', '0.00000000', NULL, '0.00000000', '0.00000000', NULL, '0.00000000', '0.00000000', NULL, '0.00000000', '0.00000000', NULL, '0.00000000', '0.00000000', NULL, '0.00000000', '0.00000000', NULL, '0.00000000', '0.00000000', NULL, '0.00000000', '0.00000000', NULL, '0.00000000', '0.00000000', NULL, '0.00000000', '0.00000000', NULL, '0.00000000', '0.00000000', NULL, '0.00000000', '0.00000000', NULL, '0.00000000', '0.00000000', NULL, '0.00000000', '0.00000000', NULL, '0.00000000', '0.00000000', NULL, '0.00000000', '0.00000000', NULL, '0.00000000', '0.00000000', NULL, '0.00000000', '0.00000000', NULL, '0.00000000', '0.00000000', NULL, '0.00000000', '0.00000000', NULL, '0.00000000', '0.00000000', NULL, '0.00000000', '0.00000000', NULL, '0.00000000', '0.00000000', NULL, '0.00000000', '0.00000000', NULL, '0.00000000', '0.00000000', NULL),
(121, 1700552924, 49, NULL, '0.00000000', '0.00000000', NULL, NULL, NULL, '0.00000000', '0.00000000', NULL, '0.00000000', '0.00000000', NULL, '0.00000000', '0.00000000', NULL, '0.00000000', '0.00000000', NULL, '0.00000000', '0.00000000', NULL, '0.00000000', '0.00000000', NULL, '0.00000000', '0.00000000', NULL, '0.00000000', '0.00000000', NULL, '0.00000000', '0.00000000', NULL, '0.00000000', '0.00000000', NULL, '0.00000000', '0.00000000', NULL, '0.00000000', '0.00000000', NULL, '0.00000000', '0.00000000', NULL, '0.00000000', '0.00000000', NULL, '0.00000000', '0.00000000', NULL, '0.00000000', '0.00000000', NULL, '0.00000000', '0.00000000', NULL, '0.00000000', '0.00000000', NULL, '0.00000000', '0.00000000', NULL, '0.00000000', '0.00000000', NULL, '0.00000000', '0.00000000', NULL, '0.00000000', '0.00000000', NULL, '0.00000000', '0.00000000', NULL, '0.00000000', '0.00000000', NULL, '0.00000000', '0.00000000', NULL, '0.00000000', '0.00000000', NULL, '0.00000000', '0.00000000', NULL, '0.00000000', '0.00000000', NULL, '0.00000000', '0.00000000', NULL, '0.00000000', '0.00000000', NULL, '0.00000000', '0.00000000', NULL, '0.00000000', '0.00000000', NULL, '0.00000000', '0.00000000', NULL, '0.00000000', '0.00000000', NULL, '0.00000000', '0.00000000', NULL, '0.00000000', '0.00000000', NULL, '0.00000000', '0.00000000', NULL, '0.00000000', '0.00000000', NULL, '0.00000000', '0.00000000', NULL, '0.00000000', '0.00000000', NULL, '0.00000000', '0.00000000', NULL, '0.00000000', '0.00000000', NULL, '0.00000000', '0.00000000', NULL, '0.00000000', '0.00000000', NULL, '0.00000000', '0.00000000', NULL, '0.00000000', '0.00000000', NULL, '0.00000000', '0.00000000', NULL, '0.00000000', '0.00000000', NULL, '0.00000000', '0.00000000', NULL),
(122, 1700552924, 50, NULL, '0.00000000', '0.00000000', NULL, NULL, NULL, '0.00000000', '0.00000000', NULL, '6.02043588', '0.00000000', '10e8fa5fdd0555b43f261bbce8e1b9d8', '0.00000000', '0.00000000', NULL, '0.00000000', '0.00000000', NULL, '0.00000000', '0.00000000', NULL, '65264.43609630', '0.00000000', NULL, '0.00000000', '0.00000000', NULL, '0.00000000', '0.00000000', NULL, '0.00000000', '0.00000000', NULL, '0.00000000', '0.00000000', NULL, '0.00000000', '0.00000000', NULL, '0.00000000', '0.00000000', NULL, '0.00000000', '0.00000000', NULL, '0.00000000', '0.00000000', NULL, '0.00000000', '0.00000000', NULL, '0.00000000', '0.00000000', NULL, '0.00000000', '0.00000000', NULL, '0.00000000', '0.00000000', NULL, '0.00000000', '0.00000000', NULL, '0.00000000', '0.00000000', NULL, '0.00000000', '0.00000000', NULL, '0.00000000', '0.00000000', NULL, '0.00000000', '0.00000000', NULL, '0.00000000', '0.00000000', NULL, '0.00000000', '0.00000000', NULL, '0.00000000', '0.00000000', NULL, '0.00000000', '0.00000000', NULL, '0.00000000', '0.00000000', NULL, '0.00000000', '0.00000000', NULL, '0.00000000', '0.00000000', NULL, '0.00000000', '0.00000000', NULL, '0.00000000', '0.00000000', NULL, '0.00000000', '0.00000000', NULL, '0.00000000', '0.00000000', NULL, '0.00000000', '0.00000000', NULL, '0.00000000', '0.00000000', NULL, '0.00000000', '0.00000000', NULL, '0.00000000', '0.00000000', NULL, '0.00000000', '0.00000000', NULL, '0.00000000', '0.00000000', NULL, '0.00000000', '0.00000000', NULL, '0.00000000', '0.00000000', NULL, '0.00000000', '0.00000000', NULL, '0.00000000', '0.00000000', NULL, '0.00000000', '0.00000000', NULL, '3703.00000000', '0.00000000', NULL, '287313.00000000', '0.00000000', NULL, '0.00000000', '0.00000000', NULL, '0.00000000', '0.00000000', NULL),
(123, 1700552924, 62, NULL, '0.00000000', '0.00000000', NULL, NULL, NULL, '0.00000000', '0.00000000', NULL, '0.00000000', '0.00000000', NULL, '0.00000000', '0.00000000', NULL, '0.00000000', '0.00000000', NULL, '0.00000000', '0.00000000', NULL, '0.00000000', '0.00000000', NULL, '0.00000000', '0.00000000', NULL, '0.00000000', '0.00000000', NULL, '0.00000000', '0.00000000', NULL, '0.00000000', '0.00000000', NULL, '0.00000000', '0.00000000', NULL, '0.00000000', '0.00000000', NULL, '0.00000000', '0.00000000', NULL, '0.00000000', '0.00000000', NULL, '0.00000000', '0.00000000', NULL, '0.00000000', '0.00000000', NULL, '0.00000000', '0.00000000', NULL, '0.00000000', '0.00000000', NULL, '0.00000000', '0.00000000', NULL, '0.00000000', '0.00000000', NULL, '0.00000000', '0.00000000', NULL, '0.00000000', '0.00000000', NULL, '0.00000000', '0.00000000', NULL, '0.00000000', '0.00000000', NULL, '0.00000000', '0.00000000', NULL, '0.00000000', '0.00000000', NULL, '0.00000000', '0.00000000', NULL, '0.00000000', '0.00000000', NULL, '0.00000000', '0.00000000', NULL, '0.00000000', '0.00000000', NULL, '0.00000000', '0.00000000', NULL, '0.00000000', '0.00000000', NULL, '0.00000000', '0.00000000', NULL, '0.00000000', '0.00000000', NULL, '0.00000000', '0.00000000', NULL, '0.00000000', '0.00000000', NULL, '0.00000000', '0.00000000', NULL, '0.00000000', '0.00000000', NULL, '0.00000000', '0.00000000', NULL, '0.00000000', '0.00000000', NULL, '0.00000000', '0.00000000', NULL, '0.00000000', '0.00000000', NULL, '0.00000000', '0.00000000', NULL, '0.00000000', '0.00000000', NULL, '0.00000000', '0.00000000', NULL, '0.00000000', '0.00000000', NULL, '0.00000000', '0.00000000', NULL, '0.00000000', '0.00000000', NULL, '0.00000000', '0.00000000', NULL),
(124, 1700552924, 380, NULL, '0.00000000', '0.00000000', NULL, NULL, NULL, '0.00000000', '0.00000000', NULL, '0.00000000', '0.00000000', NULL, '0.00000000', '0.00000000', NULL, '0.00000000', '0.00000000', NULL, '0.00000000', '0.00000000', NULL, '0.00000000', '0.00000000', NULL, '0.00000000', '0.00000000', NULL, '0.00000000', '0.00000000', NULL, '0.00000000', '0.00000000', NULL, '0.00000000', '0.00000000', NULL, '0.00000000', '0.00000000', NULL, '0.00000000', '0.00000000', NULL, '0.00000000', '0.00000000', NULL, '0.00000000', '0.00000000', NULL, '0.00000000', '0.00000000', NULL, '0.00000000', '0.00000000', NULL, '0.00000000', '0.00000000', NULL, '0.00000000', '0.00000000', NULL, '0.00000000', '0.00000000', NULL, '0.00000000', '0.00000000', NULL, '0.00000000', '0.00000000', NULL, '0.00000000', '0.00000000', NULL, '0.00000000', '0.00000000', NULL, '0.00000000', '0.00000000', NULL, '0.00000000', '0.00000000', NULL, '0.00000000', '0.00000000', NULL, '0.00000000', '0.00000000', NULL, '0.00000000', '0.00000000', NULL, '0.00000000', '0.00000000', NULL, '0.00000000', '0.00000000', NULL, '0.00000000', '0.00000000', NULL, '0.00000000', '0.00000000', NULL, '0.00000000', '0.00000000', NULL, '0.00000000', '0.00000000', NULL, '0.00000000', '0.00000000', NULL, '0.00000000', '0.00000000', NULL, '0.00000000', '0.00000000', NULL, '0.00000000', '0.00000000', NULL, '0.00000000', '0.00000000', NULL, '0.00000000', '0.00000000', NULL, '0.00000000', '0.00000000', NULL, '0.00000000', '0.00000000', NULL, '0.00000000', '0.00000000', NULL, '0.00000000', '0.00000000', NULL, '0.00000000', '0.00000000', NULL, '0.00000000', '0.00000000', NULL, '0.00000000', '0.00000000', NULL, '0.00000000', '0.00000000', NULL, '0.00000000', '0.00000000', NULL),
(125, 1700552924, 382, NULL, '0.00000000', '0.00000000', NULL, NULL, NULL, '0.00000000', '0.00000000', NULL, '0.01000000', '0.00000000', NULL, '0.00000000', '0.00000000', NULL, '0.00000000', '0.00000000', NULL, '0.00000000', '0.00000000', NULL, '9.50000000', '0.00000000', NULL, '0.00000000', '0.00000000', NULL, '0.00000000', '0.00000000', NULL, '0.00000000', '0.00000000', NULL, '0.00000000', '0.00000000', NULL, '0.00000000', '0.00000000', NULL, '0.00000000', '0.00000000', NULL, '0.00000000', '0.00000000', NULL, '0.00000000', '0.00000000', NULL, '0.00000000', '0.00000000', NULL, '0.00000000', '0.00000000', NULL, '0.00000000', '0.00000000', NULL, '0.00000000', '0.00000000', NULL, '0.00000000', '0.00000000', NULL, '0.00000000', '0.00000000', NULL, '0.00000000', '0.00000000', NULL, '0.00000000', '0.00000000', NULL, '0.00000000', '0.00000000', NULL, '0.00000000', '0.00000000', NULL, '0.00000000', '0.00000000', NULL, '0.00000000', '0.00000000', NULL, '0.00000000', '0.00000000', NULL, '0.00000000', '0.00000000', NULL, '0.00000000', '0.00000000', NULL, '0.00000000', '0.00000000', NULL, '0.00000000', '0.00000000', NULL, '0.00000000', '0.00000000', NULL, '0.00000000', '0.00000000', NULL, '0.00000000', '0.00000000', NULL, '0.00000000', '0.00000000', NULL, '0.00000000', '0.00000000', NULL, '0.00000000', '0.00000000', NULL, '0.00000000', '0.00000000', NULL, '0.00000000', '0.00000000', NULL, '0.00000000', '0.00000000', NULL, '0.00000000', '0.00000000', NULL, '0.00000000', '0.00000000', NULL, '0.00000000', '0.00000000', NULL, '0.00000000', '0.00000000', NULL, '0.00000000', '0.00000000', NULL, '0.00000000', '0.00000000', NULL, '0.00000000', '0.00000000', NULL, '0.00000000', '0.00000000', NULL, '0.00000000', '0.00000000', NULL),
(126, 1700552924, 383, NULL, '0.00000000', '0.00000000', NULL, NULL, NULL, '0.00000000', '0.00000000', NULL, '0.00000000', '0.00000000', NULL, '0.00000000', '0.00000000', NULL, '0.00000000', '0.00000000', NULL, '0.00000000', '0.00000000', NULL, '0.00000000', '0.00000000', NULL, '0.00000000', '0.00000000', NULL, '0.00000000', '0.00000000', NULL, '0.00000000', '0.00000000', NULL, '0.00000000', '0.00000000', NULL, '0.00000000', '0.00000000', NULL, '0.00000000', '0.00000000', NULL, '0.00000000', '0.00000000', NULL, '0.00000000', '0.00000000', NULL, '0.00000000', '0.00000000', NULL, '0.00000000', '0.00000000', NULL, '0.00000000', '0.00000000', NULL, '0.00000000', '0.00000000', NULL, '0.00000000', '0.00000000', NULL, '0.00000000', '0.00000000', NULL, '0.00000000', '0.00000000', NULL, '0.00000000', '0.00000000', NULL, '0.00000000', '0.00000000', NULL, '0.00000000', '0.00000000', NULL, '0.00000000', '0.00000000', NULL, '0.00000000', '0.00000000', NULL, '0.00000000', '0.00000000', NULL, '0.00000000', '0.00000000', NULL, '0.00000000', '0.00000000', NULL, '0.00000000', '0.00000000', NULL, '0.00000000', '0.00000000', NULL, '0.00000000', '0.00000000', NULL, '0.00000000', '0.00000000', NULL, '0.00000000', '0.00000000', NULL, '0.00000000', '0.00000000', NULL, '0.00000000', '0.00000000', NULL, '0.00000000', '0.00000000', NULL, '0.00000000', '0.00000000', NULL, '0.00000000', '0.00000000', NULL, '0.00000000', '0.00000000', NULL, '0.00000000', '0.00000000', NULL, '0.00000000', '0.00000000', NULL, '0.00000000', '0.00000000', NULL, '0.00000000', '0.00000000', NULL, '0.00000000', '0.00000000', NULL, '0.00000000', '0.00000000', NULL, '0.00000000', '0.00000000', NULL, '0.00000000', '0.00000000', NULL, '0.00000000', '0.00000000', NULL),
(127, 1700552924, 384, NULL, '0.00000000', '0.00000000', NULL, NULL, NULL, '0.00000000', '0.00000000', NULL, '0.00000000', '0.00000000', NULL, '0.00000000', '0.00000000', NULL, '0.00000000', '0.00000000', NULL, '0.00000000', '0.00000000', NULL, '0.00000000', '0.00000000', NULL, '0.00000000', '0.00000000', NULL, '0.00000000', '0.00000000', NULL, '0.00000000', '0.00000000', NULL, '0.00000000', '0.00000000', NULL, '0.00000000', '0.00000000', NULL, '0.00000000', '0.00000000', NULL, '0.00000000', '0.00000000', NULL, '0.00000000', '0.00000000', NULL, '0.00000000', '0.00000000', NULL, '0.00000000', '0.00000000', NULL, '0.00000000', '0.00000000', NULL, '0.00000000', '0.00000000', NULL, '0.00000000', '0.00000000', NULL, '0.00000000', '0.00000000', NULL, '0.00000000', '0.00000000', NULL, '0.00000000', '0.00000000', NULL, '0.00000000', '0.00000000', NULL, '0.00000000', '0.00000000', NULL, '0.00000000', '0.00000000', NULL, '0.00000000', '0.00000000', NULL, '0.00000000', '0.00000000', NULL, '0.00000000', '0.00000000', NULL, '0.00000000', '0.00000000', NULL, '0.00000000', '0.00000000', NULL, '0.00000000', '0.00000000', NULL, '0.00000000', '0.00000000', NULL, '0.00000000', '0.00000000', NULL, '0.00000000', '0.00000000', NULL, '0.00000000', '0.00000000', NULL, '0.00000000', '0.00000000', NULL, '0.00000000', '0.00000000', NULL, '0.00000000', '0.00000000', NULL, '0.00000000', '0.00000000', NULL, '0.00000000', '0.00000000', NULL, '0.00000000', '0.00000000', NULL, '0.00000000', '0.00000000', NULL, '0.00000000', '0.00000000', NULL, '0.00000000', '0.00000000', NULL, '0.00000000', '0.00000000', NULL, '0.00000000', '0.00000000', NULL, '0.00000000', '0.00000000', NULL, '0.00000000', '0.00000000', NULL, '0.00000000', '0.00000000', NULL),
(128, 1700552924, 387, NULL, '0.00000000', '0.00000000', NULL, NULL, NULL, '0.00000000', '0.00000000', NULL, '0.00000000', '0.00000000', NULL, '0.00000000', '0.00000000', NULL, '0.00000000', '0.00000000', NULL, '0.00000000', '0.00000000', NULL, '0.00000000', '0.00000000', NULL, '0.00000000', '0.00000000', NULL, '0.00000000', '0.00000000', NULL, '0.00000000', '0.00000000', NULL, '0.00000000', '0.00000000', NULL, '0.00000000', '0.00000000', NULL, '0.00000000', '0.00000000', NULL, '0.00000000', '0.00000000', NULL, '0.00000000', '0.00000000', NULL, '0.00000000', '0.00000000', NULL, '0.00000000', '0.00000000', NULL, '0.00000000', '0.00000000', NULL, '0.00000000', '0.00000000', NULL, '0.00000000', '0.00000000', NULL, '0.00000000', '0.00000000', NULL, '0.00000000', '0.00000000', NULL, '0.00000000', '0.00000000', NULL, '0.00000000', '0.00000000', NULL, '0.00000000', '0.00000000', NULL, '0.00000000', '0.00000000', NULL, '0.00000000', '0.00000000', NULL, '0.00000000', '0.00000000', NULL, '0.00000000', '0.00000000', NULL, '0.00000000', '0.00000000', NULL, '0.00000000', '0.00000000', NULL, '0.00000000', '0.00000000', NULL, '0.00000000', '0.00000000', NULL, '0.00000000', '0.00000000', NULL, '0.00000000', '0.00000000', NULL, '0.00000000', '0.00000000', NULL, '0.00000000', '0.00000000', NULL, '0.00000000', '0.00000000', NULL, '0.00000000', '0.00000000', NULL, '0.00000000', '0.00000000', NULL, '0.00000000', '0.00000000', NULL, '0.00000000', '0.00000000', NULL, '0.00000000', '0.00000000', NULL, '0.00000000', '0.00000000', NULL, '0.00000000', '0.00000000', NULL, '0.00000000', '0.00000000', NULL, '0.00000000', '0.00000000', NULL, '0.00000000', '0.00000000', NULL, '0.00000000', '0.00000000', NULL, '0.00000000', '0.00000000', NULL),
(129, 1700552924, 388, NULL, '0.00000000', '0.00000000', NULL, NULL, NULL, '0.00000000', '0.00000000', NULL, '0.00000000', '0.00000000', NULL, '0.00000000', '0.00000000', NULL, '0.00000000', '0.00000000', NULL, '0.00000000', '0.00000000', NULL, '0.00000000', '0.00000000', NULL, '0.00000000', '0.00000000', NULL, '0.00000000', '0.00000000', NULL, '0.00000000', '0.00000000', NULL, '0.00000000', '0.00000000', NULL, '0.00000000', '0.00000000', NULL, '0.00000000', '0.00000000', NULL, '0.00000000', '0.00000000', NULL, '0.00000000', '0.00000000', NULL, '0.00000000', '0.00000000', NULL, '0.00000000', '0.00000000', NULL, '0.00000000', '0.00000000', NULL, '0.00000000', '0.00000000', NULL, '0.00000000', '0.00000000', NULL, '0.00000000', '0.00000000', NULL, '0.00000000', '0.00000000', NULL, '0.00000000', '0.00000000', NULL, '0.00000000', '0.00000000', NULL, '0.00000000', '0.00000000', NULL, '0.00000000', '0.00000000', NULL, '0.00000000', '0.00000000', NULL, '0.00000000', '0.00000000', NULL, '0.00000000', '0.00000000', NULL, '0.00000000', '0.00000000', NULL, '0.00000000', '0.00000000', NULL, '0.00000000', '0.00000000', NULL, '0.00000000', '0.00000000', NULL, '0.00000000', '0.00000000', NULL, '0.00000000', '0.00000000', NULL, '0.00000000', '0.00000000', NULL, '0.00000000', '0.00000000', NULL, '0.00000000', '0.00000000', NULL, '0.00000000', '0.00000000', NULL, '0.00000000', '0.00000000', NULL, '0.00000000', '0.00000000', NULL, '0.00000000', '0.00000000', NULL, '0.00000000', '0.00000000', NULL, '0.00000000', '0.00000000', NULL, '0.00000000', '0.00000000', NULL, '0.00000000', '0.00000000', NULL, '0.00000000', '0.00000000', NULL, '0.00000000', '0.00000000', NULL, '0.00000000', '0.00000000', NULL, '0.00000000', '0.00000000', NULL),
(130, NULL, NULL, NULL, '0.00000000', '0.00000000', NULL, NULL, NULL, '0.00000000', '0.00000000', NULL, '0.00000000', '0.00000000', NULL, '0.00000000', '0.00000000', NULL, '0.00000000', '0.00000000', NULL, '0.00000000', '0.00000000', NULL, '0.50000000', '0.00000000', '0', '0.00000000', '0.00000000', NULL, '0.00000000', '0.00000000', NULL, '0.00000000', '0.00000000', NULL, '0.00000000', '0.00000000', NULL, '0.00000000', '0.00000000', NULL, '0.00000000', '0.00000000', NULL, '0.00000000', '0.00000000', NULL, '0.00000000', '0.00000000', NULL, '0.00000000', '0.00000000', NULL, '0.00000000', '0.00000000', NULL, '0.00000000', '0.00000000', NULL, '0.00000000', '0.00000000', NULL, '0.00000000', '0.00000000', NULL, '0.00000000', '0.00000000', NULL, '0.00000000', '0.00000000', NULL, '0.00000000', '0.00000000', NULL, '0.00000000', '0.00000000', NULL, '0.00000000', '0.00000000', NULL, '0.00000000', '0.00000000', NULL, '0.00000000', '0.00000000', NULL, '0.00000000', '0.00000000', NULL, '0.00000000', '0.00000000', NULL, '0.00000000', '0.00000000', NULL, '0.00000000', '0.00000000', NULL, '0.00000000', '0.00000000', NULL, '0.00000000', '0.00000000', NULL, '0.00000000', '0.00000000', NULL, '0.00000000', '0.00000000', NULL, '0.00000000', '0.00000000', NULL, '0.00000000', '0.00000000', NULL, '0.00000000', '0.00000000', NULL, '0.00000000', '0.00000000', NULL, '0.00000000', '0.00000000', NULL, '0.00000000', '0.00000000', NULL, '0.00000000', '0.00000000', NULL, '0.00000000', '0.00000000', NULL, '0.00000000', '0.00000000', NULL, '0.00000000', '0.00000000', NULL, '0.00000000', '0.00000000', NULL, '0.00000000', '0.00000000', NULL, '0.00000000', '0.00000000', NULL, '0.00000000', '0.00000000', NULL, '0.00000000', '0.00000000', NULL),
(131, NULL, NULL, NULL, '0.00000000', '0.00000000', NULL, NULL, NULL, '0.00000000', '0.00000000', NULL, '0.00000000', '0.00000000', NULL, '0.00000000', '0.00000000', NULL, '0.00000000', '0.00000000', NULL, '0.00000000', '0.00000000', NULL, '0.00000000', '0.00000000', NULL, '0.00000000', '0.00000000', NULL, '0.00000000', '0.00000000', NULL, '0.00000000', '0.00000000', NULL, '0.00205000', '0.00000000', '0', '0.00000000', '0.00000000', NULL, '0.00000000', '0.00000000', NULL, '0.00000000', '0.00000000', NULL, '0.00000000', '0.00000000', NULL, '0.00000000', '0.00000000', NULL, '0.00000000', '0.00000000', NULL, '0.00000000', '0.00000000', NULL, '0.00000000', '0.00000000', NULL, '0.00000000', '0.00000000', NULL, '0.00000000', '0.00000000', NULL, '0.00000000', '0.00000000', NULL, '0.00000000', '0.00000000', NULL, '0.00000000', '0.00000000', NULL, '0.00000000', '0.00000000', NULL, '0.00000000', '0.00000000', NULL, '0.00000000', '0.00000000', NULL, '0.00000000', '0.00000000', NULL, '0.00000000', '0.00000000', NULL, '0.00000000', '0.00000000', NULL, '0.00000000', '0.00000000', NULL, '0.00000000', '0.00000000', NULL, '0.00000000', '0.00000000', NULL, '0.00000000', '0.00000000', NULL, '0.00000000', '0.00000000', NULL, '0.00000000', '0.00000000', NULL, '0.00000000', '0.00000000', NULL, '0.00000000', '0.00000000', NULL, '0.00000000', '0.00000000', NULL, '0.00000000', '0.00000000', NULL, '0.00000000', '0.00000000', NULL, '0.00000000', '0.00000000', NULL, '0.00000000', '0.00000000', NULL, '0.00000000', '0.00000000', NULL, '0.00000000', '0.00000000', NULL, '0.00000000', '0.00000000', NULL, '0.00000000', '0.00000000', NULL, '0.00000000', '0.00000000', NULL, '0.00000000', '0.00000000', NULL, '0.00000000', '0.00000000', NULL);

-- --------------------------------------------------------

--
-- Table structure for table `codono_user_goods`
--

CREATE TABLE IF NOT EXISTS `codono_user_goods` (
  `id` int(11) UNSIGNED NOT NULL AUTO_INCREMENT,
  `userid` int(11) UNSIGNED DEFAULT NULL,
  `name` varchar(200) DEFAULT NULL,
  `truename` varchar(200) DEFAULT NULL,
  `idcard` varchar(200) DEFAULT NULL,
  `cellphone` varchar(200) DEFAULT NULL,
  `addr` varchar(200) DEFAULT NULL,
  `sort` int(11) UNSIGNED DEFAULT NULL,
  `addtime` int(11) UNSIGNED DEFAULT NULL,
  `endtime` int(11) UNSIGNED DEFAULT NULL,
  `status` int(4) DEFAULT NULL,
  `prov` varchar(100) DEFAULT NULL,
  `city` varchar(100) DEFAULT NULL,
  PRIMARY KEY (`id`),
  KEY `userid` (`userid`),
  KEY `status` (`status`)
) ENGINE=InnoDB AUTO_INCREMENT=12 DEFAULT CHARSET=utf8mb3;

--
-- Dumping data for table `codono_user_goods`
--

INSERT INTO `codono_user_goods` (`id`, `userid`, `name`, `truename`, `idcard`, `cellphone`, `addr`, `sort`, `addtime`, `endtime`, `status`, `prov`, `city`) VALUES
(2, 30, 'Leave at door', 'Scott Ot', '', '0123456789', 'Some address', NULL, 1523187302, NULL, 0, 'Beijing', 'Dongcheng Area'),
(3, 30, 'My Home', 'Scott', NULL, '386485768', 'SKhk', NULL, 1523260259, NULL, 1, 'Beijing', 'Dongcheng Area'),
(4, 30, 'Office Address', 'Codono Inc', NULL, '01123456789', 'Suit #5 , Street 5 , Block 2020', NULL, 1523260882, NULL, 1, 'Beijing', 'Dongcheng Area'),
(5, 30, 'Office 2', 'Simmon Ron', NULL, '75648756874', 'Glan Street Block #5 , Apt 206, 91011', NULL, 1523261144, NULL, 1, 'Beijing', 'Dongcheng Area'),
(6, 1, 'Home', 'hhhh', NULL, '8778686886', 'kjfjhdfd6 d78fgdf d78fhh,n jhdfdg', NULL, 1524817165, NULL, 1, 'USA', 'Los angeles'),
(9, 382, 'Test', 'Hello Man', NULL, '988388', 'nfn48f40999', NULL, 1635960880, NULL, 1, 'Turkey', 'istanbul'),
(11, 38, NULL, 'Mark Shawn', NULL, '1375734574', 'Road 5, Block 2-3, La, CA, USA', NULL, NULL, NULL, NULL, NULL, 'los angeles');

-- --------------------------------------------------------

--
-- Table structure for table `codono_user_level`
--

CREATE TABLE IF NOT EXISTS `codono_user_level` (
  `id` int(11) NOT NULL AUTO_INCREMENT,
  `level_id` tinyint(2) NOT NULL,
  `name` varchar(32) DEFAULT NULL,
  `form_id` varchar(64) DEFAULT NULL,
  `group_type` tinyint(1) NOT NULL DEFAULT 0 COMMENT '0=individual,1=institution',
  `limit_from` decimal(20,8) NOT NULL DEFAULT 0.00000000,
  `limit_to` decimal(20,8) NOT NULL DEFAULT 0.00000000,
  `status` tinyint(1) NOT NULL DEFAULT 1,
  PRIMARY KEY (`id`)
) ENGINE=InnoDB AUTO_INCREMENT=6 DEFAULT CHARSET=latin1;

--
-- Dumping data for table `codono_user_level`
--

INSERT INTO `codono_user_level` (`id`, `level_id`, `name`, `form_id`, `group_type`, `limit_from`, `limit_to`, `status`) VALUES
(1, 1, 'kyc1', 'e13941a90691154e452944782e5df3a66a55', 1, '100.00000000', '15000.00000000', 1),
(2, 2, 'kyc2', '44d5ad0b05502945860bb6f4cab7f7ef7572', 1, '15000.00000000', '50000.00000000', 1),
(3, 3, 'kyc3', '18596f110eb5b7444839df90d79848746c43', 1, '50000.00000000', '150000.00000000', 1),
(4, 1, 'kyb1', '65ca91480a475549d4290b78d5d01b227c4f', 2, '100.00000000', '10000.00000000', 1),
(5, 2, 'kyb2', '993bc15c0aa9274bad3afeb052ee3df19d75', 2, '10000.00000000', '50000.00000000', 1);

-- --------------------------------------------------------

--
-- Table structure for table `codono_user_log`
--

CREATE TABLE IF NOT EXISTS `codono_user_log` (
  `id` bigint(20) UNSIGNED NOT NULL AUTO_INCREMENT,
  `userid` bigint(20) UNSIGNED DEFAULT NULL,
  `type` varchar(200) DEFAULT NULL,
  `remark` varchar(200) DEFAULT NULL,
  `addip` varchar(40) DEFAULT NULL,
  `addr` varchar(200) DEFAULT NULL,
  `sort` int(11) UNSIGNED DEFAULT NULL,
  `addtime` int(10) UNSIGNED DEFAULT NULL,
  `endtime` int(11) UNSIGNED DEFAULT NULL,
  `status` tinyint(4) DEFAULT NULL,
  PRIMARY KEY (`id`),
  KEY `userid` (`userid`),
  KEY `status` (`status`)
) ENGINE=InnoDB AUTO_INCREMENT=36 DEFAULT CHARSET=utf8mb3 COMMENT='Users record sheet';

--
-- Dumping data for table `codono_user_log`
--

INSERT INTO `codono_user_log` (`id`, `userid`, `type`, `remark`, `addip`, `addr`, `sort`, `addtime`, `endtime`, `status`) VALUES
(1, 38, 'Log In', 'Login with username', '::1', '::1', NULL, 1717401870, NULL, 1),
(2, 38, 'Log In', 'Login with username', '::1', '::1', NULL, 1717586863, NULL, 1),
(3, 38, 'Log In', 'Login with username', '::1', '::1', NULL, 1718105905, NULL, 1),
(4, 38, 'Log In', 'Login with username', '::1', '::1', NULL, 1722243866, NULL, 1),
(5, 38, 'Log In', 'Login with username', '::1', '::1', NULL, 1722408514, NULL, 1),
(6, 38, 'Log In', 'Login with username', '::1', '::1', NULL, 1722420210, NULL, 1),
(7, 38, 'Log In', 'Login with username', '::1', '::1', NULL, 1722430211, NULL, 1),
(8, 38, 'Log In', 'Login with username', '::1', '::1', NULL, 1722430876, NULL, 1),
(9, 38, 'Log In', 'Login with username', '::1', '::1', NULL, 1723444790, NULL, 1),
(10, 38, 'APP log in', 'API User Login:2024-08-12 09:45:28', '127.0.0.1', '127.0.0.1', NULL, 1723455928, NULL, 1),
(11, 38, 'APP log in', 'API Username Login', '127.0.0.1', '127.0.0.1', NULL, 1723455928, NULL, 1),
(12, 38, 'Log In', 'Login with username', '::1', '::1', NULL, 1724412810, NULL, 1),
(13, 38, 'Log In', 'Login with username', '::1', '::1', NULL, 1724671391, NULL, 1),
(14, 38, 'Log In', 'Login with username', '::1', '::1', NULL, 1724682094, NULL, 1),
(15, 38, 'Log In', 'Login with username', '::1', '::1', NULL, 1724682727, NULL, 1),
(16, 38, 'Log In', 'Login with username', '::1', '::1', NULL, 1724683249, NULL, 1),
(17, 38, 'Log In', 'Login with username', '::1', '::1', NULL, 1724683560, NULL, 1),
(18, 38, 'Log In', 'Login with username', '::1', '::1', NULL, 1724683611, NULL, 1),
(19, 38, 'Log In', 'Login with username', '::1', '::1', NULL, 1724685147, NULL, 1),
(20, 38, 'Log In', 'Login with username', '::1', '::1', NULL, 1724833880, NULL, 1),
(21, 38, 'Log In', 'Login with username', '::1', '::1', NULL, 1725455111, NULL, 1),
(22, 38, 'Log In', 'Login with username', '::1', '::1', NULL, 1725868313, NULL, 1),
(23, 38, 'Log In', 'Login with username', '::1', '::1', NULL, 1726126195, NULL, 1),
(24, 38, 'Log In', 'Login with username', '::1', '::1', NULL, 1726150245, NULL, 1),
(25, 38, 'Log In', 'Login with username', '::1', '::1', NULL, 1726292170, NULL, 1),
(26, 38, 'Log In', 'Login with username', '::1', '::1', NULL, 1726575576, NULL, 1),
(27, 38, 'Log In', 'Login with username', '::1', '::1', NULL, 1729497691, NULL, 1),
(28, 38, 'Log In', 'Login with username', '::1', '::1', NULL, 1729497738, NULL, 1),
(29, 38, 'APP log in', 'API Username Login', '::1', '::1', NULL, 1730981289, NULL, 1),
(30, 13, 'APP log in', 'API Username Login', '::1', '::1', NULL, 1730998335, NULL, 1),
(31, 38, 'APP Login', '', '::1', '::1', NULL, 1731066953, NULL, 1),
(32, 38, 'APP Login', '', '::1', '::1', NULL, 1731067389, NULL, 1),
(33, 38, 'APP Login', '', '::1', '::1', NULL, 1731068307, NULL, 1),
(34, 38, 'APP Login', '', '::1', '::1', NULL, 1731068401, NULL, 1),
(35, 13, 'APP log in', 'API Username Login', '::1', '::1', NULL, 1731087417, NULL, 1);

-- --------------------------------------------------------

--
-- Table structure for table `codono_user_logcoin`
--

CREATE TABLE IF NOT EXISTS `codono_user_logcoin` (
  `id` int(11) NOT NULL AUTO_INCREMENT,
  `adminid` int(11) NOT NULL,
  `userid` int(11) NOT NULL,
  `beforeedit` text DEFAULT NULL,
  `afteredit` text DEFAULT NULL,
  `account` tinyint(1) DEFAULT 0 COMMENT 'spot:0 p2p:1 nft:2 margin:3 staking:4 stock:5',
  `ipaddr` varchar(40) NOT NULL DEFAULT '--',
  `edittime` int(10) DEFAULT NULL,
  `status` tinyint(1) NOT NULL DEFAULT 0,
  PRIMARY KEY (`id`)
) ENGINE=InnoDB AUTO_INCREMENT=39 DEFAULT CHARSET=utf8mb3;

--
-- Dumping data for table `codono_user_logcoin`
--

INSERT INTO `codono_user_logcoin` (`id`, `adminid`, `userid`, `beforeedit`, `afteredit`, `account`, `ipaddr`, `edittime`, `status`) VALUES
(17, 1, 383, '{\"xud\":\"0.00000000\",\"id\":\"78\"}', '{\"xud\":\"10000\",\"id\":\"78\"}', 0, '0.0.0.0', 1676984070, 0),
(18, 1, 38, '{\"btc\":\"39998879.62368746\",\"id\":\"32\"}', '{\"btc\":\"300\",\"id\":\"32\"}', 0, '0.0.0.0', 1678629424, 0),
(19, 1, 38, '{\"ugx\":\"131528912.22050999\",\"id\":\"32\"}', '{\"ugx\":\"2500\",\"id\":\"32\"}', 0, '0.0.0.0', 1678629606, 0),
(20, 1, 38, '{\"btc\":\"0.00000000\",\"id\":\"32\"}', '{\"btc\":\"1\",\"id\":\"32\"}', 0, '0.0.0.0', 1679384792, 0),
(21, 1, 38, '{\"btc\":\"102.80902031\",\"eth\":\"26.40763924\",\"usdt\":\"853.71833090\",\"ltc\":\"5.73568800\",\"bnb\":\"1.15926475\",\"id\":\"32\"}', '{\"btc\":\"1\",\"eth\":\"1\",\"usdt\":\"10000\",\"ltc\":\"1\",\"bnb\":\"1\",\"id\":\"32\"}', 0, '0.0.0.0', 1680265750, 0),
(22, 1, 11, '{\"usd\":\"0.00000000\",\"id\":\"11\"}', '{\"usd\":\"1000.00000000\",\"id\":\"11\"}', 0, '0.0.0.0', 1683553112, 0),
(23, 1, 5, '{\"bbt\":\"0.00000000\",\"id\":\"5\"}', '{\"bbt\":\"123\",\"id\":\"5\"}', 0, '0.0.0.0', 1685000624, 0),
(24, 1, 38, '{\"bnb\":\"0.97256417\",\"id\":\"32\"}', '{\"bnb\":\"0.0\",\"id\":\"32\"}', 0, '0.0.0.0', 1700548165, 0),
(25, 1, 38, '{\"bnb\":\"0.00000000\",\"id\":\"101\"}', '{\"bnb\":\"1\",\"id\":\"101\"}', 0, '0.0.0.0', 1700551724, 0),
(26, 1, 38, '{\"usdt\":\"0.00000000\",\"id\":\"119\"}', '{\"usdt\":\"16\",\"id\":\"119\"}', 0, '0.0.0.0', 1700553037, 0),
(27, 1, 38, '{\"bnb\":\"0.00000000\",\"id\":\"119\"}', '{\"bnb\":\"0.1\",\"id\":\"119\"}', 0, '0.0.0.0', 1700553069, 0),
(28, 1, 38, '{\"usdt\":\"0.00000000\",\"id\":\"119\"}', '{\"usdt\":\"100\",\"id\":\"119\"}', 0, '0.0.0.0', 1700556846, 0),
(29, 1, 38, '{\"usd\":\"0.00000000\",\"id\":\"119\"}', '{\"usd\":\"2\",\"id\":\"119\"}', 0, '0.0.0.0', 1700734257, 0),
(30, 1, 38, '{\"usdt\":\"76.00000000\",\"id\":\"119\"}', '{\"usdt\":\"77.00000000\",\"id\":\"119\"}', 0, '0.0.0.0', 1700734282, 0),
(31, 1, 38, '{\"usdt\":\"0.00000000\",\"id\":\"119\"}', '{\"usdt\":\"100\",\"id\":\"119\"}', 0, '::1', 1706535768, 0),
(32, 1, 38, '{\"gnss\":\"0.00000000\",\"id\":\"119\"}', '{\"gnss\":\"20000\",\"id\":\"119\"}', 0, '::1', 1707915225, 0),
(33, 1, 38, '{\"eth\":\"0.84117181\",\"id\":\"119\"}', '{\"eth\":\"2.84117181\",\"id\":\"119\"}', 0, '::1', 1708344015, 0),
(34, 1, 50, '{\"rota\":\"0.00000000\",\"tlnt\":\"0.00000000\",\"id\":\"122\"}', '{\"rota\":\"2.2\",\"tlnt\":\"2.3\",\"id\":\"122\"}', 0, '::1', 1708937202, 0),
(35, 1, 50, '{\"rota\":\"10304.20000000\",\"tlnt\":\"287248.30000000\",\"id\":\"122\"}', '{\"rota\":\"0\",\"tlnt\":\"0\",\"id\":\"122\"}', 0, '::1', 1708937948, 0),
(36, 1, 49, '{\"usdt\":\"0.00000000\",\"id\":\"121\"}', '{\"usdt\":\"1000\",\"id\":\"121\"}', 0, '::1', 1711362316, 0),
(37, 1, 38, '{\"usd\":\"0.00000000\",\"id\":\"119\"}', '{\"usd\":\"1000\",\"id\":\"119\"}', 0, '::1', 1724661801, 0),
(38, 1, 13, '{\"usd\":\"0.00000000\",\"id\":\"101\"}', '{\"usd\":\"100\",\"id\":\"101\"}', 0, '::1', 1731051690, 0);

-- --------------------------------------------------------

--
-- Table structure for table `codono_user_shopaddr`
--

CREATE TABLE IF NOT EXISTS `codono_user_shopaddr` (
  `id` int(11) UNSIGNED NOT NULL AUTO_INCREMENT,
  `userid` int(11) UNSIGNED NOT NULL DEFAULT 0,
  `truename` varchar(200) NOT NULL DEFAULT '0',
  `cellphone` varchar(500) DEFAULT NULL,
  `name` varchar(500) DEFAULT NULL,
  `sort` int(11) UNSIGNED DEFAULT NULL,
  `addtime` int(11) UNSIGNED DEFAULT NULL,
  `endtime` int(11) UNSIGNED DEFAULT NULL,
  `status` int(4) DEFAULT NULL,
  PRIMARY KEY (`id`),
  KEY `status` (`status`),
  KEY `userid` (`userid`)
) ENGINE=InnoDB DEFAULT CHARSET=utf8mb3;

-- --------------------------------------------------------

--
-- Table structure for table `codono_user_star`
--

CREATE TABLE IF NOT EXISTS `codono_user_star` (
  `id` int(11) NOT NULL AUTO_INCREMENT,
  `userid` int(11) NOT NULL,
  `pair` varchar(20) NOT NULL,
  PRIMARY KEY (`id`)
) ENGINE=InnoDB AUTO_INCREMENT=12 DEFAULT CHARSET=utf8mb3;

--
-- Dumping data for table `codono_user_star`
--

INSERT INTO `codono_user_star` (`id`, `userid`, `pair`) VALUES
(1, 382, 'btc_usdt'),
(7, 38, 'bbt_usdt'),
(8, 38, 'ltc_try'),
(9, 38, 'eth_usdt'),
(10, 38, 'bnb_usdt');

-- --------------------------------------------------------

--
-- Table structure for table `codono_user_subscription`
--

CREATE TABLE IF NOT EXISTS `codono_user_subscription` (
  `id` int(11) NOT NULL AUTO_INCREMENT,
  `uid` int(10) NOT NULL DEFAULT 0,
  `subid` int(10) NOT NULL DEFAULT 0,
  `addtime` int(10) DEFAULT NULL,
  `endtime` int(10) DEFAULT NULL,
  `status` tinyint(1) DEFAULT 0,
  PRIMARY KEY (`id`)
) ENGINE=InnoDB AUTO_INCREMENT=5 DEFAULT CHARSET=latin1;

-- --------------------------------------------------------

--
-- Table structure for table `codono_user_wallet`
--

CREATE TABLE IF NOT EXISTS `codono_user_wallet` (
  `id` int(11) UNSIGNED NOT NULL AUTO_INCREMENT,
  `userid` int(11) UNSIGNED DEFAULT NULL,
  `coinname` varchar(200) DEFAULT NULL,
  `name` varchar(200) DEFAULT NULL,
  `addr` varchar(200) DEFAULT NULL,
  `dest_tag` varchar(200) DEFAULT NULL COMMENT 'for xrp or xmr',
  `sort` int(11) UNSIGNED DEFAULT NULL,
  `addtime` int(11) UNSIGNED DEFAULT NULL,
  `endtime` int(11) UNSIGNED DEFAULT NULL,
  `status` int(4) DEFAULT NULL,
  PRIMARY KEY (`id`),
  KEY `status` (`status`),
  KEY `userid` (`userid`),
  KEY `coinname` (`coinname`)
) ENGINE=InnoDB AUTO_INCREMENT=69 DEFAULT CHARSET=utf8mb3 COMMENT='Users wallet table';

--
-- Dumping data for table `codono_user_wallet`
--

INSERT INTO `codono_user_wallet` (`id`, `userid`, `coinname`, `name`, `addr`, `dest_tag`, `sort`, `addtime`, `endtime`, `status`) VALUES
(47, 382, 'btc', 'bin', '1CVCX8zSGmi3NDD5LjmZusQUcCUMWTEQtk', '', NULL, 1631799248, NULL, 1),
(48, 38, 'trx', 'trustlink', 'TRtmDCttcKfBQuizaZch16nRPbKiWG8jRc', '', NULL, 1640105902, NULL, 1),
(49, 38, 'tht', 'trustlink', 'TRtmDCttcKfBQuizaZch16nRPbKiWG8jRc', '', NULL, 1640152864, NULL, 1),
(50, 38, 'tusdt', 'tronlink', 'TRtmDCttcKfBQuizaZch16nRPbKiWG8jRc', '', NULL, 1640159409, NULL, 1),
(51, 38, 'usdt', 'jkjjkjk', 'TRtmDCttcKfBQuizaZch16nRPbKiWG8jRc', '', NULL, 1641288968, NULL, 1),
(52, 38, 'btc', 'btc binance', '1CVCX8zSGmi3NDD5LjmZusQUcCUMWTEQtk', '', NULL, 1641292244, NULL, 1),
(53, 38, 'xrp', 'Dont withdraw on it', 'r3kmLJN5D28dHuH8vZNUZpMC43pEHpaocV', '122434', NULL, 1641292411, NULL, 1),
(54, 39, 'xrp', 'local', 'r4r28F2rXSsHvGF3Yjouq2XBWGUhrDtpX2', '234335', NULL, 1654013930, NULL, 1),
(55, 38, 'trx', 'efc', 'TPPT4Cu3WHy7SKqM56C4EQ1xh9rgoRF3u7', '', NULL, 1658752044, NULL, 1),
(56, 38, 'trx', 'efcgood', 'TBHajSJHg9DTPPeAkdjVst75TGPY3M8mj5', '', NULL, 1658752218, NULL, 1),
(57, 38, 'trx', 'efcfinal', 'TECJkNfMqacZhS6ksUWo8XkTTx9ioYaJWA', '', NULL, 1658752991, NULL, 1),
(58, 38, 'dot', 'randomwestend', '5GaFTgkCF1vhXvTr3vhty75uTdobLU8ARMktT3TuR141WVHJ', '', NULL, 1664200749, NULL, 1),
(59, 383, 'usdt', 'USDT', '0x0711f7c5759Ff8F8e69b1c3113479Cd03a5936FB', '', NULL, 1676970884, NULL, 1),
(60, 383, 'arbiusdt', 'arbi goe', '0x0711f7c5759Ff8F8e69b1c3113479Cd03a5936FB', '', NULL, 1676978607, NULL, 1),
(61, 383, 'bnb', 'bg', '0x0711f7c5759Ff8F8e69b1c3113479Cd03a5936FB', '', NULL, 1676980280, NULL, 1),
(62, 383, 'xud', 'xud bg', '0x0711f7c5759Ff8F8e69b1c3113479Cd03a5936FB', '', NULL, 1676983941, NULL, 1),
(63, 38, 'btc', 'bin2', '1CV', 'no', NULL, 1678774673, NULL, 1),
(64, 38, 'eth', 'binance', '0xeb324ef91e6f2aa1cd2e09a6232e3cf0b7080882', '', NULL, 1679757442, NULL, 1),
(65, 38, 'btc', 'hh', '983j4j8fg3fiuf4n3i', '', NULL, 1696325605, NULL, 1),
(66, 38, 'dot', 'bin-dot', '0xeb324ef91e6f2aa1cd2e09a6232e3cf0b7080882', '', NULL, 1701937342, NULL, 1),
(67, 38, 'bnb', 'binance bnb', '0xeb324ef91e6f2aa1cd2e09a6232e3cf0b7080882', '', NULL, 1706895590, NULL, 1),
(68, 14, 'tusdt', 'trx', 'TGBCUF4B3ppD5zNymmXEHgFMWuStr2tTzt', '', NULL, 1726478226, NULL, 1);

-- --------------------------------------------------------

--
-- Table structure for table `codono_verify`
--

CREATE TABLE IF NOT EXISTS `codono_verify` (
  `id` int(10) NOT NULL AUTO_INCREMENT COMMENT 'index',
  `uid` int(11) NOT NULL DEFAULT 0,
  `email` varchar(100) DEFAULT NULL COMMENT 'email',
  `code` varchar(16) DEFAULT NULL COMMENT 'verification code',
  `createdon` timestamp NULL DEFAULT NULL COMMENT 'when',
  `attempts` tinyint(2) NOT NULL DEFAULT 0 COMMENT 'number of attempts',
  PRIMARY KEY (`id`),
  UNIQUE KEY `id` (`id`)
) ENGINE=InnoDB AUTO_INCREMENT=26 DEFAULT CHARSET=utf8mb3;

--
-- Dumping data for table `codono_verify`
--

INSERT INTO `codono_verify` (`id`, `uid`, `email`, `code`, `createdon`, `attempts`) VALUES
(1, 0, 'wroupon@gmail.com', '373840', NULL, 0),
(2, 0, 'wroupon@gmail.com', '632528', NULL, 0),
(3, 0, 'wroupon@gmail.com', '729962', NULL, 0),
(4, 0, 'wroupon@gmail.com', '303850', NULL, 1),
(5, 38, 'not-applicable', 'H2ZLWNAEDMKVSM4X', NULL, 4),
(6, 38, 'not-applicable', '7WKCK4RIJOY7YRB2', NULL, 1),
(7, 0, 'amber@codono.com', '989970', NULL, 0),
(8, 0, 'amber@codono.com', '791882', NULL, 0),
(9, 13, 'not-applicable', 'UC4K3TU56OAZCASN', NULL, 0),
(10, 13, 'not-applicable', 'BIWO7HWMGKNPN4QW', NULL, 0),
(11, 13, 'not-applicable', 'XLIJPVPDGC227NSO', NULL, 0),
(12, 13, 'not-applicable', 'RTYMOZ7ELSTMHII4', NULL, 0),
(13, 13, 'not-applicable', 'D3CHARDEGO54XD67', NULL, 0),
(14, 13, 'not-applicable', 'ED22FMWOWLJMJZ6U', NULL, 0),
(15, 13, 'not-applicable', '7E3H74MJTSLKKPBI', NULL, 0),
(16, 13, 'not-applicable', 'GE5PB4CL3IGEACKH', NULL, 0),
(17, 13, 'not-applicable', 'BWYVL4J2TFLVYKGR', NULL, 0),
(18, 13, 'not-applicable', 'LBTHG743MGO233NB', NULL, 0),
(19, 13, 'not-applicable', 'FJR7NZGXID5SFIGZ', NULL, 0),
(20, 13, 'not-applicable', 'CGGLOV2KKXVYEYFB', NULL, 0),
(21, 13, 'not-applicable', '3PWXIXQCGNI2V5H7', NULL, 0),
(22, 13, 'not-applicable', 'GCJ24F62JV6UKTQ2', NULL, 0),
(23, 13, 'not-applicable', '2L7V37DLKL6YTLXH', NULL, 0),
(24, 13, 'not-applicable', 'RYFPUKNGQ6AT5U5F', NULL, 0),
(25, 13, 'not-applicable', '3TNO6BTCQM47FYIO', NULL, 0);

-- --------------------------------------------------------

--
-- Table structure for table `codono_version`
--

CREATE TABLE IF NOT EXISTS `codono_version` (
  `name` varchar(50) NOT NULL COMMENT 'Version number',
  `number` int(11) NOT NULL COMMENT 'Serial number, date generally designated by numeral',
  `title` varchar(50) NOT NULL COMMENT 'Version name',
  `create_time` int(11) NOT NULL COMMENT 'release time',
  `update_time` int(11) NOT NULL COMMENT 'Update of time',
  `log` text NOT NULL COMMENT 'Update Log',
  `url` varchar(150) NOT NULL COMMENT 'Link to a remote article',
  `is_current` tinyint(4) DEFAULT NULL,
  `status` tinyint(4) DEFAULT NULL,
  PRIMARY KEY (`name`),
  KEY `id` (`number`)
) ENGINE=InnoDB DEFAULT CHARSET=utf8mb3 COMMENT='Automatic Updates table' ROW_FORMAT=DYNAMIC;

-- --------------------------------------------------------

--
-- Table structure for table `codono_version_game`
--

CREATE TABLE IF NOT EXISTS `codono_version_game` (
  `id` int(11) UNSIGNED NOT NULL AUTO_INCREMENT COMMENT 'ID AUTO INC',
  `gongsi` varchar(200) COLLATE utf8mb3_unicode_ci NOT NULL COMMENT 'name',
  `shuoming` varchar(200) COLLATE utf8mb3_unicode_ci NOT NULL COMMENT 'name',
  `class` varchar(200) COLLATE utf8mb3_unicode_ci NOT NULL COMMENT 'name',
  `name` varchar(50) COLLATE utf8mb3_unicode_ci DEFAULT NULL,
  `title` varchar(50) COLLATE utf8mb3_unicode_ci DEFAULT NULL,
  `status` tinyint(4) DEFAULT NULL,
  PRIMARY KEY (`id`),
  KEY `number` (`name`)
) ENGINE=InnoDB AUTO_INCREMENT=2 DEFAULT CHARSET=utf8mb3 COLLATE=utf8mb3_unicode_ci COMMENT='Application management table' ROW_FORMAT=DYNAMIC;

--
-- Dumping data for table `codono_version_game`
--

INSERT INTO `codono_version_game` (`id`, `gongsi`, `shuoming`, `class`, `name`, `title`, `status`) VALUES
(1, 'CODONOV2', 'online store', 'shop', 'shop', 'online store', 1);

-- --------------------------------------------------------

--
-- Table structure for table `codono_vote`
--

CREATE TABLE IF NOT EXISTS `codono_vote` (
  `id` int(11) UNSIGNED NOT NULL AUTO_INCREMENT,
  `userid` int(11) UNSIGNED DEFAULT NULL,
  `coinname` varchar(50) DEFAULT NULL,
  `title` varchar(50) DEFAULT NULL,
  `type` int(20) UNSIGNED DEFAULT NULL,
  `sort` int(11) UNSIGNED DEFAULT NULL,
  `addtime` int(11) UNSIGNED DEFAULT NULL,
  `endtime` int(11) UNSIGNED DEFAULT NULL,
  `status` int(4) UNSIGNED DEFAULT NULL,
  PRIMARY KEY (`id`),
  KEY `type` (`type`),
  KEY `status` (`status`)
) ENGINE=InnoDB AUTO_INCREMENT=25 DEFAULT CHARSET=utf8mb3 ROW_FORMAT=DYNAMIC;

--
-- Dumping data for table `codono_vote`
--

INSERT INTO `codono_vote` (`id`, `userid`, `coinname`, `title`, `type`, `sort`, `addtime`, `endtime`, `status`) VALUES
(1, 30, 'Recox', 'Recox', 1, NULL, 1523273210, NULL, 1),
(2, 30, 'Recox', 'Recox', 1, NULL, 1523273215, NULL, 1),
(3, 30, 'Recox', 'Recox', 1, NULL, 1523273365, NULL, 1),
(4, 30, 'Recox', 'Recox', 1, NULL, 1523274858, NULL, 1),
(5, 30, 'Recox', 'Recox', 1, NULL, 1523275144, NULL, 1),
(6, 30, 'Recox', 'Recox', 1, NULL, 1523275159, NULL, 1),
(7, 1, 'NEO', 'NEO', 1, NULL, 1526045968, NULL, 1),
(8, 1, 'XMR', 'Monero', 1, NULL, 1526045975, NULL, 1),
(9, 1, 'PART', 'Particl', 2, NULL, 1526046294, NULL, 1),
(10, 1, 'IOTA', 'IOTA', 1, NULL, 1526046817, NULL, 1),
(11, 1, 'IOTA', 'IOTA', 1, NULL, 1526046825, NULL, 1),
(12, 1, 'NXT', 'nxt', 1, NULL, 1526046845, NULL, 1),
(13, 38, 'NEO', 'NEO', 1, NULL, 1569841024, NULL, 1),
(14, 38, 'Recox', 'Recox', 1, NULL, 1569841033, NULL, 1),
(15, 38, 'doge', NULL, 1, NULL, 1569841042, NULL, 1),
(16, 38, 'PART', 'Particl', 1, NULL, 1598691487, NULL, 1),
(17, 38, 'neo', 'NEO', 1, NULL, 1614370526, NULL, 1),
(18, 38, 'neo', 'NEO', 1, NULL, 1614370553, NULL, 1),
(19, 38, 'Recox', 'Recox', 1, NULL, 1620376085, NULL, 1),
(20, 38, 'XMR', 'Monero', 1, NULL, 1666266512, NULL, 1),
(21, 38, 'XMR', 'Monero', 2, NULL, 1687430811, NULL, 1),
(22, 38, 'neo', 'NEO', 1, NULL, 1687430816, NULL, 1),
(23, 38, 'XMR', 'Monero', 1, NULL, 1689180457, NULL, 1),
(24, 38, 'PART', 'Particl', 1, NULL, 1705665212, NULL, 1);

-- --------------------------------------------------------

--
-- Table structure for table `codono_vote_type`
--

CREATE TABLE IF NOT EXISTS `codono_vote_type` (
  `id` int(11) UNSIGNED NOT NULL AUTO_INCREMENT COMMENT 'ID AUTO INC',
  `coinname` varchar(255) NOT NULL DEFAULT '',
  `title` varchar(255) DEFAULT NULL,
  `status` tinyint(4) NOT NULL COMMENT 'status',
  `img` varchar(255) DEFAULT NULL,
  `zhichi` bigint(20) UNSIGNED DEFAULT 0,
  `fandui` bigint(20) UNSIGNED DEFAULT 0,
  `zongji` bigint(20) UNSIGNED DEFAULT 0,
  `bili` float DEFAULT 0,
  `votecoin` varchar(50) DEFAULT NULL,
  `assumnum` text DEFAULT NULL,
  PRIMARY KEY (`id`)
) ENGINE=InnoDB AUTO_INCREMENT=7 DEFAULT CHARSET=utf8mb3 ROW_FORMAT=DYNAMIC;

--
-- Dumping data for table `codono_vote_type`
--

INSERT INTO `codono_vote_type` (`id`, `coinname`, `title`, `status`, `img`, `zhichi`, `fandui`, `zongji`, `bili`, `votecoin`, `assumnum`) VALUES
(1, 'Recox', 'Recox', 1, '/Upload/vote/5acb63f40afc8.jpg', 20, 2, 0, 1, 'xrp', '1'),
(2, 'NXT', 'nxt', 1, '/Upload/vote/5acb66eb0bb80.png', 0, 0, 0, 0, 'usd', '1'),
(3, 'IOTA', 'IOTA', 1, '/Upload/vote/5acb670765130.png', 0, 0, 0, 0, 'usd', '2'),
(4, 'XMR', 'Monero', 1, '/Upload/vote/5acb6746e5bc8.png', 0, 0, 0, 0, 'usd', '1'),
(5, 'neo', 'NEO', 1, '/Upload/vote/5acb678e6c660.png', 0, 0, 0, 0, 'usd', '1'),
(6, 'PART', 'Particl', 1, '/Upload/vote/5acb67be1ccf0.png', 0, 0, 0, 0, 'usd', '10');

-- --------------------------------------------------------

--
-- Table structure for table `codono_wallet_coin`
--

CREATE TABLE IF NOT EXISTS `codono_wallet_coin` (
  `id` int(11) NOT NULL AUTO_INCREMENT,
  `name` varchar(30) DEFAULT NULL,
  `coin` varchar(30) DEFAULT NULL,
  `fee_coin` varchar(30) DEFAULT NULL,
  `out_fee` decimal(20,8) NOT NULL DEFAULT 0.00000000,
  PRIMARY KEY (`id`),
  UNIQUE KEY `unique_name_coin` (`name`,`coin`)
) ENGINE=InnoDB DEFAULT CHARSET=latin1;

-- --------------------------------------------------------

--
-- Table structure for table `codono_wallet_fees`
--

CREATE TABLE IF NOT EXISTS `codono_wallet_fees` (
  `id` int(11) NOT NULL AUTO_INCREMENT,
  `type` int(11) NOT NULL,
  `name` varchar(30) DEFAULT NULL,
  `in_let` tinyint(1) NOT NULL DEFAULT 1,
  `out_let` tinyint(1) NOT NULL DEFAULT 1,
  `wallet_enable` tinyint(1) NOT NULL DEFAULT 1,
  `out_fee` tinyint(1) NOT NULL DEFAULT 0,
  PRIMARY KEY (`id`),
  UNIQUE KEY `unique_type` (`type`)
) ENGINE=InnoDB AUTO_INCREMENT=18 DEFAULT CHARSET=latin1;

--
-- Dumping data for table `codono_wallet_fees`
--

INSERT INTO `codono_wallet_fees` (`id`, `type`, `name`, `in_let`, `out_let`, `wallet_enable`, `out_fee`) VALUES
(14, 0, 'spot', 1, 1, 1, 0),
(15, 4, 'staking', 1, 1, 1, 0),
(16, 5, 'stock', 1, 1, 1, 0),
(17, 1, 'p2p', 1, 1, 1, 0);

-- --------------------------------------------------------

--
-- Table structure for table `codono_wallet_income`
--

CREATE TABLE IF NOT EXISTS `codono_wallet_income` (
  `id` int(11) NOT NULL AUTO_INCREMENT,
  `userid` int(11) NOT NULL DEFAULT 0,
  `tid` int(11) NOT NULL DEFAULT 0,
  `amount` decimal(20,8) NOT NULL DEFAULT 0.00000000,
  `coin` varchar(20) DEFAULT NULL,
  `module` varchar(30) NOT NULL DEFAULT 'transfer',
  `addtime` int(11) DEFAULT NULL,
  `status` tinyint(1) NOT NULL DEFAULT 1,
  PRIMARY KEY (`id`)
) ENGINE=InnoDB AUTO_INCREMENT=13 DEFAULT CHARSET=latin1 COMMENT='Site income using wallet transfer';
